000
CXUS56 KHNX 011146
CF6FAT
PRELIMINARY LOCAL CLIMATOLOGICAL DATA (WS FORM: F-6)
STATION: FRESNO CA
MONTH: MAY
YEAR: 2020
LATITUDE: 36 46 N
LONGITUDE: 119 43 W
TEMPERATURE IN F: :PCPN: SNOW: WIND :SUNSHINE: SKY :PK WND
================================================================================
1 2 3 4 5 6A 6B 7 8 9 10 11 12 13 14 15 16 17 18
12Z AVG MX 2MIN
DY MAX MIN AVG DEP HDD CDD WTR SNW DPTH SPD SPD DIR MIN PSBL S-S WX SPD DR
================================================================================
1 83 55 69 3 0 4 0.00 0.0 0 11.4 20 310 M M 5 26 310
2 84 55 70 3 0 5 0.00 0.0 0 12.1 22 320 M M 4 28 320
3 81 57 69 2 0 4 0.00 0.0 0 11.4 18 310 M M 3 23 330
4 85 52 69 2 0 4 0.00 0.0 0 6.0 16 300 M M 1 21 270
5 89 57 73 5 0 8 0.00 0.0 0 8.7 21 320 M M 3 28 320
6 85 57 71 3 0 6 0.00 0.0 0 11.0 18 300 M M 7 8 24 290
7 91 58 75 7 0 10 0.00 0.0 0 4.7 12 310 M M 6 14 150
8 96 62 79 11 0 14 0.00 0.0 0 5.1 10 310 M M 7 8 13 320
9 99 65 82 13 0 17 0.00 0.0 0 6.6 13 310 M M 5 16 140
10 93 63 78 9 0 13 0.00 0.0 0 7.0 21 300 M M 5 25 300
11 86 59 73 4 0 8 0.00 0.0 0 6.3 18 310 M M 5 25 310
12 79 58 69 0 0 4 0.00 0.0 0 9.4 23 310 M M 4 32 320
13 78 54 66 -4 0 1 0.00 0.0 0 10.6 22 310 M M 4 26 310
14 79 57 68 -2 0 3 0.00 0.0 0 14.6 23 310 M M 4 30 320
15 81 57 69 -1 0 4 0.00 0.0 0 11.7 21 310 M M 4 26 310
16 87 58 73 3 0 8 0.00 0.0 0 6.8 17 310 M M 7 20 310
17 86 61 74 4 0 9 0.01 0.0 0 7.6 22 220 M M 7 30 210
18 73 56 65 -6 0 0 0.11 0.0 0 9.1 21 300 M M 7 13 24 320
19 71 51 61 -10 4 0 T 0.0 0 8.2 16 300 M M 6 8 23 280
20 78 54 66 -5 0 1 0.00 0.0 0 7.7 16 310 M M 2 19 300
21 85 57 71 0 0 6 0.00 0.0 0 6.9 14 320 M M 2 17 310
22 83 61 72 0 0 7 0.00 0.0 0 11.8 21 310 M M 5 8 27 300
23 84 55 70 -2 0 5 0.00 0.0 0 5.7 14 300 M M 2 8 16 320
24 90 60 75 3 0 10 0.00 0.0 0 5.8 15 290 M M 3 17 280
25 98 67 83 11 0 18 0.00 0.0 0 4.8 10 300 M M 0 15 300
26 102 72 87 15 0 22 0.00 0.0 0 4.8 12 310 M M 1 14 150
27 105 74 90 17 0 25 0.00 0.0 0 7.3 16 300 M M 2 8 19 300
28 106 71 89 16 0 24 0.00 0.0 0 7.6 17 310 M M 1 21 310
29 95 72 84 11 0 19 0.00 0.0 0 5.7 15 200 M M 6 20 210
30 83 62 73 0 0 8 0.00 0.0 0 10.1 16 220 M M 6 21 190
31 81 60 71 -3 0 6 0.00 0.0 0 5.9 13 280 M M 8 15 280
================================================================================
SM 2696 1857 4 273 0.12 0.0 252.4 M 132
================================================================================
AV 87.0 59.9 8.1 FASTST M M 4 MAX(MPH)
MISC ----> # 23 310 # 32 320
================================================================================
NOTES:
# LAST OF SEVERAL OCCURRENCES
COLUMN 17 PEAK WIND IN M.P.H.
PRELIMINARY LOCAL CLIMATOLOGICAL DATA (WS FORM: F-6) , PAGE 2
STATION: FRESNO CA
MONTH: MAY
YEAR: 2020
LATITUDE: 36 46 N
LONGITUDE: 119 43 W
[TEMPERATURE DATA] [PRECIPITATION DATA] SYMBOLS USED IN COLUMN 16
AVERAGE MONTHLY: 73.4 TOTAL FOR MONTH: 0.12 1 = FOG OR MIST
DPTR FM NORMAL: 3.3 DPTR FM NORMAL: -0.31 2 = FOG REDUCING VISIBILITY
HIGHEST: 106 ON 28 GRTST 24HR 0.11 ON 18-18 TO 1/4 MILE OR LESS
LOWEST: 51 ON 19 3 = THUNDER
SNOW, ICE PELLETS, HAIL 4 = ICE PELLETS
TOTAL MONTH: 0.0 INCH 5 = HAIL
GRTST 24HR 0.0 6 = FREEZING RAIN OR DRIZZLE
GRTST DEPTH: 0 7 = DUSTSTORM OR SANDSTORM:
VSBY 1/2 MILE OR LESS
8 = SMOKE OR HAZE
[NO. OF DAYS WITH] [WEATHER - DAYS WITH] 9 = BLOWING SNOW
X = TORNADO
MAX 32 OR BELOW: 0 0.01 INCH OR MORE: 2
MAX 90 OR ABOVE: 10 0.10 INCH OR MORE: 1
MIN 32 OR BELOW: 0 0.50 INCH OR MORE: 0
MIN 0 OR BELOW: 0 1.00 INCH OR MORE: 0
[HDD (BASE 65) ]
TOTAL THIS MO. 4 CLEAR (SCALE 0-3) 11
DPTR FM NORMAL -26 PTCLDY (SCALE 4-7) 20
TOTAL FM JUL 1 1831 CLOUDY (SCALE 8-10) 0
DPTR FM NORMAL -512
[CDD (BASE 65) ]
TOTAL THIS MO. 273
DPTR FM NORMAL 83 [PRESSURE DATA]
TOTAL FM JAN 1 369 HIGHEST SLP 30.15 ON 4
DPTR FM NORMAL 128 LOWEST SLP 29.72 ON 29
[REMARKS]
#FINAL-05-20#