000
CXUS56 KHNX 011146
CF6FAT
PRELIMINARY LOCAL CLIMATOLOGICAL DATA (WS FORM: F-6)
STATION: FRESNO CA
MONTH: MARCH
YEAR: 2020
LATITUDE: 36 46 N
LONGITUDE: 119 43 W
TEMPERATURE IN F: :PCPN: SNOW: WIND :SUNSHINE: SKY :PK WND
================================================================================
1 2 3 4 5 6A 6B 7 8 9 10 11 12 13 14 15 16 17 18
12Z AVG MX 2MIN
DY MAX MIN AVG DEP HDD CDD WTR SNW DPTH SPD SPD DIR MIN PSBL S-S WX SPD DR
================================================================================
1 61 45 53 -1 12 0 0.00 0.0 0 8.2 18 300 M M 8 24 320
2 65 38 52 -3 13 0 0.00 0.0 0 3.0 10 320 M M 1 14 340
3 73 44 59 4 6 0 0.00 0.0 0 3.7 8 70 M M 0 10 90
4 79 46 63 8 2 0 0.00 0.0 0 2.5 7 240 M M 6 11 280
5 82 50 66 11 0 1 0.00 0.0 0 2.7 8 130 M M 6 10 120
6 81 49 65 10 0 0 0.00 0.0 0 6.0 16 300 M M 7 18 20 300
7 61 49 55 -1 10 0 0.00 0.0 0 6.0 14 330 M M 7 18 310
8 64 45 55 -1 10 0 0.00 0.0 0 5.3 9 170 M M 7 18 12 140
9 69 48 59 3 6 0 0.00 0.0 0 3.9 9 320 M M 8 11 320
10 70 50 60 4 5 0 0.11 0.0 0 5.1 22 220 M M 9 26 210
11 73 54 64 8 1 0 0.05 0.0 0 3.7 12 310 M M 7 1 15 280
12 74 50 62 6 3 0 0.00 0.0 0 4.3 10 140 M M 4 13 170
13 73 53 63 7 2 0 T 0.0 0 11.9 21 140 M M 5 25 150
14 66 54 60 4 5 0 T 0.0 0 12.6 23 150 M M 9 27 150
15 64 51 58 2 7 0 0.04 0.0 0 12.3 22 180 M M 8 30 180
16 55 42 49 -8 16 0 0.97 0.0 0 8.6 21 300 M M 9 1 26 310
17 57 40 49 -8 16 0 0.00 0.0 0 5.1 14 330 M M 6 1 17 320
18 60 39 50 -7 15 0 0.00 0.0 0 5.8 13 320 M M 5 16 320
19 58 46 52 -5 13 0 0.22 0.0 0 4.9 14 150 M M 7 1 16 120
20 64 43 54 -3 11 0 0.00 0.0 0 4.0 9 200 M M 3 14 190
21 64 51 58 1 7 0 0.05 0.0 0 7.2 14 240 M M 9 1 17 230
22 70 50 60 3 5 0 0.28 0.0 0 4.7 20 180 M M 8 1 24 170
23 66 52 59 1 6 0 0.25 0.0 0 6.7 15 300 M M 9 1 17 290
24 59 50 55 -3 10 0 0.03 0.0 0 7.1 15 350 M M 9 19 340
25 57 46 52 -6 13 0 0.27 0.0 0 6.1 22 280 M M 9 1 28 270
26 59 42 51 -7 14 0 T 0.0 0 5.8 16 310 M M 6 17 320
27 62 40 51 -7 14 0 0.00 0.0 0 4.6 13 320 M M 5 16 310
28 63 43 53 -5 12 0 T 0.0 0 5.6 13 320 M M 7 15 320
29 64 50 57 -1 8 0 0.05 0.0 0 4.0 12 320 M M 6 1 14 300
30 70 46 58 0 7 0 0.00 0.0 0 4.5 10 320 M M 2 13 310
31 74 48 61 3 4 0 0.00 0.0 0 7.0 16 320 M M 2 23 310
================================================================================
SM 2057 1454 253 1 2.32 0.0 182.9 M 194
================================================================================
AV 66.4 46.9 5.9 FASTST M M 6 MAX(MPH)
MISC ----> # 23 150 # 30 180
================================================================================
NOTES:
# LAST OF SEVERAL OCCURRENCES
COLUMN 17 PEAK WIND IN M.P.H.
PRELIMINARY LOCAL CLIMATOLOGICAL DATA (WS FORM: F-6) , PAGE 2
STATION: FRESNO CA
MONTH: MARCH
YEAR: 2020
LATITUDE: 36 46 N
LONGITUDE: 119 43 W
[TEMPERATURE DATA] [PRECIPITATION DATA] SYMBOLS USED IN COLUMN 16
AVERAGE MONTHLY: 56.6 TOTAL FOR MONTH: 2.32 1 = FOG OR MIST
DPTR FM NORMAL: 0.0 DPTR FM NORMAL: 0.29 2 = FOG REDUCING VISIBILITY
HIGHEST: 82 ON 5 GRTST 24HR 0.97 ON 16-16 TO 1/4 MILE OR LESS
LOWEST: 38 ON 2 3 = THUNDER
SNOW, ICE PELLETS, HAIL 4 = ICE PELLETS
TOTAL MONTH: 0.0 INCH 5 = HAIL
GRTST 24HR 0.0 6 = FREEZING RAIN OR DRIZZLE
GRTST DEPTH: 0 7 = DUSTSTORM OR SANDSTORM:
VSBY 1/2 MILE OR LESS
8 = SMOKE OR HAZE
[NO. OF DAYS WITH] [WEATHER - DAYS WITH] 9 = BLOWING SNOW
X = TORNADO
MAX 32 OR BELOW: 0 0.01 INCH OR MORE: 11
MAX 90 OR ABOVE: 0 0.10 INCH OR MORE: 6
MIN 32 OR BELOW: 0 0.50 INCH OR MORE: 1
MIN 0 OR BELOW: 0 1.00 INCH OR MORE: 0
[HDD (BASE 65) ]
TOTAL THIS MO. 253 CLEAR (SCALE 0-3) 4
DPTR FM NORMAL -12 PTCLDY (SCALE 4-7) 20
TOTAL FM JUL 1 1716 CLOUDY (SCALE 8-10) 7
DPTR FM NORMAL -461
[CDD (BASE 65) ]
TOTAL THIS MO. 1
DPTR FM NORMAL -4 [PRESSURE DATA]
TOTAL FM JAN 1 3 HIGHEST SLP 30.31 ON 30
DPTR FM NORMAL -2 LOWEST SLP 29.67 ON 13
[REMARKS]
#FINAL-03-20#