000
CXUS56 KHNX 011456
CF6FAT
PRELIMINARY LOCAL CLIMATOLOGICAL DATA (WS FORM: F-6)
STATION: FRESNO CA
MONTH: OCTOBER
YEAR: 2023
LATITUDE: 36 46 N
LONGITUDE: 119 43 W
TEMPERATURE IN F: :PCPN: SNOW: WIND :SUNSHINE: SKY :PK WND
================================================================================
1 2 3 4 5 6A 6B 7 8 9 10 11 12 13 14 15 16 17 18
12Z AVG MX 2MIN
DY MAX MIN AVG DEP HDD CDD WTR SNW DPTH SPD SPD DIR MIN PSBL S-S WX SPD DR
================================================================================
1 74 55 65 -7 0 0 0.00 0.0 0 4.4 10 260 M M 7 15 330
2 79 62 71 -1 0 6 0.00 0.0 0 3.9 13 310 M M 6 17 310
3 83 60 72 0 0 7 0.00 0.0 0 3.2 12 130 M M 2 18 130
4 89 61 75 4 0 10 0.00 0.0 0 3.7 10 300 M M 1 17 250
5 93 63 78 7 0 13 0.00 0.0 0 2.5 9 160 M M 0 8 12 250
6 94 64 79 9 0 14 0.00 0.0 0 3.0 12 140 M M 1 13 120
7 97 66 82 12 0 17 0.00 0.0 0 3.2 9 170 M M 1 13 200
8 98 66 82 12 0 17 0.00 0.0 0 3.5 10 300 M M 2 8 13 150
9 84 62 73 4 0 8 0.00 0.0 0 7.3 18 300 M M 5 24 290
10 80 57 69 0 0 4 0.00 0.0 0 8.3 18 310 M M 5 18 27 310
11 75 58 67 -2 0 2 0.00 0.0 0 14.5 22 310 M M 4 32 330
12 78 51 65 -3 0 0 0.00 0.0 0 2.4 10 160 M M 3 14 120
13 84 55 70 2 0 5 0.00 0.0 0 3.4 12 160 M M 6 15 160
14 84 57 71 4 0 6 0.00 0.0 0 2.9 8 230 M M 3 15 210
15 88 55 72 5 0 7 0.00 0.0 0 1.9 9 280 M M 2 8 13 300
16 85 59 72 5 0 7 0.00 0.0 0 5.0 13 300 M M 4 16 320
17 84 57 71 5 0 6 0.00 0.0 0 2.5 10 160 M M 1 13 140
18 89 59 74 8 0 9 0.00 0.0 0 1.7 6 310 M M 1 11 210
19 91 60 76 10 0 11 0.00 0.0 0 2.2 7 120 M M 0 8 11 300
20 93 63 78 13 0 13 0.00 0.0 0 3.6 8 310 M M 2 8 10 310
21 82 60 71 6 0 6 0.00 0.0 0 8.7 16 310 M M 4 20 290
22 77 57 67 3 0 2 T 0.0 0 6.1 20 310 M M 6 25 320
23 68 59 64 0 1 0 0.00 0.0 0 5.9 15 310 M M 6 18 310
24 78 56 67 3 0 2 0.00 0.0 0 2.4 8 310 M M 4 8 12 90
25 78 57 68 5 0 3 0.00 0.0 0 7.6 20 320 M M 5 8 26 310
26 69 54 62 -1 3 0 0.00 0.0 0 7.0 17 310 M M 4 8 22 310
27 71 47 59 -3 6 0 0.00 0.0 0 2.6 10 320 M M 5 8 14 290
28 69 44 57 -5 8 0 0.00 0.0 0 4.3 14 310 M M 2 23 320
29 71 44 58 -4 7 0 0.00 0.0 0 2.7 12 160 M M 1 15 160
30 74 44 59 -2 6 0 0.00 0.0 0 1.6 8 310 M M 1 13 320
31 78 44 61 0 4 0 0.00 0.0 0 1.1 7 280 M M 4 8 10 280
================================================================================
SM 2537 1756 35 175 T 0.0 133.1 M 98
================================================================================
AV 81.8 56.6 4.3 FASTST M M 3 MAX(MPH)
MISC ----> 22 310 32 330
================================================================================
NOTES:
# LAST OF SEVERAL OCCURRENCES
COLUMN 17 PEAK WIND IN M.P.H.
PRELIMINARY LOCAL CLIMATOLOGICAL DATA (WS FORM: F-6) , PAGE 2
STATION: FRESNO CA
MONTH: OCTOBER
YEAR: 2023
LATITUDE: 36 46 N
LONGITUDE: 119 43 W
[TEMPERATURE DATA] [PRECIPITATION DATA] SYMBOLS USED IN COLUMN 16
AVERAGE MONTHLY: 69.2 TOTAL FOR MONTH: T 1 = FOG OR MIST
DPTR FM NORMAL: 2.5 DPTR FM NORMAL: -0.56 2 = FOG REDUCING VISIBILITY
HIGHEST: 98 ON 8 GRTST 24HR T ON 30- 1 TO 1/4 MILE OR LESS
LOWEST: 44 ON 31,30 3 = THUNDER
SNOW, ICE PELLETS, HAIL 4 = ICE PELLETS
TOTAL MONTH: 0.0 INCH 5 = HAIL
GRTST 24HR 0.0 6 = FREEZING RAIN OR DRIZZLE
GRTST DEPTH: 0 7 = DUSTSTORM OR SANDSTORM:
VSBY 1/2 MILE OR LESS
8 = SMOKE OR HAZE
[NO. OF DAYS WITH] [WEATHER - DAYS WITH] 9 = BLOWING SNOW
X = TORNADO
MAX 32 OR BELOW: 0 0.01 INCH OR MORE: 0
MAX 90 OR ABOVE: 6 0.10 INCH OR MORE: 0
MIN 32 OR BELOW: 0 0.50 INCH OR MORE: 0
MIN 0 OR BELOW: 0 1.00 INCH OR MORE: 0
[HDD (BASE 65) ]
TOTAL THIS MO. 35 CLEAR (SCALE 0-3) 15
DPTR FM NORMAL -21 PTCLDY (SCALE 4-7) 16
TOTAL FM JUL 1 35 CLOUDY (SCALE 8-10) 0
DPTR FM NORMAL -23
[CDD (BASE 65) ]
TOTAL THIS MO. 175
DPTR FM NORMAL 67 [PRESSURE DATA]
TOTAL FM JAN 1 2409 HIGHEST SLP 30.22 ON 30
DPTR FM NORMAL 204 LOWEST SLP 29.72 ON 10
[REMARKS]
#FINAL-10-23#