000
CXUS52 KRAH 010845
CF6FAY
PRELIMINARY LOCAL CLIMATOLOGICAL DATA (WS FORM: F-6)
STATION: FAYETTEVILLE NC
MONTH: MAY
YEAR: 2022
LATITUDE: 35 0 N
LONGITUDE: 78 53 W
TEMPERATURE IN F: :PCPN: SNOW: WIND :SUNSHINE: SKY :PK WND
================================================================================
1 2 3 4 5 6A 6B 7 8 9 10 11 12 13 14 15 16 17 18
12Z AVG MX 2MIN
DY MAX MIN AVG DEP HDD CDD WTR SNW DPTH SPD SPD DIR MIN PSBL S-S WX SPD DR
================================================================================
1 86 54 70 3 0 5 0.05 M M 8.1 18 230 M M 1 3 23 240
2 88 66 77 10 0 12 0.00 0.0 0 10.1 18 230 M M 2 8 24 220
3 91 65 78 10 0 13 0.24 M M 9.2 32 270 M M 2 3 43 270
4 90 66 78 10 0 13 0.00 M M 11.0 20 220 M M 1 3 24 220
5 74 64 69 1 0 4 T M M 6.8 17 20 M M 8 13 22 20
6 92 63 78 10 0 13 0.13 M M 10.1 25 220 M M 5 13 35 210
7 77 56 67 -2 0 2 0.08 M M 10.9 21 270 M M 6 8 26 10
8 57 50 54 -15 11 0 0.00 M M 14.3 21 10 M M 10 27 360
9 72 47 60 -9 5 0 0.00 M M 10.5 21 360 M M 1 27 20
10 76 52 64 -5 1 0 0.00 M M 13.8 25 10 M M 0 31 350
11 79 56 68 -2 0 3 0.00 M M 13.8 23 360 M M 3 29 40
12 72 63 68 -2 0 3 T M M 14.7 24 20 M M 10 18 28 20
13 78 63 71 1 0 6 0.08 M M 6.7 14 50 M M 9 1 18 20
14 81 63 72 2 0 7 0.17 M M 3.3 12 280 M M 6 12 15 300
15 87 62 75 4 0 10 0.00 M M 5.8 13 250 M M 1 1 19 200
16 91 66 79 8 0 14 0.04 M M 9.5 21 240 M M 3 28 210
17 86 60 73 2 0 8 0.00 M M 6.3 16 260 M M 1 21 270
18 90 58 74 3 0 9 0.00 M M 6.7 16 200 M M 0 25 200
19 96 71 84 12 0 19 0.00 M M 10.1 18 250 M M 0 28 250
20 99 71 85 13 0 20 0.00 M M 11.6 23 240 M M 0 30 250
21 92 71 82 10 0 17 T M M 7.9 23 230 M M 1 3 32 170
22 92 71 82 10 0 17 T M M 10.0 21 210 M M 2 28 240
23 90 66 78 5 0 13 0.10 M M 6.3 18 220 M M 3 3 23 180
24 87 65 76 3 0 11 0.00 M M 9.5 18 310 M M 6 24 230
25 81 62 72 -1 0 7 0.00 M M 8.9 15 20 M M 5 19 20
26 87 63 75 1 0 10 0.00 M M 7.5 17 150 M M 7 23 140
27 81 71 76 2 0 11 0.18 M M 11.5 23 190 M M 6 1 30 180
28 87 68 78 4 0 13 T M M 5.6 14 320 M M 2 27 20
29 92 63 78 4 0 13 T M M 5.5 16 130 M M 5 20 130
30 94 66 80 5 0 15 0.00 M M 4.6 17 160 M M 2 1 23 190
31 97 68 83 8 0 18 0.00 M M 5.0 15 180 M M 1 19 350
================================================================================
SM 2642 1950 17 306 1.07 0.0 275.6 M 109
================================================================================
AV 85.2 62.9 8.9 FASTST M M 4 MAX(MPH)
MISC ----> 32 270 43 270
================================================================================
NOTES:
# LAST OF SEVERAL OCCURRENCES
COLUMN 17 PEAK WIND IN M.P.H.
PRELIMINARY LOCAL CLIMATOLOGICAL DATA (WS FORM: F-6) , PAGE 2
STATION: FAYETTEVILLE NC
MONTH: MAY
YEAR: 2022
LATITUDE: 35 0 N
LONGITUDE: 78 53 W
[TEMPERATURE DATA] [PRECIPITATION DATA] SYMBOLS USED IN COLUMN 16
AVERAGE MONTHLY: 74.1 TOTAL FOR MONTH: 1.07 1 = FOG OR MIST
DPTR FM NORMAL: 3.2 DPTR FM NORMAL: -2.04 2 = FOG REDUCING VISIBILITY
HIGHEST: 99 ON 20 GRTST 24HR 0.25 ON 13-14 TO 1/4 MILE OR LESS
LOWEST: 47 ON 9 3 = THUNDER
SNOW, ICE PELLETS, HAIL 4 = ICE PELLETS
TOTAL MONTH: 0.0 INCH 5 = HAIL
GRTST 24HR 0.0 6 = FREEZING RAIN OR DRIZZLE
GRTST DEPTH: 0 7 = DUSTSTORM OR SANDSTORM:
VSBY 1/2 MILE OR LESS
8 = SMOKE OR HAZE
[NO. OF DAYS WITH] [WEATHER - DAYS WITH] 9 = BLOWING SNOW
X = TORNADO
MAX 32 OR BELOW: 0 0.01 INCH OR MORE: 9
MAX 90 OR ABOVE: 13 0.10 INCH OR MORE: 5
MIN 32 OR BELOW: 0 0.50 INCH OR MORE: 0
MIN 0 OR BELOW: 0 1.00 INCH OR MORE: 0
[HDD (BASE 65) ]
TOTAL THIS MO. 17 CLEAR (SCALE 0-3) 18
DPTR FM NORMAL -8 PTCLDY (SCALE 4-7) 10
TOTAL FM JUL 1 2307 CLOUDY (SCALE 8-10) 3
DPTR FM NORMAL -424
[CDD (BASE 65) ]
TOTAL THIS MO. 306
DPTR FM NORMAL 98 [PRESSURE DATA]
TOTAL FM JAN 1 429 HIGHEST SLP 30.25 ON 25
DPTR FM NORMAL 130 LOWEST SLP 29.50 ON 7
[REMARKS]
#FINAL-05-22#