305
CXUS53 KLMK 011317
CF6FFT
PRELIMINARY LOCAL CLIMATOLOGICAL DATA (WS FORM: F-6)
STATION: FRANKFORT KY
MONTH: AUGUST
YEAR: 2020
LATITUDE: 38 10 N
LONGITUDE: 84 54 W
TEMPERATURE IN F: :PCPN: SNOW: WIND :SUNSHINE: SKY :PK WND
================================================================================
1 2 3 4 5 6A 6B 7 8 9 10 11 12 13 14 15 16 17 18
12Z AVG MX 2MIN
DY MAX MIN AVG DEP HDD CDD WTR SNW DPTH SPD SPD DIR MIN PSBL S-S WX SPD DR
================================================================================
1 87 71 79 3 0 14 0.24 M M 9.4 23 210 M M 7 1 33 210
2 82 67 75 -1 0 10 0.01 M M 8.1 20 220 M M 7 1 29 220
3 85 65 75 -1 0 10 0.05 M M 4.2 13 180 M M 4 1 17 140
4 80 62 71 -5 0 6 0.00 M M 2.7 12 330 M M 6 12 15 330
5 82 58 70 -6 0 5 0.00 M M 3.5 10 10 M M 3 15 360
6 84 61 73 -3 0 8 0.00 M M 4.9 12 40 M M 4 19 60
7 85 62 74 -2 0 9 0.00 M M 3.7 10 340 M M 3 14 300
8 87 57 72 -4 0 7 0.00 M M 1.8 8 290 M M 1 14 340
9 90 61 76 0 0 11 0.00 M M 2.7 9 230 M M 0 1 13 220
10 85 69 77 1 0 12 1.38 M M 4.5 28 340 M M 5 138 43 350
11 88 68 78 2 0 13 T M M 2.4 9 340 M M 3 14 190
12 89 68 79 3 0 14 0.00 M M 2.1 10 350 M M 3 1 17 360
13 91 71 81 5 0 16 0.00 M M 2.7 10 340 M M 1 1 15 340
14 85 72 79 3 0 14 0.06 M M 4.2 10 340 M M 5 1 14 30
15 88 71 80 4 0 15 0.00 M M 4.6 12 350 M M 5 17 360
16 86 66 76 0 0 11 0.00 M M 4.1 16 340 M M 1 13 22 330
17 87 61 74 -1 0 9 0.00 M M 2.7 13 230 M M 1 18 260
18 87 65 76 1 0 11 2.58 M M 3.5 28 300 M M 5 13 48 320
19 81 63 72 -3 0 7 0.00 M M 5.9 13 70 M M 3 1 20 70
20 84 55 70 -5 0 5 0.00 M M 3.8 10 60 M M 0 15 50
21 83 64 74 -1 0 9 0.55 M M 1.5 22 40 M M 4 13 34 40
22 85 67 76 1 0 11 0.44 M M 1.6 15 330 M M 7 123 23 320
23 85 65 75 0 0 10 0.00 M M 3.5 10 340 M M 4 12 14 330
24 89 65 77 2 0 12 0.00 M M 2.9 10 230 M M 0 1 14 230
25 90 68 79 5 0 14 0.00 M M 2.7 8 270 M M 1 1 14 300
26 89 69 79 5 0 14 0.00 M M 4.7 12 210 M M 1 1 17 230
27 87 74 81 7 0 16 0.00 M M 5.0 10 260 M M 1 18 240
28 88 72 80 6 0 15 1.62 M M 8.0 21 210 M M 4 18 27 210
29 85 71 78 4 0 13 T M M 5.0 12 270 M M 7 18 22 240
30 82 63 73 0 0 8 T M M 4.0 12 60 M M 2 18 40
31 83 65 74 1 0 9 0.70 M M 3.2 10 80 M M 8 13 14 80
================================================================================
SM 2659 2036 0 338 7.63 M 123.6 M 106
================================================================================
AV 85.8 65.7 4.0 FASTST M M 3 MAX(MPH)
MISC ----> # 28 340 # 48 320
================================================================================
NOTES:
# LAST OF SEVERAL OCCURRENCES
COLUMN 17 PEAK WIND IN M.P.H.
PRELIMINARY LOCAL CLIMATOLOGICAL DATA (WS FORM: F-6) , PAGE 2
STATION: FRANKFORT KY
MONTH: AUGUST
YEAR: 2020
LATITUDE: 38 10 N
LONGITUDE: 84 54 W
[TEMPERATURE DATA] [PRECIPITATION DATA] SYMBOLS USED IN COLUMN 16
AVERAGE MONTHLY: 75.7 TOTAL FOR MONTH: 7.63 1 = FOG OR MIST
DPTR FM NORMAL: 0.5 DPTR FM NORMAL: 4.27 2 = FOG REDUCING VISIBILITY
HIGHEST: 91 ON 13 GRTST 24HR 2.58 ON 18-18 TO 1/4 MILE OR LESS
LOWEST: 55 ON 20 3 = THUNDER
SNOW, ICE PELLETS, HAIL 4 = ICE PELLETS
TOTAL MONTH: M 5 = HAIL
GRTST 24HR M ON M 6 = FREEZING RAIN OR DRIZZLE
GRTST DEPTH: M ON M 7 = DUSTSTORM OR SANDSTORM:
VSBY 1/2 MILE OR LESS
8 = SMOKE OR HAZE
[NO. OF DAYS WITH] [WEATHER - DAYS WITH] 9 = BLOWING SNOW
X = TORNADO
MAX 32 OR BELOW: 0 0.01 INCH OR MORE: 10
MAX 90 OR ABOVE: 3 0.10 INCH OR MORE: 7
MIN 32 OR BELOW: 0 0.50 INCH OR MORE: 5
MIN 0 OR BELOW: 0 1.00 INCH OR MORE: 3
[HDD (BASE 65) ]
TOTAL THIS MO. 0 CLEAR (SCALE 0-3) 15
DPTR FM NORMAL -1 PTCLDY (SCALE 4-7) 16
TOTAL FM JUL 1 0 CLOUDY (SCALE 8-10) 0
DPTR FM NORMAL -1
[CDD (BASE 65) ]
TOTAL THIS MO. 338
DPTR FM NORMAL 21 [PRESSURE DATA]
TOTAL FM JAN 1 1202 HIGHEST SLP 30.18 ON 8
DPTR FM NORMAL 200 LOWEST SLP 29.65 ON 29
[REMARKS]
#FINAL-08-20#