000
CXUS53 KARX 010900
CF6FKA
PRELIMINARY LOCAL CLIMATOLOGICAL DATA (WS FORM: F-6)
STATION: PRESTON MN
MONTH: MARCH
YEAR: 2022
LATITUDE: 43 40 N
LONGITUDE: 92 11 W
TEMPERATURE IN F: :PCPN: SNOW: WIND :SUNSHINE: SKY :PK WND
================================================================================
1 2 3 4 5 6A 6B 7 8 9 10 11 12 13 14 15 16 17 18
12Z AVG MX 2MIN
DY MAX MIN AVG DEP HDD CDD WTR SNW DPTH SPD SPD DIR MIN PSBL S-S WX SPD DR
================================================================================
1 39 31 35 M 30 0 0.00 0.0 M 5.4 9 10 M M 3 M M
2 39 25 32 M 33 0 0.00 0.0 M 6.0 15 360 M M 4 18 360
3 28 22 25 M 40 0 0.00 0.0 M 4.4 8 360 M M 1 M M
4 38 24 31 M 34 0 M M M 12.1 20 140 M M 3 26 130
5 44 32 38 M 27 0 M M M 7.6 13 130 M M 9 123 17 130
6 33 26 30 M 35 0 0.01 M M 16.1 25 300 M M 10 1 32 300
7 29 21 25 M 40 0 M M M 11.2 18 320 M M 5 24 330
8 39 18 29 M 36 0 M M M 11.8 21 220 M M 2 27 210
9 25 12 19 M 46 0 M M M 14.2 18 280 M M 5 8 24 310
10 24 8 16 M 49 0 M M M 6.6 13 210 M M 1 21 330
11 19 3 11 M 54 0 M M M 19.9 25 290 M M 2 33 310
12 24 0 12 M 53 0 M M M 11.7 20 200 M M 2 8 30 190
13 48 21 35 M 30 0 M M M 10.7 21 210 M M 1 29 210
14 47 32 40 M 25 0 M M M 8.4 15 30 M M 2 22 50
15 51 26 39 M 26 0 M M M 5.2 9 220 M M 3 12 16 230
16 65 37 51 M 14 0 M M M 12.0 21 230 M M 1 29 230
17 46 36 41 M 24 0 0.00 0.0 0 7.1 13 360 M M 2 1 16 360
18 40 33 37 M 28 0 M M 0 9.2 14 30 M M 5 21 30
19 49 27 38 M 27 0 0.00 0.0 0 7.9 13 320 M M 1 20 340
20 61 32 47 M 18 0 0.00 0.0 0 4.7 10 120 M M 0 1 M M
21 70 45 58 M 7 0 0.00 0.0 0 11.8 22 190 M M 0 28 190
22 45 38 42 M 23 0 M 0.0 0 8.3 14 70 M M 8 1 22 70
23 38 32 35 M 30 0 M M M 12.9 18 350 M M 10 1 25 10
24 37 31 34 M 31 0 M M M 8.1 12 360 M M 10 1 18 340
25 38 26 32 M 33 0 0.02 M M 20.3 36 310 M M 6 40 310
26 31 19 25 M 40 0 0.00 0.0 M 17.9 25 350 M M 3 37 330
27 29 14 22 M 43 0 0.00 0.0 M 9.5 16 350 M M 0 23 20
28 36 17 27 M 38 0 M M M 6.6 10 150 M M 2 16 150
29 39 31 35 M 30 0 0.01 0.0 0 16.7 22 120 M M 9 3 30 140
30 36 31 34 M 31 0 0.01 M M 12.9 24 360 M M 10 1 30 140
31 32 25 29 M 36 0 M M M 14.7 22 350 M M 9 31 360
================================================================================
SM 1219 775 1011 0 0.05 0.0 331.9 M 129
================================================================================
AV 39.3 25.0 10.7 FASTST M M 4 MAX(MPH)
MISC ----> 36 310 40 310
================================================================================
NOTES:
# LAST OF SEVERAL OCCURRENCES
COLUMN 17 PEAK WIND IN M.P.H.
PRELIMINARY LOCAL CLIMATOLOGICAL DATA (WS FORM: F-6) , PAGE 2
STATION: PRESTON MN
MONTH: MARCH
YEAR: 2022
LATITUDE: 43 40 N
LONGITUDE: 92 11 W
[TEMPERATURE DATA] [PRECIPITATION DATA] SYMBOLS USED IN COLUMN 16
AVERAGE MONTHLY: 32.2 TOTAL FOR MONTH: 0.05 1 = FOG OR MIST
DPTR FM NORMAL: 0.0 DPTR FM NORMAL: M 2 = FOG REDUCING VISIBILITY
HIGHEST: 70 ON 21 GRTST 24HR 0.02 ON 25-25 TO 1/4 MILE OR LESS
LOWEST: 0 ON 12 3 = THUNDER
SNOW, ICE PELLETS, HAIL 4 = ICE PELLETS
TOTAL MONTH: 0.0 INCH 5 = HAIL
GRTST 24HR 0.0 6 = FREEZING RAIN OR DRIZZLE
GRTST DEPTH: 0 7 = DUSTSTORM OR SANDSTORM:
VSBY 1/2 MILE OR LESS
8 = SMOKE OR HAZE
[NO. OF DAYS WITH] [WEATHER - DAYS WITH] 9 = BLOWING SNOW
X = TORNADO
MAX 32 OR BELOW: 9 0.01 INCH OR MORE: 4
MAX 90 OR ABOVE: 0 0.10 INCH OR MORE: 0
MIN 32 OR BELOW: 26 0.50 INCH OR MORE: 0
MIN 0 OR BELOW: 1 1.00 INCH OR MORE: 0
[HDD (BASE 65) ]
TOTAL THIS MO. 1011 CLEAR (SCALE 0-3) 17
DPTR FM NORMAL M PTCLDY (SCALE 4-7) 6
TOTAL FM JUL 1 6667 CLOUDY (SCALE 8-10) 8
DPTR FM NORMAL M
[CDD (BASE 65) ]
TOTAL THIS MO. 0
DPTR FM NORMAL M [PRESSURE DATA]
TOTAL FM JAN 1 0 HIGHEST SLP M ON M
DPTR FM NORMAL M LOWEST SLP M ON M
[REMARKS]
#FINAL-03-22#