000
CXUS53 KARX 041457
CF6FKA
PRELIMINARY LOCAL CLIMATOLOGICAL DATA (WS FORM: F-6)
STATION: PRESTON MN
MONTH: DECEMBER
YEAR: 2021
LATITUDE: 43 40 N
LONGITUDE: 92 11 W
TEMPERATURE IN F: :PCPN: SNOW: WIND :SUNSHINE: SKY :PK WND
================================================================================
1 2 3 4 5 6A 6B 7 8 9 10 11 12 13 14 15 16 17 18
12Z AVG MX 2MIN
DY MAX MIN AVG DEP HDD CDD WTR SNW DPTH SPD SPD DIR MIN PSBL S-S WX SPD DR
================================================================================
1 49 34 42 M 23 0 0.13 0.0 0 10.7 17 250 M M 3 25 250
2 50 37 44 M 21 0 T 0.0 0 11.0 17 300 M M 1 25 320
3 46 31 39 M 26 0 0.01 0.0 0 5.4 8 320 M M 4 1 16 320
4 32 28 30 M 35 0 0.00 0.0 0 6.6 10 310 M M 2 M M
5 34 28 31 M 34 0 0.00 0.0 0 13.9 28 290 M M 8 18 38 290
6 28 2 15 M 50 0 T T 0 21.0 31 310 M M 3 41 300
7 19 4 12 M 53 0 M M 0 6.4 12 160 M M 4 16 140
8 26 6 16 M 49 0 0.00 0.0 0 5.4 14 150 M M 1 1 22 150
9 40 24 32 M 33 0 0.00 0.0 0 11.5 17 150 M M 3 8 24 140
10 31 28 30 M 35 0 M M 0 10.2 18 40 M M 4 28 40
11 29 21 25 M 40 0 M M M 16.7 28 340 M M 2 36 340
12 40 21 31 M 34 0 0.00 0.0 M 14.1 17 210 M M 0 28 220
13 40 27 34 M 31 0 0.00 0.0 M 6.2 18 210 M M 0 29 210
14 43 28 36 M 29 0 0.00 0.0 M 10.2 14 160 M M 3 1 20 140
15 65 42 54 M 11 0 M M M 16.0 35 210 M M 7 123 55 210
16 37 18 28 M 37 0 0.00 0.0 0 22.1 37 260 M M 6 53 230
17 26 16 21 M 44 0 0.00 0.0 0 5.7 9 70 M M 0 M M
18 22 17 20 M 45 0 M M 0 8.9 13 320 M M 6 18 310
19 26 15 21 M 44 0 0.00 0.0 0 13.2 22 190 M M 6 29 190
20 32 9 21 M 44 0 0.00 0.0 0 11.7 17 310 M M 0 8 23 200
21 26 8 17 M 48 0 M M 0 13.4 21 300 M M 3 31 300
22 26 6 16 M 49 0 0.00 0.0 0 7.4 12 170 M M 0 18 170
23 39 25 32 M 33 0 0.00 0.0 0 7.2 13 150 M M 0 M M
24 43 29 36 M 29 0 0.00 0.0 0 8.4 13 190 M M 5 12 18 150
25 35 21 28 M 37 0 0.00 0.0 0 7.4 15 350 M M 2 20 360
26 32 14 23 M 42 0 M M 0 8.9 23 120 M M 3 1 31 120
27 32 12 22 M 43 0 M M M 12.5 23 270 M M 4 12 31 270
28 26 5 16 M 49 0 M M M 8.0 21 300 M M 5 1 24 300
29 9 -8 1 M 64 0 0.00 0.0 M 6.2 18 310 M M 2 25 310
30 25 8 17 M 48 0 M M M 7.4 15 170 M M 10 1 17 170
31 28 6 17 M 48 0 0.00 0.0 M 8.9 18 350 M M 8 1 23 360
================================================================================
SM 1036 562 1208 0 0.14 T 322.6 M 105
================================================================================
AV 33.4 18.1 10.4 FASTST M M 3 MAX(MPH)
MISC ----> 37 260 55 210
================================================================================
NOTES:
# LAST OF SEVERAL OCCURRENCES
COLUMN 17 PEAK WIND IN M.P.H.
PRELIMINARY LOCAL CLIMATOLOGICAL DATA (WS FORM: F-6) , PAGE 2
STATION: PRESTON MN
MONTH: DECEMBER
YEAR: 2021
LATITUDE: 43 40 N
LONGITUDE: 92 11 W
[TEMPERATURE DATA] [PRECIPITATION DATA] SYMBOLS USED IN COLUMN 16
AVERAGE MONTHLY: 25.8 TOTAL FOR MONTH: 0.14 1 = FOG OR MIST
DPTR FM NORMAL: 0.0 DPTR FM NORMAL: M 2 = FOG REDUCING VISIBILITY
HIGHEST: 65 ON 15 GRTST 24HR 0.13 ON 1- 1 TO 1/4 MILE OR LESS
LOWEST: -8 ON 29 3 = THUNDER
SNOW, ICE PELLETS, HAIL 4 = ICE PELLETS
TOTAL MONTH: T 5 = HAIL
GRTST 24HR T ON 6- 6 6 = FREEZING RAIN OR DRIZZLE
GRTST DEPTH: 0 7 = DUSTSTORM OR SANDSTORM:
VSBY 1/2 MILE OR LESS
8 = SMOKE OR HAZE
[NO. OF DAYS WITH] [WEATHER - DAYS WITH] 9 = BLOWING SNOW
X = TORNADO
MAX 32 OR BELOW: 18 0.01 INCH OR MORE: 2
MAX 90 OR ABOVE: 0 0.10 INCH OR MORE: 1
MIN 32 OR BELOW: 28 0.50 INCH OR MORE: 0
MIN 0 OR BELOW: 1 1.00 INCH OR MORE: 0
[HDD (BASE 65) ]
TOTAL THIS MO. 1208 CLEAR (SCALE 0-3) 17
DPTR FM NORMAL M PTCLDY (SCALE 4-7) 13
TOTAL FM JUL 1 2546 CLOUDY (SCALE 8-10) 1
DPTR FM NORMAL M
[CDD (BASE 65) ]
TOTAL THIS MO. 0
DPTR FM NORMAL M [PRESSURE DATA]
TOTAL FM JAN 1 499 HIGHEST SLP M ON M
DPTR FM NORMAL M LOWEST SLP M ON M
[REMARKS]
#FINAL-12-21#