000
CXUS53 KARX 011232
CF6FKA
PRELIMINARY LOCAL CLIMATOLOGICAL DATA (WS FORM: F-6)
STATION: PRESTON MN
MONTH: SEPTEMBER
YEAR: 2023
LATITUDE: 43 40 N
LONGITUDE: 92 11 W
TEMPERATURE IN F: :PCPN: SNOW: WIND :SUNSHINE: SKY :PK WND
================================================================================
1 2 3 4 5 6A 6B 7 8 9 10 11 12 13 14 15 16 17 18
12Z AVG MX 2MIN
DY MAX MIN AVG DEP HDD CDD WTR SNW DPTH SPD SPD DIR MIN PSBL S-S WX SPD DR
================================================================================
1 84 55 70 M 0 5 0.00 0.0 0 10.8 17 180 M M 1 27 180
2 97 64 81 M 0 16 0.00 0.0 0 11.7 16 210 M M 0 27 210
3 97 66 82 M 0 17 0.00 0.0 0 12.0 17 200 M M 0 24 200
4 95 66 81 M 0 16 0.00 0.0 0 11.3 20 180 M M 0 30 180
5 90 70 80 M 0 15 0.16 0.0 0 12.0 18 160 M M 2 1 27 190
6 70 59 65 M 0 0 0.00 0.0 0 12.0 17 320 M M 10 1 24 310
7 61 55 58 M 7 0 0.00 0.0 0 6.6 10 320 M M 10 1 14 330
8 73 50 62 M 3 0 0.00 0.0 0 3.5 7 170 M M 5 12 99
9 81 52 67 M 0 2 0.18 0.0 0 6.4 14 220 M M 5 138 22 300
10 68 59 64 M 1 0 0.00 0.0 0 6.1 12 20 M M 8 12 16 20
11 72 52 62 M 3 0 0.00 0.0 0 6.1 13 350 M M 3 1 25 350
12 M 46 M M M M M 0.0 0 2.1 6 180 M M 5 1 15 0
13 66 50 58 M 7 0 0.00 0.0 0 4.4 7 170 M M 0 12 99
14 79 46 63 M 2 0 0.00 0.0 0 8.2 14 180 M M 4 21 180
15 66 57 62 M 3 0 0.01 0.0 0 6.7 14 160 M M 5 1 16 190
16 72 54 63 M 2 0 0.18 0.0 0 3.6 10 360 M M 7 12 13 30
17 72 48 60 M 5 0 0.00 0.0 0 4.7 9 350 M M 1 1 16 60
18 77 45 61 M 4 0 0.00 0.0 0 7.0 15 160 M M 3 22 160
19 79 57 68 M 0 3 0.01 0.0 0 10.6 15 130 M M 2 23 130
20 79 55 67 M 0 2 0.00 0.0 0 6.6 15 140 M M 1 1 21 140
21 81 57 69 M 0 4 0.00 0.0 0 6.9 15 130 M M 5 12 23 130
22 72 61 67 M 0 2 0.66 0.0 0 8.8 14 130 M M 9 1 22 130
23 75 59 67 M 0 2 1.37 0.0 0 9.6 20 150 M M 10 13 27 150
24 75 59 67 M 0 2 0.02 0.0 0 11.6 17 140 M M 7 25 140
25 73 57 65 M 0 0 0.00 0.0 0 5.9 15 250 M M 7 12 20 260
26 72 59 66 M 0 1 0.18 0.0 0 6.8 12 70 M M 10 1 17 70
27 68 61 65 M 0 0 0.01 0.0 0 7.8 12 60 M M 10 1 17 70
28 70 59 65 M 0 0 0.00 0.0 0 9.4 15 120 M M 8 1 20 130
29 81 57 69 M 0 4 0.27 0.0 0 14.5 20 150 M M 2 1 28 150
30 88 68 78 M 0 13 0.00 0.0 0 10.5 16 180 M M 1 24 180
================================================================================
SM 2233 1703 37 104 3.05 0.0 244.2 M 141
================================================================================
AV 77.0 56.8 8.1 FASTST M M 5 MAX(MPH)
MISC ----> # 20 180 30 180
================================================================================
NOTES:
# LAST OF SEVERAL OCCURRENCES
COLUMN 17 PEAK WIND IN M.P.H.
PRELIMINARY LOCAL CLIMATOLOGICAL DATA (WS FORM: F-6) , PAGE 2
STATION: PRESTON MN
MONTH: SEPTEMBER
YEAR: 2023
LATITUDE: 43 40 N
LONGITUDE: 92 11 W
[TEMPERATURE DATA] [PRECIPITATION DATA] SYMBOLS USED IN COLUMN 16
AVERAGE MONTHLY: 66.9 TOTAL FOR MONTH: 3.05 1 = FOG OR MIST
DPTR FM NORMAL: 0.0 DPTR FM NORMAL: M 2 = FOG REDUCING VISIBILITY
HIGHEST: 97 ON 3, 2 GRTST 24HR 1.37 ON 23-23 TO 1/4 MILE OR LESS
LOWEST: 45 ON 18 3 = THUNDER
SNOW, ICE PELLETS, HAIL 4 = ICE PELLETS
TOTAL MONTH: 0.0 INCH 5 = HAIL
GRTST 24HR 0.0 6 = FREEZING RAIN OR DRIZZLE
GRTST DEPTH: 0 7 = DUSTSTORM OR SANDSTORM:
VSBY 1/2 MILE OR LESS
8 = SMOKE OR HAZE
[NO. OF DAYS WITH] [WEATHER - DAYS WITH] 9 = BLOWING SNOW
X = TORNADO
MAX 32 OR BELOW: 0 0.01 INCH OR MORE: 11
MAX 90 OR ABOVE: 4 0.10 INCH OR MORE: 7
MIN 32 OR BELOW: 0 0.50 INCH OR MORE: 2
MIN 0 OR BELOW: 0 1.00 INCH OR MORE: 1
[HDD (BASE 65) ]
TOTAL THIS MO. 37 CLEAR (SCALE 0-3) 12
DPTR FM NORMAL M PTCLDY (SCALE 4-7) 11
TOTAL FM JUL 1 56 CLOUDY (SCALE 8-10) 7
DPTR FM NORMAL M
[CDD (BASE 65) ]
TOTAL THIS MO. 104
DPTR FM NORMAL M [PRESSURE DATA]
TOTAL FM JAN 1 682 HIGHEST SLP M ON M
DPTR FM NORMAL M LOWEST SLP M ON M
[REMARKS]
#FINAL-09-23#