000
CXUS53 KMKX 010810
CF6FLD
PRELIMINARY LOCAL CLIMATOLOGICAL DATA (WS FORM: F-6)
STATION: FOND_DU_LAC WI
MONTH: AUGUST
YEAR: 2021
LATITUDE: 43 46 N
LONGITUDE: 88 29 W
TEMPERATURE IN F: :PCPN: SNOW: WIND :SUNSHINE: SKY :PK WND
================================================================================
1 2 3 4 5 6A 6B 7 8 9 10 11 12 13 14 15 16 17 18
12Z AVG MX 2MIN
DY MAX MIN AVG DEP HDD CDD WTR SNW DPTH SPD SPD DIR MIN PSBL S-S WX SPD DR
================================================================================
1 78 60 69 -2 0 4 0.00 0.0 0 7.9 18 30 M M 2 8 26 20
2 82 58 70 -1 0 5 0.00 M M 3.9 10 320 M M 4 14 20
3 85 59 72 1 0 7 0.00 M M 4.3 10 290 M M 0 17 280
4 87 61 74 3 0 9 0.00 M M 3.5 9 280 M M 0 8 14 230
5 87 63 75 4 0 10 T M M 7.4 17 210 M M 3 8 27 260
6 88 68 78 7 0 13 0.20 M M 6.6 15 200 M M 6 3 24 200
7 78 67 73 2 0 8 1.18 M M 5.4 26 290 M M 7 38 34 310
8 91 70 81 11 0 16 0.10 M M 7.4 23 190 M M 4 3 36 180
9 80 71 76 6 0 11 0.19 M M 4.7 13 180 M M 6 38 22 210
10 93 65 79 9 0 14 0.41 M M 7.3 25 230 M M 3 138 44 230
11 89 71 80 10 0 15 0.01 M M 8.3 26 190 M M 4 37 190
12 87 66 77 7 0 12 0.00 M M 6.9 14 190 M M 1 21 250
13 83 58 71 1 0 6 0.00 M M 6.2 17 260 M M 0 26 270
14 82 54 68 -2 0 3 0.00 M M 4.4 10 280 M M 0 15 220
15 83 57 70 0 0 5 0.00 M M 4.7 12 200 M M 0 16 160
16 83 54 69 -1 0 4 0.00 M M 4.8 12 150 M M 1 18 150
17 85 59 72 3 0 7 0.00 M M 5.1 12 130 M M 0 16 130
18 90 63 77 8 0 12 0.00 M M 3.5 10 100 M M 2 8 15 160
19 91 65 78 9 0 13 0.00 M M 2.9 10 150 M M 3 18 15 120
20 90 66 78 9 0 13 0.00 M M 5.7 15 140 M M 1 8 22 140
21 88 67 78 9 0 13 0.19 M M 7.7 20 170 M M 3 8 29 160
22 80 61 71 2 0 6 0.00 M M 7.0 16 40 M M 0 22 20
23 88 60 74 6 0 9 T M M 5.5 12 230 M M 1 8 18 230
24 89 71 80 12 0 15 1.10 M M 5.8 25 10 M M 3 3 38 10
25 90 70 80 12 0 15 0.00 M M 5.1 15 270 M M 3 8 20 290
26 86 70 78 10 0 13 0.20 M M 6.9 18 110 M M 3 38 26 100
27 83 72 78 10 0 13 1.32 M M 6.8 20 330 M M 6 3 32 340
28 92 73 83 15 0 18 0.14 M M 4.9 18 90 M M 3 3 26 200
29 88 69 79 12 0 14 0.00 M M 8.5 20 270 M M 2 30 280
30 85 63 74 7 0 9 0.00 M M 5.7 16 310 M M 1 21 320
31 78 60 69 2 0 4 0.00 M M 6.8 15 100 M M 1 21 110
================================================================================
SM 2659 1991 0 316 5.04 0.0 181.6 M 73
================================================================================
AV 85.8 64.2 5.9 FASTST M M 2 MAX(MPH)
MISC ----> # 26 290 44 230
================================================================================
NOTES:
# LAST OF SEVERAL OCCURRENCES
COLUMN 17 PEAK WIND IN M.P.H.
PRELIMINARY LOCAL CLIMATOLOGICAL DATA (WS FORM: F-6) , PAGE 2
STATION: FOND_DU_LAC WI
MONTH: AUGUST
YEAR: 2021
LATITUDE: 43 46 N
LONGITUDE: 88 29 W
[TEMPERATURE DATA] [PRECIPITATION DATA] SYMBOLS USED IN COLUMN 16
AVERAGE MONTHLY: 75.0 TOTAL FOR MONTH: 5.04 1 = FOG OR MIST
DPTR FM NORMAL: 5.6 DPTR FM NORMAL: 1.59 2 = FOG REDUCING VISIBILITY
HIGHEST: 93 ON 10 GRTST 24HR 1.52 ON 26-27 TO 1/4 MILE OR LESS
LOWEST: 54 ON 16,14 3 = THUNDER
SNOW, ICE PELLETS, HAIL 4 = ICE PELLETS
TOTAL MONTH: 0.0 INCH 5 = HAIL
GRTST 24HR 0.0 6 = FREEZING RAIN OR DRIZZLE
GRTST DEPTH: 0 7 = DUSTSTORM OR SANDSTORM:
VSBY 1/2 MILE OR LESS
8 = SMOKE OR HAZE
[NO. OF DAYS WITH] [WEATHER - DAYS WITH] 9 = BLOWING SNOW
X = TORNADO
MAX 32 OR BELOW: 0 0.01 INCH OR MORE: 11
MAX 90 OR ABOVE: 7 0.10 INCH OR MORE: 10
MIN 32 OR BELOW: 0 0.50 INCH OR MORE: 3
MIN 0 OR BELOW: 0 1.00 INCH OR MORE: 3
[HDD (BASE 65) ]
TOTAL THIS MO. 0 CLEAR (SCALE 0-3) 23
DPTR FM NORMAL -20 PTCLDY (SCALE 4-7) 8
TOTAL FM JUL 1 2 CLOUDY (SCALE 8-10) 0
DPTR FM NORMAL -27
[CDD (BASE 65) ]
TOTAL THIS MO. 316
DPTR FM NORMAL 161 [PRESSURE DATA]
TOTAL FM JAN 1 909 HIGHEST SLP M ON M
DPTR FM NORMAL 389 LOWEST SLP 29.63 ON 11
[REMARKS]
#FINAL-08-21#