000
CXUS53 KMKX 010910
CF6FLD
PRELIMINARY LOCAL CLIMATOLOGICAL DATA (WS FORM: F-6)
STATION: FOND_DU_LAC WI
MONTH: MAY
YEAR: 2020
LATITUDE: 43 46 N
LONGITUDE: 88 29 W
TEMPERATURE IN F: :PCPN: SNOW: WIND :SUNSHINE: SKY :PK WND
================================================================================
1 2 3 4 5 6A 6B 7 8 9 10 11 12 13 14 15 16 17 18
12Z AVG MX 2MIN
DY MAX MIN AVG DEP HDD CDD WTR SNW DPTH SPD SPD DIR MIN PSBL S-S WX SPD DR
================================================================================
1 68 34 51 -1 14 0 T M 0 9.0 20 150 M M 2 26 150
2 77 56 67 14 0 2 0.00 0.0 0 13.0 24 290 M M 1 33 280
3 74 39 57 4 8 0 0.00 0.0 0 13.8 29 280 M M 0 42 300
4 55 36 46 -7 19 0 0.00 0.0 0 10.7 18 60 M M 3 25 50
5 55 34 45 -9 20 0 0.00 0.0 0 8.0 16 120 M M 1 23 50
6 68 31 50 -4 15 0 0.00 0.0 0 5.6 16 320 M M 2 21 300
7 62 36 49 -5 16 0 0.00 0.0 0 11.7 24 320 M M 0 30 310
8 46 27 37 -18 28 0 0.00 0.0 0 12.2 23 360 M M 4 32 320
9 60 26 43 -12 22 0 0.00 0.0 0 10.0 23 280 M M 4 36 310
10 49 39 44 -11 21 0 0.01 M 0 13.0 25 30 M M 10 31 30
11 56 37 47 -9 18 0 0.00 0.0 0 9.8 18 290 M M 6 26 340
12 60 27 44 -12 21 0 0.00 0.0 0 6.9 17 140 M M 0 23 130
13 65 32 49 -7 16 0 T M 0 12.9 28 130 M M 4 36 130
14 68 51 60 4 5 0 0.06 0.0 0 8.1 15 170 M M 9 1 20 170
15 75 50 63 6 2 0 0.00 0.0 0 8.2 21 100 M M 1 12 30 90
16 71 45 58 1 7 0 0.00 0.0 0 9.5 17 60 M M 0 22 60
17 57 51 54 -4 11 0 1.81 0.0 0 16.3 29 60 M M 10 1 42 50
18 53 50 52 -6 13 0 0.12 0.0 0 16.2 24 40 M M 10 1 36 60
19 63 49 56 -2 9 0 0.00 0.0 0 12.9 20 50 M M 10 1 26 40
20 73 50 62 4 3 0 0.00 0.0 0 8.2 17 130 M M 1 8 24 90
21 74 48 61 2 4 0 T M 0 7.4 21 140 M M 3 26 150
22 67 55 61 2 4 0 T 0.0 0 4.1 12 180 M M 10 15 180
23 75 52 64 4 1 0 0.05 0.0 0 7.7 21 110 M M 4 13 27 130
24 83 61 72 12 0 7 0.00 0.0 0 6.4 13 160 M M 5 1 17 160
25 88 64 76 16 0 11 0.03 0.0 0 10.3 22 190 M M 1 31 210
26 92 62 77 16 0 12 0.00 0.0 0 10.1 21 150 M M 1 28 160
27 90 70 80 19 0 15 T 0.0 0 9.6 20 170 M M 3 32 190
28 72 63 68 7 0 3 1.46 0.0 0 4.4 22 310 M M 8 13 28 310
29 67 54 61 -1 4 0 0.00 0.0 0 9.7 20 290 M M 5 29 310
30 69 46 58 -4 7 0 0.00 0.0 0 9.6 16 120 M M 4 23 320
31 71 40 56 -6 9 0 0.00 M 0 5.0 13 260 M M 0 20 200
================================================================================
SM 2103 1415 297 50 3.54 0.0 300.3 M 122
================================================================================
AV 67.8 45.7 9.7 FASTST M M 4 MAX(MPH)
MISC ----> # 29 280 # 42 300
================================================================================
NOTES:
# LAST OF SEVERAL OCCURRENCES
COLUMN 17 PEAK WIND IN M.P.H.
PRELIMINARY LOCAL CLIMATOLOGICAL DATA (WS FORM: F-6) , PAGE 2
STATION: FOND_DU_LAC WI
MONTH: MAY
YEAR: 2020
LATITUDE: 43 46 N
LONGITUDE: 88 29 W
[TEMPERATURE DATA] [PRECIPITATION DATA] SYMBOLS USED IN COLUMN 16
AVERAGE MONTHLY: 56.7 TOTAL FOR MONTH: 3.54 1 = FOG OR MIST
DPTR FM NORMAL: -0.6 DPTR FM NORMAL: 0.24 2 = FOG REDUCING VISIBILITY
HIGHEST: 92 ON 26 GRTST 24HR 1.81 ON 17-17 TO 1/4 MILE OR LESS
LOWEST: 26 ON 9 3 = THUNDER
SNOW, ICE PELLETS, HAIL 4 = ICE PELLETS
TOTAL MONTH: 0.0 INCH 5 = HAIL
GRTST 24HR 0.0 6 = FREEZING RAIN OR DRIZZLE
GRTST DEPTH: 0 7 = DUSTSTORM OR SANDSTORM:
VSBY 1/2 MILE OR LESS
8 = SMOKE OR HAZE
[NO. OF DAYS WITH] [WEATHER - DAYS WITH] 9 = BLOWING SNOW
X = TORNADO
MAX 32 OR BELOW: 0 0.01 INCH OR MORE: 7
MAX 90 OR ABOVE: 2 0.10 INCH OR MORE: 3
MIN 32 OR BELOW: 5 0.50 INCH OR MORE: 2
MIN 0 OR BELOW: 0 1.00 INCH OR MORE: 2
[HDD (BASE 65) ]
TOTAL THIS MO. 297 CLEAR (SCALE 0-3) 16
DPTR FM NORMAL 28 PTCLDY (SCALE 4-7) 9
TOTAL FM JUL 1 6863 CLOUDY (SCALE 8-10) 6
DPTR FM NORMAL -330
[CDD (BASE 65) ]
TOTAL THIS MO. 50
DPTR FM NORMAL 21 [PRESSURE DATA]
TOTAL FM JAN 1 50 HIGHEST SLP 30.38 ON 31
DPTR FM NORMAL 19 LOWEST SLP 29.76 ON 2
[REMARKS]
#FINAL-05-20#