000
CXUS52 KMFL 100148
CF6FLL
PRELIMINARY LOCAL CLIMATOLOGICAL DATA (WS FORM: F-6)
STATION: FORT LAUDERDALE
MONTH: APRIL
YEAR: 2023
LATITUDE: 26 4 N
LONGITUDE: 80 9 W
TEMPERATURE IN F: :PCPN: SNOW: WIND :SUNSHINE: SKY :PK WND
================================================================================
1 2 3 4 5 6A 6B 7 8 9 10 11 12 13 14 15 16 17 18
12Z AVG MX 2MIN
DY MAX MIN AVG DEP HDD CDD WTR SNW DPTH SPD SPD DIR MIN PSBL S-S WX SPD DR
================================================================================
1 85 75 80 6 0 15 0.03 0.0 0 11.6 22 140 M M 6 27 130
2 88 73 81 7 0 16 0.00 0.0 0 6.9 16 140 M M 4 1 22 130
3 86 74 80 5 0 15 0.00 0.0 0 8.1 17 130 M M 4 23 130
4 86 77 82 7 0 17 0.00 0.0 0 11.1 16 90 M M 2 23 130
5 86 77 82 7 0 17 0.00 0.0 0 15.7 21 120 M M 1 28 110
6 86 77 82 7 0 17 0.00 0.0 0 15.6 22 110 M M 2 27 100
7 84 76 80 5 0 15 0.00 0.0 0 12.9 21 110 M M 2 24 100
8 85 76 81 6 0 16 0.00 0.0 0 12.3 18 100 M M 2 27 140
9 87 71 79 3 0 14 0.00 0.0 0 7.6 20 60 M M 5 13 25 40
10 77 68 73 -3 0 8 1.80 0.0 0 11.8 24 70 M M 9 1 33 70
11 79 69 74 -2 0 9 0.45 0.0 0 20.0 27 100 M M 9 37 80
12 73 66 70 -6 0 522.50 0.0 0 18.1 35 100 M M 9 123 50 100
13 84 69 77 1 0 12 1.50 0.0 0 9.2 12 150 M M 5 M M
14 90 70 80 4 0 15 0.00 0.0 0 8.7 17 170 M M 6 1 21 130
15 86 75 81 5 0 16 0.00 0.0 0 6.4 16 140 M M 3 23 140
16 84 72 78 1 0 13 0.07 0.0 0 8.6 18 130 M M 6 3 28 240
17 84 68 76 -1 0 11 2.40 0.0 0 6.3 12 180 M M 7 3 17 260
18 81 66 74 -3 0 9 0.00 0.0 0 8.3 14 60 M M 3 22 50
19 81 68 75 -2 0 10 0.00 0.0 0 9.3 16 60 M M 6 20 40
20 82 73 78 1 0 13 0.00 0.0 0 12.5 16 80 M M 6 22 60
21 82 73 78 1 0 13 0.95 0.0 0 10.1 14 90 M M 5 22 160
22 86 73 80 3 0 15 0.00 0.0 0 5.5 15 130 M M 5 M M
23 82 72 77 0 0 12 0.00 0.0 0 7.3 15 110 M M 3 8 21 70
24 82 73 78 0 0 13 0.04 0.0 0 10.4 18 140 M M 6 3 M M
25 84 70 77 -1 0 12 0.90 0.0 0 8.7 14 160 M M 7 3 31 140
26 86 70 78 0 0 13 0.46 0.0 0 8.2 20 70 M M 5 3 30 70
27 88 73 81 3 0 16 0.00 0.0 0 9.9 18 180 M M 3 24 160
28 86 72 79 1 0 14 0.06 0.0 0 7.0 20 160 M M 6 3 27 160
29 88 77 83 5 0 18 0.00 0.0 0 9.6 20 150 M M 6 25 160
30 86 72 79 1 0 14 0.06 0.0 0 16.4 24 270 M M 5 36 260
================================================================================
SM 2524 2165 0 403 31.22 0.0 314.1 M 148
================================================================================
AV 84.1 72.2 10.5 FASTST M M 5 MAX(MPH)
MISC ----> 35 100 50 100
================================================================================
NOTES:
# LAST OF SEVERAL OCCURRENCES
COLUMN 17 PEAK WIND IN M.P.H.
PRELIMINARY LOCAL CLIMATOLOGICAL DATA (WS FORM: F-6) , PAGE 2
STATION: FORT LAUDERDALE
MONTH: APRIL
YEAR: 2023
LATITUDE: 26 4 N
LONGITUDE: 80 9 W
[TEMPERATURE DATA] [PRECIPITATION DATA] SYMBOLS USED IN COLUMN 16
AVERAGE MONTHLY: 78.1 TOTAL FOR MONTH: 31.22 1 = FOG OR MIST
DPTR FM NORMAL: 1.7 DPTR FM NORMAL: 28.20 2 = FOG REDUCING VISIBILITY
HIGHEST: 90 ON 14 GRTST 24HR 22.50 ON 12-12 TO 1/4 MILE OR LESS
LOWEST: 66 ON 18,12 3 = THUNDER
SNOW, ICE PELLETS, HAIL 4 = ICE PELLETS
TOTAL MONTH: 0.0 INCH 5 = HAIL
GRTST 24HR 0.0 6 = FREEZING RAIN OR DRIZZLE
GRTST DEPTH: 0 7 = DUSTSTORM OR SANDSTORM:
VSBY 1/2 MILE OR LESS
8 = SMOKE OR HAZE
[NO. OF DAYS WITH] [WEATHER - DAYS WITH] 9 = BLOWING SNOW
X = TORNADO
MAX 32 OR BELOW: 0 0.01 INCH OR MORE: 13
MAX 90 OR ABOVE: 1 0.10 INCH OR MORE: 8
MIN 32 OR BELOW: 0 0.50 INCH OR MORE: 6
MIN 0 OR BELOW: 0 1.00 INCH OR MORE: 4
[HDD (BASE 65) ]
TOTAL THIS MO. 0 CLEAR (SCALE 0-3) 6
DPTR FM NORMAL -1 PTCLDY (SCALE 4-7) 21
TOTAL FM JUL 1 72 CLOUDY (SCALE 8-10) 3
DPTR FM NORMAL -49
[CDD (BASE 65) ]
TOTAL THIS MO. 403
DPTR FM NORMAL 60 [PRESSURE DATA]
TOTAL FM JAN 1 1305 HIGHEST SLP M ON M
DPTR FM NORMAL 386 LOWEST SLP 29.94 ON 9
[REMARKS]
#FINAL-04-23#