000
CXUS55 KABQ 011247
CF6FMN
PRELIMINARY LOCAL CLIMATOLOGICAL DATA (WS FORM: F-6)
STATION: FARMINGTON NM
MONTH: OCTOBER
YEAR: 2023
LATITUDE: 36 45 N
LONGITUDE: 108 14 W
TEMPERATURE IN F: :PCPN: SNOW: WIND :SUNSHINE: SKY :PK WND
================================================================================
1 2 3 4 5 6A 6B 7 8 9 10 11 12 13 14 15 16 17 18
12Z AVG MX 2MIN
DY MAX MIN AVG DEP HDD CDD WTR SNW DPTH SPD SPD DIR MIN PSBL S-S WX SPD DR
================================================================================
1 83 54 69 9 0 4 0.00 M M 12.5 31 200 M M 0 39 200
2 72 44 58 -1 7 0 0.14 M M 10.1 28 280 M M 3 3 37 250
3 69 42 56 -3 9 0 0.00 M M 4.6 14 280 M M 2 18 230
4 73 39 56 -2 9 0 0.00 M M 7.2 20 280 M M 0 28 280
5 76 37 57 -1 8 0 0.00 M M 5.8 13 240 M M 0 17 250
6 80 37 59 1 6 0 0.00 M M 6.3 15 120 M M 0 18 120
7 80 48 64 7 1 0 0.00 M M 5.7 15 110 M M 0 22 90
8 82 42 62 5 3 0 0.00 M M 6.9 18 280 M M 0 27 280
9 80 40 60 4 5 0 0.00 M M 5.5 13 240 M M 0 19 230
10 79 44 62 6 3 0 0.00 M M 6.9 22 60 M M 2 26 70
11 77 45 61 6 4 0 0.00 M M 13.2 31 290 M M 3 8 42 290
12 61 39 50 -5 15 0 0.00 M M 13.1 31 280 M M 1 42 290
13 65 30 48 -6 17 0 0.00 M M 4.5 17 240 M M 0 22 250
14 70 35 53 -1 12 0 0.00 M M 6.4 16 280 M M 0 21 280
15 73 32 53 -1 12 0 0.00 M M 6.7 17 280 M M 0 21 280
16 76 36 56 3 9 0 0.00 M M 6.1 13 280 M M 0 19 270
17 79 38 59 6 6 0 0.00 M M 7.9 23 280 M M 0 30 250
18 80 39 60 8 5 0 0.00 M M 10.2 26 280 M M 0 38 280
19 79 41 60 8 5 0 0.00 M M 6.5 13 240 M M 0 18 280
20 80 39 60 8 5 0 0.00 M M 6.1 16 290 M M 0 19 280
21 83 39 61 10 4 0 0.00 M M 6.9 12 360 M M 0 15 130
22 79 39 59 8 6 0 0.00 M M 6.3 13 280 M M 0 16 280
23 78 41 60 10 5 0 0.00 M M 6.2 16 220 M M 1 28 230
24 70 46 58 8 7 0 T M M 4.9 14 290 M M 4 20 300
25 71 38 55 5 10 0 0.00 M M 6.2 22 280 M M 0 31 260
26 68 34 51 2 14 0 0.00 M M 5.0 18 260 M M 2 24 260
27 68 38 53 4 12 0 0.00 M M 6.3 13 210 M M 2 20 210
28 67 43 55 7 10 0 0.00 M M 6.4 20 280 M M 4 25 250
29 54 30 42 -6 23 0 0.00 M M 13.5 28 280 M M 1 36 260
30 49 23 36 -12 29 0 0.00 M M 5.5 15 100 M M 0 18 110
31 57 19 38 -9 27 0 0.00 M M 5.0 9 10 M M 0 13 280
================================================================================
SM 2258 1191 288 4 0.14 M 224.4 M 25
================================================================================
AV 72.8 38.4 7.2 FASTST M M 1 MAX(MPH)
MISC ----> # 31 200 # 42 290
================================================================================
NOTES:
# LAST OF SEVERAL OCCURRENCES
COLUMN 17 PEAK WIND IN M.P.H.
PRELIMINARY LOCAL CLIMATOLOGICAL DATA (WS FORM: F-6) , PAGE 2
STATION: FARMINGTON NM
MONTH: OCTOBER
YEAR: 2023
LATITUDE: 36 45 N
LONGITUDE: 108 14 W
[TEMPERATURE DATA] [PRECIPITATION DATA] SYMBOLS USED IN COLUMN 16
AVERAGE MONTHLY: 55.6 TOTAL FOR MONTH: 0.14 1 = FOG OR MIST
DPTR FM NORMAL: 2.3 DPTR FM NORMAL: -0.65 2 = FOG REDUCING VISIBILITY
HIGHEST: 83 ON 21, 1 GRTST 24HR 0.14 ON 2- 2 TO 1/4 MILE OR LESS
LOWEST: 19 ON 31 3 = THUNDER
SNOW, ICE PELLETS, HAIL 4 = ICE PELLETS
TOTAL MONTH: M 5 = HAIL
GRTST 24HR M ON M 6 = FREEZING RAIN OR DRIZZLE
GRTST DEPTH: M ON M 7 = DUSTSTORM OR SANDSTORM:
VSBY 1/2 MILE OR LESS
8 = SMOKE OR HAZE
[NO. OF DAYS WITH] [WEATHER - DAYS WITH] 9 = BLOWING SNOW
X = TORNADO
MAX 32 OR BELOW: 0 0.01 INCH OR MORE: 1
MAX 90 OR ABOVE: 0 0.10 INCH OR MORE: 1
MIN 32 OR BELOW: 5 0.50 INCH OR MORE: 0
MIN 0 OR BELOW: 0 1.00 INCH OR MORE: 0
[HDD (BASE 65) ]
TOTAL THIS MO. 288 CLEAR (SCALE 0-3) 27
DPTR FM NORMAL -77 PTCLDY (SCALE 4-7) 4
TOTAL FM JUL 1 299 CLOUDY (SCALE 8-10) 0
DPTR FM NORMAL -124
[CDD (BASE 65) ]
TOTAL THIS MO. 4
DPTR FM NORMAL 1 [PRESSURE DATA]
TOTAL FM JAN 1 1064 HIGHEST SLP 30.53 ON 31
DPTR FM NORMAL 69 LOWEST SLP 29.36 ON 11
[REMARKS]
#FINAL-10-23#