000
CXUS52 KTBW 051743
CF6FMY
PRELIMINARY LOCAL CLIMATOLOGICAL DATA (WS FORM: F-6)
STATION: FORT MYERS
MONTH: NOVEMBER
YEAR: 2022
LATITUDE: 26 34 N
LONGITUDE: 81 52 W
TEMPERATURE IN F: :PCPN: SNOW: WIND :SUNSHINE: SKY :PK WND
================================================================================
1 2 3 4 5 6A 6B 7 8 9 10 11 12 13 14 15 16 17 18
12Z AVG MX 2MIN
DY MAX MIN AVG DEP HDD CDD WTR SNW DPTH SPD SPD DIR MIN PSBL S-S WX SPD DR
================================================================================
1 92 73 83 9 0 18 T 0.0 0 4.6 13 130 M M 4 123 18 130
2 92 76 84 10 0 19 0.01 0.0 0 7.0 15 320 M M 3 13 20 320
3 91 73 82 8 0 17 0.18 0.0 0 6.2 18 60 M M 6 1 27 60
4 88 69 79 5 0 14 0.00 0.0 0 9.1 18 40 M M 1 24 40
5 89 69 79 6 0 14 0.00 0.0 0 6.6 13 120 M M 2 20 110
6 90 72 81 8 0 16 0.00 0.0 0 8.3 16 60 M M 2 23 80
7 88 70 79 6 0 14 0.00 0.0 0 11.0 22 60 M M 1 30 50
8 88 70 79 6 0 14 0.00 0.0 0 13.9 24 60 M M 4 34 60
9 82 69 76 4 0 11 0.07 0.0 0 16.4 28 10 M M 8 1 37 360
10 79 69 74 2 0 9 1.34 0.0 0 13.7 24 300 M M 8 1 35 300
11 85 72 79 7 0 14 0.00 0.0 0 6.6 16 220 M M 2 26 240
12 85 72 79 7 0 14 0.00 0.0 0 4.2 13 250 M M 6 12 19 260
13 85 68 77 5 0 12 0.29 0.0 0 5.6 14 320 M M 1 1 18 340
14 85 69 77 5 0 12 0.00 0.0 0 4.7 10 290 M M 5 1 14 290
15 86 70 78 7 0 13 0.00 0.0 0 3.7 12 230 M M 1 17 240
16 85 70 78 7 0 13 0.00 0.0 0 6.6 17 330 M M 5 12 23 320
17 76 60 68 -3 0 3 0.00 0.0 0 11.4 18 40 M M 3 24 10
18 71 57 64 -7 1 0 0.00 0.0 0 10.8 17 30 M M 5 23 50
19 81 60 71 0 0 6 0.00 0.0 0 11.1 20 50 M M 1 27 50
20 70 62 66 -5 0 1 0.09 0.0 0 14.6 23 30 M M 10 1 33 50
21 82 64 73 2 0 8 T 0.0 0 11.1 21 90 M M 6 28 70
22 80 70 75 5 0 10 0.00 0.0 0 9.6 15 40 M M 8 1 20 40
23 82 71 77 7 0 12 0.00 0.0 0 4.8 12 30 M M 6 1 16 360
24 87 70 79 9 0 14 0.00 0.0 0 5.3 9 120 M M 5 1 14 130
25 86 71 79 9 0 14 0.00 0.0 0 4.1 14 240 M M 2 1 23 250
26 88 72 80 10 0 15 0.00 0.0 0 4.6 13 230 M M 5 1 16 200
27 85 72 79 9 0 14 0.00 0.0 0 6.3 16 210 M M 4 1 24 220
28 83 68 76 6 0 11 T 0.0 0 5.7 13 50 M M 5 1 16 20
29 86 64 75 5 0 10 0.00 0.0 0 7.9 16 120 M M 0 22 80
30 87 68 78 9 0 13 0.00 0.0 0 5.2 12 260 M M 1 16 290
================================================================================
SM 2534 2060 1 355 1.98 0.0 240.7 M 120
================================================================================
AV 84.5 68.7 8.0 FASTST M M 4 MAX(MPH)
MISC ----> 28 10 37 360
================================================================================
NOTES:
# LAST OF SEVERAL OCCURRENCES
COLUMN 17 PEAK WIND IN M.P.H.
PRELIMINARY LOCAL CLIMATOLOGICAL DATA (WS FORM: F-6) , PAGE 2
STATION: FORT MYERS
MONTH: NOVEMBER
YEAR: 2022
LATITUDE: 26 34 N
LONGITUDE: 81 52 W
[TEMPERATURE DATA] [PRECIPITATION DATA] SYMBOLS USED IN COLUMN 16
AVERAGE MONTHLY: 76.6 TOTAL FOR MONTH: 1.98 1 = FOG OR MIST
DPTR FM NORMAL: 5.1 DPTR FM NORMAL: 0.20 2 = FOG REDUCING VISIBILITY
HIGHEST: 92 ON 2, 1 GRTST 24HR 1.39 ON 9-10 TO 1/4 MILE OR LESS
LOWEST: 57 ON 18 3 = THUNDER
SNOW, ICE PELLETS, HAIL 4 = ICE PELLETS
TOTAL MONTH: 0.0 INCH 5 = HAIL
GRTST 24HR 0.0 6 = FREEZING RAIN OR DRIZZLE
GRTST DEPTH: 0 7 = DUSTSTORM OR SANDSTORM:
VSBY 1/2 MILE OR LESS
8 = SMOKE OR HAZE
[NO. OF DAYS WITH] [WEATHER - DAYS WITH] 9 = BLOWING SNOW
X = TORNADO
MAX 32 OR BELOW: 0 0.01 INCH OR MORE: 6
MAX 90 OR ABOVE: 4 0.10 INCH OR MORE: 3
MIN 32 OR BELOW: 0 0.50 INCH OR MORE: 1
MIN 0 OR BELOW: 0 1.00 INCH OR MORE: 1
[HDD (BASE 65) ]
TOTAL THIS MO. 1 CLEAR (SCALE 0-3) 13
DPTR FM NORMAL -15 PTCLDY (SCALE 4-7) 15
TOTAL FM JUL 1 1 CLOUDY (SCALE 8-10) 2
DPTR FM NORMAL -13
[CDD (BASE 65) ]
TOTAL THIS MO. 355
DPTR FM NORMAL 143 [PRESSURE DATA]
TOTAL FM JAN 1 4625 HIGHEST SLP 30.22 ON 18
DPTR FM NORMAL 714 LOWEST SLP 29.51 ON 10
[REMARKS]
#FINAL-11-22#