000
CXUS53 KOAX 011030
CF6FNB
PRELIMINARY LOCAL CLIMATOLOGICAL DATA (WS FORM: F-6)
STATION: FALLS CITY NE
MONTH: NOVEMBER
YEAR: 2023
LATITUDE: 40 4 N
LONGITUDE: 95 35 W
TEMPERATURE IN F: :PCPN: SNOW: WIND :SUNSHINE: SKY :PK WND
================================================================================
1 2 3 4 5 6A 6B 7 8 9 10 11 12 13 14 15 16 17 18
12Z AVG MX 2MIN
DY MAX MIN AVG DEP HDD CDD WTR SNW DPTH SPD SPD DIR MIN PSBL S-S WX SPD DR
================================================================================
1 53 15 34 -14 31 0 0.00 M M 7.7 21 190 M M 0 28 190
2 64 27 46 -1 19 0 0.00 M M 7.4 16 190 M M 0 25 160
3 65 43 54 7 11 0 T M M 10.0 18 220 M M 1 26 220
4 55 34 45 -1 20 0 T M M 1.7 8 170 M M 2 128 9 170
5 69 32 51 5 14 0 0.00 M M 7.6 18 190 M M 1 12 27 190
6 74 44 59 14 6 0 0.00 M M 3.4 9 340 M M 0 14 190
7 74 35 55 10 10 0 0.00 M M 6.0 16 150 M M 4 1 23 120
8 68 46 57 13 8 0 0.00 M M 9.7 22 350 M M 5 12 36 340
9 63 32 48 4 17 0 0.00 M M 6.5 18 320 M M 1 26 310
10 53 26 40 -4 25 0 0.00 M M 4.1 9 110 M M 0 11 140
11 54 31 43 0 22 0 T M M 8.1 15 170 M M 6 22 180
12 70 38 54 11 11 0 0.00 M M 8.3 18 200 M M 0 24 210
13 71 29 50 8 15 0 0.00 M M 6.0 16 150 M M 0 8 21 150
14 71 37 54 12 11 0 0.00 M M 10.2 23 220 M M 0 8 32 180
15 71 39 55 14 10 0 0.00 M M 6.6 18 200 M M 0 24 200
16 65 47 56 15 9 0 0.00 M M 13.2 26 190 M M 3 39 190
17 53 31 42 2 23 0 0.00 M M 5.3 13 360 M M 0 18 340
18 68 28 48 8 17 0 0.00 M M 3.3 15 210 M M 0 8 17 210
19 55 42 49 9 16 0 0.19 M M 9.8 21 110 M M 5 1 28 100
20 46 43 45 6 20 0 0.44 M M 11.7 18 80 M M 10 1 25 20
21 46 28 37 -2 28 0 T M M 12.8 29 330 M M 4 1 42 320
22 54 23 39 1 26 0 0.00 M M 6.7 16 200 M M 0 21 210
23 45 29 37 -1 28 0 0.00 M M 11.2 20 20 M M 0 29 20
24 33 24 29 -9 36 0 0.00 M M 10.9 16 40 M M 2 23 40
25 29 25 27 -10 38 0 0.26 M M 4.3 9 310 M M 7 128 13 290
26 39 20 30 -7 35 0 0.03 M M 9.5 22 310 M M 5 1 30 310
27 37 16 27 -9 38 0 0.00 M M 4.6 13 230 M M 0 16 230
28 40 12 26 -10 39 0 0.00 M M 6.3 18 160 M M 0 1 26 170
29 53 23 38 2 27 0 0.00 M M 5.7 13 190 M M 0 19 200
30 47 36 42 7 23 0 0.00 M M 8.3 18 20 M M 1 28 20
================================================================================
SM 1685 935 633 0 0.92 M 226.9 M 57
================================================================================
AV 56.2 31.2 7.6 FASTST M M 2 MAX(MPH)
MISC ----> 29 330 42 320
================================================================================
NOTES:
# LAST OF SEVERAL OCCURRENCES
COLUMN 17 PEAK WIND IN M.P.H.
PRELIMINARY LOCAL CLIMATOLOGICAL DATA (WS FORM: F-6) , PAGE 2
STATION: FALLS CITY NE
MONTH: NOVEMBER
YEAR: 2023
LATITUDE: 40 4 N
LONGITUDE: 95 35 W
[TEMPERATURE DATA] [PRECIPITATION DATA] SYMBOLS USED IN COLUMN 16
AVERAGE MONTHLY: 43.7 TOTAL FOR MONTH: 0.92 1 = FOG OR MIST
DPTR FM NORMAL: 2.5 DPTR FM NORMAL: -0.88 2 = FOG REDUCING VISIBILITY
HIGHEST: 74 ON 7, 6 GRTST 24HR 0.55 ON 19-20 TO 1/4 MILE OR LESS
LOWEST: 12 ON 28 3 = THUNDER
SNOW, ICE PELLETS, HAIL 4 = ICE PELLETS
TOTAL MONTH: M 5 = HAIL
GRTST 24HR M ON M 6 = FREEZING RAIN OR DRIZZLE
GRTST DEPTH: M ON M 7 = DUSTSTORM OR SANDSTORM:
VSBY 1/2 MILE OR LESS
8 = SMOKE OR HAZE
[NO. OF DAYS WITH] [WEATHER - DAYS WITH] 9 = BLOWING SNOW
X = TORNADO
MAX 32 OR BELOW: 1 0.01 INCH OR MORE: 4
MAX 90 OR ABOVE: 0 0.10 INCH OR MORE: 3
MIN 32 OR BELOW: 18 0.50 INCH OR MORE: 0
MIN 0 OR BELOW: 0 1.00 INCH OR MORE: 0
[HDD (BASE 65) ]
TOTAL THIS MO. 633 CLEAR (SCALE 0-3) 22
DPTR FM NORMAL -82 PTCLDY (SCALE 4-7) 7
TOTAL FM JUL 1 931 CLOUDY (SCALE 8-10) 1
DPTR FM NORMAL -205
[CDD (BASE 65) ]
TOTAL THIS MO. 0
DPTR FM NORMAL -1 [PRESSURE DATA]
TOTAL FM JAN 1 1351 HIGHEST SLP 30.58 ON 24
DPTR FM NORMAL 113 LOWEST SLP 29.59 ON 8
[REMARKS]
#FINAL-11-23#