000
CXUS55 KBOU 010900
CF6FNL
PRELIMINARY LOCAL CLIMATOLOGICAL DATA (WS FORM: F-6)
STATION: FT COLLINS/LOVELAND CO
MONTH: JUNE
YEAR: 2023
LATITUDE: 40 27 N
LONGITUDE: 105 1 W
TEMPERATURE IN F: :PCPN: SNOW: WIND :SUNSHINE: SKY :PK WND
================================================================================
1 2 3 4 5 6A 6B 7 8 9 10 11 12 13 14 15 16 17 18
12Z AVG MX 2MIN
DY MAX MIN AVG DEP HDD CDD WTR SNW DPTH SPD SPD DIR MIN PSBL S-S WX SPD DR
================================================================================
1 74 52 63 M 2 0 M M M 5.5 13 180 M M 4 30 270
2 71 53 62 M 3 0 M M M 6.3 15 270 M M 7 M M
3 67 54 61 M 4 0 M M M 3.0 7 320 M M 8 1 M M
4 60 52 56 M 9 0 M M M 4.9 12 280 M M 9 1 16 99
5 74 53 64 M 1 0 M M M 5.3 16 240 M M 7 123 20 250
6 76 49 63 M 2 0 M M M 5.3 9 360 M M 0 1 M M
7 82 51 67 M 0 2 M M M 6.4 17 300 M M 2 3 23 300
8 81 54 68 M 0 3 M M M 5.2 15 120 M M 1 3 20 120
9 82 57 70 M 0 5 M M M 5.8 14 30 M M 1 3 18 360
10 78 50 64 M 1 0 M M M 5.4 25 260 M M 1 35 350
11 68 50 59 M 6 0 M M M 6.0 23 310 M M 9 13 33 50
12 64 52 58 M 7 0 M M M 6.6 16 70 M M 6 13 23 120
13 71 52 62 M 3 0 M M M 5.0 12 230 M M 6 1 M M
14 78 47 63 M 2 0 M M M 5.7 17 30 M M 1 22 30
15 80 54 67 M 0 2 M M M 6.5 22 90 M M 6 3 25 90
16 65 52 59 M 6 0 M M M 4.7 16 20 M M 8 123 M M
17 75 47 61 M 4 0 M M M 4.7 12 100 M M 2 13 M M
18 83 50 67 M 0 2 M M M 7.0 17 180 M M 1 23 180
19 M M M M M M M M M M M M M M M M M
20 86 53 70 M 0 5 M M M 6.0 8 160 M M 0 M M
21 82 56 69 M 0 4 M M M 7.1 20 70 M M 6 13 32 80
22 78 57 68 M 0 3 M M M 9.8 20 130 M M 4 24 180
23 82 59 71 M 0 6 M M M 5.9 20 300 M M 6 27 300
24 83 51 67 M 0 2 M M M 8.8 18 80 M M 0 33 100
25 82 53 68 M 0 3 M M M 5.8 12 80 M M 1 M M
26 88 53 71 M 0 6 M M M 6.5 10 60 M M 0 17 60
27 92 61 77 M 0 12 M M M 8.9 21 270 M M 2 1 37 270
28 89 61 75 M 0 10 M M M 7.1 15 60 M M 1 22 60
29 85 56 71 M 0 6 M M M 9.9 25 340 M M 3 33 350
30 71 53 62 M 3 0 M M M 5.9 13 90 M M 2 M M
================================================================================
SM 2247 1542 53 71 M M 181.0 M 104
================================================================================
AV 77.5 53.2 6.2 FASTST M M 4 MAX(MPH)
MISC ----> # 25 340 37 270
================================================================================
NOTES:
# LAST OF SEVERAL OCCURRENCES
COLUMN 17 PEAK WIND IN M.P.H.
PRELIMINARY LOCAL CLIMATOLOGICAL DATA (WS FORM: F-6) , PAGE 2
STATION: FT COLLINS/LOVELAND CO
MONTH: JUNE
YEAR: 2023
LATITUDE: 40 27 N
LONGITUDE: 105 1 W
[TEMPERATURE DATA] [PRECIPITATION DATA] SYMBOLS USED IN COLUMN 16
AVERAGE MONTHLY: 65.3 TOTAL FOR MONTH: M 1 = FOG OR MIST
DPTR FM NORMAL: 0.0 DPTR FM NORMAL: M 2 = FOG REDUCING VISIBILITY
HIGHEST: 92 ON 27 GRTST 24HR 2.67 ON 11-12 TO 1/4 MILE OR LESS
LOWEST: 47 ON 14,17 3 = THUNDER
SNOW, ICE PELLETS, HAIL 4 = ICE PELLETS
TOTAL MONTH: M 5 = HAIL
GRTST 24HR M ON M 6 = FREEZING RAIN OR DRIZZLE
GRTST DEPTH: M ON M 7 = DUSTSTORM OR SANDSTORM:
VSBY 1/2 MILE OR LESS
8 = SMOKE OR HAZE
[NO. OF DAYS WITH] [WEATHER - DAYS WITH] 9 = BLOWING SNOW
X = TORNADO
MAX 32 OR BELOW: 0 0.01 INCH OR MORE: 0
MAX 90 OR ABOVE: 1 0.10 INCH OR MORE: 0
MIN 32 OR BELOW: 0 0.50 INCH OR MORE: 0
MIN 0 OR BELOW: 0 1.00 INCH OR MORE: 0
[HDD (BASE 65) ]
TOTAL THIS MO. 53 CLEAR (SCALE 0-3) 15
DPTR FM NORMAL M PTCLDY (SCALE 4-7) 11
TOTAL FM JUL 1 6318 CLOUDY (SCALE 8-10) 4
DPTR FM NORMAL M
[CDD (BASE 65) ]
TOTAL THIS MO. 71
DPTR FM NORMAL M [PRESSURE DATA]
TOTAL FM JAN 1 75 HIGHEST SLP 30.15 ON 4
DPTR FM NORMAL M LOWEST SLP 29.57 ON 27
[REMARKS]
#FINAL-06-23#