000
CXUS53 KDTX 011929
CF6FNT
PRELIMINARY LOCAL CLIMATOLOGICAL DATA (WS FORM: F-6)
STATION: FLINT MI
MONTH: MARCH
YEAR: 2022
LATITUDE: 42 58 N
LONGITUDE: 83 44 W
TEMPERATURE IN F: :PCPN: SNOW: WIND :SUNSHINE: SKY :PK WND
================================================================================
1 2 3 4 5 6A 6B 7 8 9 10 11 12 13 14 15 16 17 18
12Z AVG MX 2MIN
DY MAX MIN AVG DEP HDD CDD WTR SNW DPTH SPD SPD DIR MIN PSBL S-S WX SPD DR
================================================================================
1 44 26 35 6 30 0 0.00 0.0 2 9.2 20 280 M M 3 26 280
2 42 20 31 2 34 0 0.03 T 0 8.1 25 340 M M 5 1 34 340
3 30 19 25 -4 40 0 0.00 0.0 T 8.7 20 10 M M 0 27 10
4 39 17 28 -2 37 0 0.00 0.0 T 5.1 13 240 M M 0 18 230
5 60 27 44 14 21 0 0.00 0.0 0 10.8 24 200 M M 2 36 220
6 61 33 47 17 18 0 0.04 0.0 0 15.3 35 250 M M 7 3 56 260
7 35 30 33 2 32 0 0.28 1.2 T 9.7 21 290 M M 9 16 29 280
8 38 28 33 2 32 0 T T 1 6.9 15 220 M M 7 22 250
9 45 25 35 3 30 0 0.00 0.0 T 8.8 22 270 M M 2 29 290
10 37 22 30 -2 35 0 0.03 0.3 0 5.5 13 280 M M 4 1 19 310
11 28 19 24 -8 41 0 0.18 4.1 3 9.7 25 290 M M 8 18 36 280
12 20 8 14 -19 51 0 T T 3 14.8 28 290 M M 3 8 38 290
13 41 9 25 -8 40 0 T T 3 11.5 21 270 M M 6 29 290
14 54 30 42 9 23 0 0.00 0.0 1 7.5 16 230 M M 3 23 230
15 47 27 37 3 28 0 0.00 0.0 0 5.5 12 80 M M 6 1 14 60
16 64 25 45 11 20 0 0.00 0.0 0 6.4 15 230 M M 6 128 21 230
17 71 45 58 24 7 0 T 0.0 0 7.4 20 230 M M 4 26 240
18 52 39 46 11 19 0 0.25 0.0 0 11.2 22 60 M M 7 13 27 50
19 46 37 42 7 23 0 0.19 0.0 0 8.1 20 290 M M 10 12 25 280
20 56 32 44 8 21 0 0.03 0.0 0 9.5 17 290 M M 3 1 23 270
21 59 28 44 8 21 0 0.00 0.0 0 7.0 22 70 M M 2 30 70
22 45 34 40 4 25 0 0.32 0.0 0 12.8 22 90 M M 6 1 31 120
23 48 37 43 6 22 0 0.68 0.0 0 15.2 26 110 M M 10 13 39 120
24 48 39 44 7 21 0 0.11 0.0 0 10.8 21 210 M M 10 1 31 220
25 45 35 40 2 25 0 0.02 T 0 11.8 20 280 M M 10 27 250
26 37 24 31 -7 34 0 0.04 1.1 T 16.5 24 290 M M 10 1 32 290
27 29 18 24 -14 41 0 T T T 16.7 26 290 M M 8 36 320
28 30 17 24 -15 41 0 T T T 10.4 22 360 M M 5 29 340
29 42 15 29 -10 36 0 0.00 0.0 0 7.5 15 120 M M 3 19 120
30 52 31 42 2 23 0 0.26 0.1 T 12.3 23 120 M M 10 146 32 130
31 63 33 48 8 17 0 0.01 T 0 19.5 36 220 M M 9 1 57 220
================================================================================
SM 1408 829 888 0 2.47 6.8 320.2 M 178
================================================================================
AV 45.4 26.7 10.3 FASTST M M 6 MAX(MPH)
MISC ----> 36 220 57 220
================================================================================
NOTES:
# LAST OF SEVERAL OCCURRENCES
COLUMN 17 PEAK WIND IN M.P.H.
PRELIMINARY LOCAL CLIMATOLOGICAL DATA (WS FORM: F-6) , PAGE 2
STATION: FLINT MI
MONTH: MARCH
YEAR: 2022
LATITUDE: 42 58 N
LONGITUDE: 83 44 W
[TEMPERATURE DATA] [PRECIPITATION DATA] SYMBOLS USED IN COLUMN 16
AVERAGE MONTHLY: 36.1 TOTAL FOR MONTH: 2.47 1 = FOG OR MIST
DPTR FM NORMAL: 1.9 DPTR FM NORMAL: 0.50 2 = FOG REDUCING VISIBILITY
HIGHEST: 71 ON 17 GRTST 24HR 0.93 ON 22-23 TO 1/4 MILE OR LESS
LOWEST: 8 ON 12 3 = THUNDER
SNOW, ICE PELLETS, HAIL 4 = ICE PELLETS
TOTAL MONTH: 6.8 INCHES 5 = HAIL
GRTST 24HR 4.1 ON 11-11 6 = FREEZING RAIN OR DRIZZLE
GRTST DEPTH: 3 ON 13,12 7 = DUSTSTORM OR SANDSTORM:
VSBY 1/2 MILE OR LESS
8 = SMOKE OR HAZE
[NO. OF DAYS WITH] [WEATHER - DAYS WITH] 9 = BLOWING SNOW
X = TORNADO
MAX 32 OR BELOW: 5 0.01 INCH OR MORE: 15
MAX 90 OR ABOVE: 0 0.10 INCH OR MORE: 8
MIN 32 OR BELOW: 22 0.50 INCH OR MORE: 1
MIN 0 OR BELOW: 0 1.00 INCH OR MORE: 0
[HDD (BASE 65) ]
TOTAL THIS MO. 888 CLEAR (SCALE 0-3) 8
DPTR FM NORMAL -68 PTCLDY (SCALE 4-7) 15
TOTAL FM JUL 1 5513 CLOUDY (SCALE 8-10) 8
DPTR FM NORMAL -438
[CDD (BASE 65) ]
TOTAL THIS MO. 0
DPTR FM NORMAL -1 [PRESSURE DATA]
TOTAL FM JAN 1 0 HIGHEST SLP 30.52 ON 4
DPTR FM NORMAL -1 LOWEST SLP 29.04 ON 31
[REMARKS]
#FINAL-03-22#
CORRECTED SNOW DEPTH ON 3/10.