000
CXUS53 KDTX 010635
CF6FNT
PRELIMINARY LOCAL CLIMATOLOGICAL DATA (WS FORM: F-6)
STATION: FLINT MI
MONTH: JUNE
YEAR: 2021
LATITUDE: 42 58 N
LONGITUDE: 83 44 W
TEMPERATURE IN F: :PCPN: SNOW: WIND :SUNSHINE: SKY :PK WND
================================================================================
1 2 3 4 5 6A 6B 7 8 9 10 11 12 13 14 15 16 17 18
12Z AVG MX 2MIN
DY MAX MIN AVG DEP HDD CDD WTR SNW DPTH SPD SPD DIR MIN PSBL S-S WX SPD DR
================================================================================
1 77 45 61 -2 4 0 0.00 0.0 0 4.3 12 230 M M 2 17 280
2 75 47 61 -2 4 0 0.67 0.0 0 6.3 18 140 M M 6 1 27 130
3 80 60 70 6 0 5 0.04 0.0 0 3.7 10 200 M M 5 1 13 210
4 86 63 75 11 0 10 T 0.0 0 9.3 23 260 M M 4 36 260
5 87 68 78 14 0 13 0.00 0.0 0 10.9 23 230 M M 0 33 220
6 88 69 79 14 0 14 0.00 0.0 0 8.8 18 220 M M 1 26 230
7 82 69 76 11 0 11 T 0.0 0 6.7 14 200 M M 3 1 22 180
8 86 69 78 13 0 13 0.00 0.0 0 4.4 17 200 M M 5 3 22 200
9 88 65 77 11 0 12 T 0.0 0 5.3 16 80 M M 1 1 21 90
10 87 64 76 10 0 11 0.00 0.0 0 4.4 13 100 M M 1 1 17 170
11 92 61 77 11 0 12 0.82 0.0 0 3.5 36 330 M M 2 13 50 340
12 84 61 73 7 0 8 0.01 0.0 0 3.3 16 320 M M 2 1 21 330
13 82 60 71 4 0 6 0.00 0.0 0 7.6 17 330 M M 3 1 26 320
14 76 58 67 0 0 2 0.32 0.0 0 9.2 28 330 M M 5 13 38 360
15 74 47 61 -6 4 0 0.00 0.0 0 9.5 20 340 M M 1 30 320
16 75 42 59 -8 6 0 0.00 0.0 0 2.8 16 320 M M 0 22 340
17 83 48 66 -2 0 1 0.00 0.0 M 5.7 14 230 M M 0 19 170
18 81 64 73 5 0 8 0.40 0.0 0 9.5 18 240 M M 4 13 27 260
19 74 59 67 -1 0 2 0.13 0.0 0 5.5 22 320 M M 4 13 36 320
20 83 59 71 3 0 6 0.31 0.0 0 4.0 25 240 M M 4 1 38 240
21 75 47 61 -8 4 0 0.41 0.0 0 12.7 29 280 M M 6 13 39 270
22 65 42 54 -15 11 0 0.01 0.0 0 4.7 23 260 M M 3 34 250
23 72 45 59 -10 6 0 T 0.0 0 7.2 20 240 M M 5 27 240
24 78 63 71 2 0 6 0.09 0.0 0 9.0 18 200 M M 3 13 29 200
25 74 67 71 2 0 6 1.00 0.0 0 9.2 17 260 M M 9 1 28 260
26 81 67 74 4 0 9 1.42 0.0 0 8.3 20 290 M M 7 13 30 200
27 85 71 78 8 0 13 0.13 0.0 0 9.5 21 290 M M 8 1 35 210
28 87 65 76 6 0 11 0.39 0.0 0 4.9 26 340 M M 5 13 33 340
29 87 68 78 8 0 13 0.25 0.0 0 6.9 28 250 M M 2 3 43 240
30 84 66 75 5 0 10 0.00 0.0 0 6.7 12 290 M M 3 17 310
================================================================================
SM 2428 1779 39 202 6.40 0.0 203.8 M 104
================================================================================
AV 80.9 59.3 6.8 FASTST M M 3 MAX(MPH)
MISC ----> 36 330 50 340
================================================================================
NOTES:
# LAST OF SEVERAL OCCURRENCES
COLUMN 17 PEAK WIND IN M.P.H.
PRELIMINARY LOCAL CLIMATOLOGICAL DATA (WS FORM: F-6) , PAGE 2
STATION: FLINT MI
MONTH: JUNE
YEAR: 2021
LATITUDE: 42 58 N
LONGITUDE: 83 44 W
[TEMPERATURE DATA] [PRECIPITATION DATA] SYMBOLS USED IN COLUMN 16
AVERAGE MONTHLY: 70.1 TOTAL FOR MONTH: 6.40 1 = FOG OR MIST
DPTR FM NORMAL: 3.0 DPTR FM NORMAL: 3.28 2 = FOG REDUCING VISIBILITY
HIGHEST: 92 ON 11 GRTST 24HR 1.73 ON 25-26 TO 1/4 MILE OR LESS
LOWEST: 42 ON 22,16 3 = THUNDER
SNOW, ICE PELLETS, HAIL 4 = ICE PELLETS
TOTAL MONTH: 0.0 INCH 5 = HAIL
GRTST 24HR 0.0 6 = FREEZING RAIN OR DRIZZLE
GRTST DEPTH: 0 7 = DUSTSTORM OR SANDSTORM:
VSBY 1/2 MILE OR LESS
8 = SMOKE OR HAZE
[NO. OF DAYS WITH] [WEATHER - DAYS WITH] 9 = BLOWING SNOW
X = TORNADO
MAX 32 OR BELOW: 0 0.01 INCH OR MORE: 16
MAX 90 OR ABOVE: 1 0.10 INCH OR MORE: 12
MIN 32 OR BELOW: 0 0.50 INCH OR MORE: 4
MIN 0 OR BELOW: 0 1.00 INCH OR MORE: 2
[HDD (BASE 65) ]
TOTAL THIS MO. 39 CLEAR (SCALE 0-3) 14
DPTR FM NORMAL -19 PTCLDY (SCALE 4-7) 15
TOTAL FM JUL 1 6086 CLOUDY (SCALE 8-10) 1
DPTR FM NORMAL -764
[CDD (BASE 65) ]
TOTAL THIS MO. 202
DPTR FM NORMAL 83 [PRESSURE DATA]
TOTAL FM JAN 1 269 HIGHEST SLP M ON M
DPTR FM NORMAL 113 LOWEST SLP 29.41 ON 21
[REMARKS]
#FINAL-06-21#