000
CXUS54 KTSA 011148
CF6FSM
PRELIMINARY LOCAL CLIMATOLOGICAL DATA (WS FORM: F-6)
STATION: FORT SMITH ARKANSAS
MONTH: AUGUST
YEAR: 2021
LATITUDE: 35 19 N
LONGITUDE: 94 22 W
TEMPERATURE IN F: :PCPN: SNOW: WIND :SUNSHINE: SKY :PK WND
================================================================================
1 2 3 4 5 6A 6B 7 8 9 10 11 12 13 14 15 16 17 18
12Z AVG MX 2MIN
DY MAX MIN AVG DEP HDD CDD WTR SNW DPTH SPD SPD DIR MIN PSBL S-S WX SPD DR
================================================================================
1 89 76 83 -1 0 18 T 0.0 0 5.5 17 60 M M 4 3 21 70
2 90 74 82 -2 0 17 0.00 0.0 0 3.8 15 70 M M 6 8 20 60
3 89 71 80 -4 0 15 0.00 0.0 0 4.6 12 60 M M 1 18 17 40
4 89 70 80 -4 0 15 0.00 0.0 0 4.7 10 130 M M 3 18 15 120
5 89 69 79 -5 0 14 0.39 0.0 0 4.7 18 270 M M 5 138 23 230
6 89 70 80 -4 0 15 0.00 0.0 0 3.7 10 200 M M 3 1 15 180
7 93 71 82 -2 0 17 0.00 0.0 0 5.4 14 170 M M 1 18 20 160
8 92 75 84 1 0 19 0.00 0.0 0 6.4 17 180 M M 1 26 180
9 94 76 85 2 0 20 0.00 0.0 0 6.5 17 220 M M 1 25 200
10 98 76 87 4 0 22 0.00 0.0 0 6.8 17 230 M M 0 25 170
11 99 74 87 4 0 22 0.00 0.0 0 6.0 17 230 M M 0 23 220
12 99 74 87 4 0 22 0.00 0.0 0 5.2 14 190 M M 1 8 20 190
13 98 75 87 4 0 22 T 0.0 0 4.6 30 360 M M 1 3 40 360
14 88 74 81 -2 0 16 T 0.0 0 3.9 12 50 M M 2 14 40
15 92 74 83 0 0 18 T 0.0 0 5.6 13 170 M M 2 17 170
16 91 70 81 -2 0 16 0.00 0.0 0 5.4 13 80 M M 2 21 70
17 87 72 80 -2 0 15 0.19 0.0 0 5.2 13 170 M M 5 1 17 70
18 85 74 80 -2 0 15 0.20 0.0 0 6.3 16 80 M M 5 1 19 60
19 89 75 82 0 0 17 0.08 0.0 0 5.3 13 160 M M 6 1 17 160
20 94 76 85 3 0 20 T 0.0 0 5.8 14 190 M M 5 19 200
21 93 76 85 3 0 20 T 0.0 0 3.9 12 190 M M 3 16 210
22 99 75 87 5 0 22 0.00 0.0 0 3.5 12 320 M M 1 15 310
23 100 75 88 6 0 23 0.00 0.0 0 3.7 14 250 M M 0 18 250
24 99 74 87 6 0 22 0.00 0.0 0 4.5 13 160 M M 0 1 17 150
25 99 73 86 5 0 21 0.00 0.0 0 3.7 12 70 M M 0 19 140
26 98 77 88 7 0 23 0.00 0.0 0 5.9 15 50 M M 1 22 60
27 96 75 86 5 0 21 0.00 0.0 0 5.3 14 160 M M 1 23 190
28 95 73 84 4 0 19 0.00 0.0 0 6.5 18 170 M M 2 27 190
29 95 73 84 4 0 19 T 0.0 0 6.1 16 70 M M 1 3 22 110
30 96 74 85 5 0 20 0.00 0.0 0 6.4 18 80 M M 0 3 25 70
31 97 70 84 4 0 19 0.00 0.0 0 2.4 10 270 M M 0 17 90
================================================================================
SM 2901 2281 0 584 0.86 0.0 157.3 M 63
================================================================================
AV 93.6 73.6 5.1 FASTST M M 2 MAX(MPH)
MISC ----> 30 360 40 360
================================================================================
NOTES:
# LAST OF SEVERAL OCCURRENCES
COLUMN 17 PEAK WIND IN M.P.H.
PRELIMINARY LOCAL CLIMATOLOGICAL DATA (WS FORM: F-6) , PAGE 2
STATION: FORT SMITH ARKANSAS
MONTH: AUGUST
YEAR: 2021
LATITUDE: 35 19 N
LONGITUDE: 94 22 W
[TEMPERATURE DATA] [PRECIPITATION DATA] SYMBOLS USED IN COLUMN 16
AVERAGE MONTHLY: 83.6 TOTAL FOR MONTH: 0.86 1 = FOG OR MIST
DPTR FM NORMAL: 1.3 DPTR FM NORMAL: -2.74 2 = FOG REDUCING VISIBILITY
HIGHEST: 100 ON 23 GRTST 24HR 0.39 ON 5- 5 TO 1/4 MILE OR LESS
LOWEST: 69 ON 5 3 = THUNDER
SNOW, ICE PELLETS, HAIL 4 = ICE PELLETS
TOTAL MONTH: 0.0 INCH 5 = HAIL
GRTST 24HR 0.0 6 = FREEZING RAIN OR DRIZZLE
GRTST DEPTH: 0 7 = DUSTSTORM OR SANDSTORM:
VSBY 1/2 MILE OR LESS
8 = SMOKE OR HAZE
[NO. OF DAYS WITH] [WEATHER - DAYS WITH] 9 = BLOWING SNOW
X = TORNADO
MAX 32 OR BELOW: 0 0.01 INCH OR MORE: 4
MAX 90 OR ABOVE: 22 0.10 INCH OR MORE: 3
MIN 32 OR BELOW: 0 0.50 INCH OR MORE: 0
MIN 0 OR BELOW: 0 1.00 INCH OR MORE: 0
[HDD (BASE 65) ]
TOTAL THIS MO. 0 CLEAR (SCALE 0-3) 23
DPTR FM NORMAL 0 PTCLDY (SCALE 4-7) 8
TOTAL FM JUL 1 0 CLOUDY (SCALE 8-10) 0
DPTR FM NORMAL 0
[CDD (BASE 65) ]
TOTAL THIS MO. 584
DPTR FM NORMAL 48 [PRESSURE DATA]
TOTAL FM JAN 1 1703 HIGHEST SLP 30.19 ON 14
DPTR FM NORMAL -78 LOWEST SLP 29.67 ON 31
[REMARKS]
#FINAL-08-21#