655
CXUS54 KTSA 010840
CF6FSM
PRELIMINARY LOCAL CLIMATOLOGICAL DATA (WS FORM: F-6)
STATION: FORT SMITH ARKANSAS
MONTH: AUGUST
YEAR: 2020
LATITUDE: 35 19 N
LONGITUDE: 94 22 W
TEMPERATURE IN F: :PCPN: SNOW: WIND :SUNSHINE: SKY :PK WND
================================================================================
1 2 3 4 5 6A 6B 7 8 9 10 11 12 13 14 15 16 17 18
12Z AVG MX 2MIN
DY MAX MIN AVG DEP HDD CDD WTR SNW DPTH SPD SPD DIR MIN PSBL S-S WX SPD DR
================================================================================
1 89 65 77 -6 0 12 0.00 0.0 0 4.7 16 340 M M 0 23 330
2 91 67 79 -4 0 14 0.00 0.0 0 5.7 17 270 M M 1 3 22 260
3 89 66 78 -5 0 13 0.00 0.0 0 7.5 17 360 M M 1 23 330
4 87 61 74 -9 0 9 0.00 0.0 0 3.3 12 40 M M 1 20 320
5 85 65 75 -8 0 10 0.00 0.0 0 7.0 14 60 M M 2 18 70
6 93 67 80 -3 0 15 1.11 0.0 0 7.0 30 20 M M 2 13 40 40
7 86 70 78 -5 0 13 0.16 0.0 0 7.3 16 110 M M 5 13 25 90
8 95 72 84 1 0 19 0.00 0.0 0 7.1 13 180 M M 1 18 210
9 96 75 86 3 0 21 0.00 0.0 0 4.3 16 230 M M 1 1 23 190
10 98 76 87 4 0 22 0.01 0.0 0 4.4 17 70 M M 1 3 23 270
11 86 72 79 -4 0 14 0.30 0.0 0 4.8 21 260 M M 4 13 26 260
12 86 72 79 -4 0 14 T 0.0 0 7.4 12 80 M M 7 M M
13 90 72 81 -2 0 16 1.19 0.0 0 8.0 28 30 M M 3 123 35 30
14 90 68 79 -4 0 14 3.44 0.0 0 6.5 40 50 M M 4 13 52 50
15 96 72 84 1 0 19 0.00 0.0 0 3.9 12 60 M M 1 12 14 60
16 91 74 83 1 0 18 0.00 0.0 0 5.5 13 50 M M 0 16 40
17 92 68 80 -2 0 15 0.00 0.0 0 3.6 9 290 M M 1 14 280
18 89 69 79 -3 0 14 0.00 0.0 0 6.2 18 10 M M 0 23 10
19 87 64 76 -6 0 11 0.00 0.0 0 3.4 10 90 M M 0 15 80
20 87 65 76 -6 0 11 0.00 0.0 0 3.4 10 50 M M 0 14 50
21 90 65 78 -4 0 13 0.00 0.0 0 2.3 9 30 M M 1 16 10
22 93 67 80 -2 0 15 0.00 0.0 0 3.0 8 50 M M 0 11 290
23 93 68 81 -1 0 16 0.00 0.0 0 3.3 7 160 M M 0 14 310
24 94 70 82 1 0 17 0.00 0.0 0 3.7 10 70 M M 0 15 130
25 94 72 83 2 0 18 0.01 0.0 0 5.1 13 60 M M 1 17 70
26 79 72 76 -5 0 11 0.48 0.0 0 4.8 17 130 M M 5 13 25 140
27 83 72 78 -3 0 13 0.10 0.0 0 7.6 16 10 M M 8 1 20 30
28 96 74 85 5 0 20 0.00 0.0 0 7.4 16 270 M M 0 22 250
29 97 73 85 5 0 20 0.12 0.0 0 6.1 20 90 M M 2 3 30 80
30 88 72 80 0 0 15 0.59 0.0 0 5.5 14 330 M M 6 13 19 310
31 83 69 76 -4 0 11 2.47 0.0 0 6.2 37 310 M M 4 13 48 290
================================================================================
SM 2793 2154 0 463 9.98 0.0 166.0 M 62
================================================================================
AV 90.1 69.5 5.4 FASTST M M 2 MAX(MPH)
MISC ----> # 40 50 # 52 50
================================================================================
NOTES:
# LAST OF SEVERAL OCCURRENCES
COLUMN 17 PEAK WIND IN M.P.H.
PRELIMINARY LOCAL CLIMATOLOGICAL DATA (WS FORM: F-6) , PAGE 2
STATION: FORT SMITH ARKANSAS
MONTH: AUGUST
YEAR: 2020
LATITUDE: 35 19 N
LONGITUDE: 94 22 W
[TEMPERATURE DATA] [PRECIPITATION DATA] SYMBOLS USED IN COLUMN 16
AVERAGE MONTHLY: 79.8 TOTAL FOR MONTH: 9.98 1 = FOG OR MIST
DPTR FM NORMAL: -2.3 DPTR FM NORMAL: 7.39 2 = FOG REDUCING VISIBILITY
HIGHEST: 98 ON 10 GRTST 24HR 3.44 ON 14-14 TO 1/4 MILE OR LESS
LOWEST: 61 ON 4 3 = THUNDER
SNOW, ICE PELLETS, HAIL 4 = ICE PELLETS
TOTAL MONTH: 0.0 INCH 5 = HAIL
GRTST 24HR 0.0 6 = FREEZING RAIN OR DRIZZLE
GRTST DEPTH: 0 7 = DUSTSTORM OR SANDSTORM:
VSBY 1/2 MILE OR LESS
8 = SMOKE OR HAZE
[NO. OF DAYS WITH] [WEATHER - DAYS WITH] 9 = BLOWING SNOW
X = TORNADO
MAX 32 OR BELOW: 0 0.01 INCH OR MORE: 12
MAX 90 OR ABOVE: 17 0.10 INCH OR MORE: 10
MIN 32 OR BELOW: 0 0.50 INCH OR MORE: 5
MIN 0 OR BELOW: 0 1.00 INCH OR MORE: 4
[HDD (BASE 65) ]
TOTAL THIS MO. 0 CLEAR (SCALE 0-3) 22
DPTR FM NORMAL 0 PTCLDY (SCALE 4-7) 9
TOTAL FM JUL 1 0 CLOUDY (SCALE 8-10) 0
DPTR FM NORMAL 0
[CDD (BASE 65) ]
TOTAL THIS MO. 463
DPTR FM NORMAL -67 [PRESSURE DATA]
TOTAL FM JAN 1 1730 HIGHEST SLP 30.14 ON 7
DPTR FM NORMAL 35 LOWEST SLP 29.68 ON 28
[REMARKS]
#FINAL-08-20#