000
CXUS54 KMAF 011510
CF6FST
PRELIMINARY LOCAL CLIMATOLOGICAL DATA (WS FORM: F-6)
STATION: FORT STOCKTON
MONTH: AUGUST
YEAR: 2020
LATITUDE: 30 55 N
LONGITUDE: 102 55 W
TEMPERATURE IN F: :PCPN: SNOW: WIND :SUNSHINE: SKY :PK WND
================================================================================
1 2 3 4 5 6A 6B 7 8 9 10 11 12 13 14 15 16 17 18
12Z AVG MX 2MIN
DY MAX MIN AVG DEP HDD CDD WTR SNW DPTH SPD SPD DIR MIN PSBL S-S WX SPD DR
================================================================================
1 97 70 84 2 0 19 0.00 M M 6.8 14 80 M M 1 21 40
2 100 70 85 3 0 20 0.00 M M 8.4 16 110 M M 0 21 90
3 94 71 83 1 0 18 0.00 M M 7.8 17 60 M M 2 3 23 40
4 102 68 85 3 0 20 0.00 M M 11.5 23 150 M M 0 32 110
5 103 73 88 6 0 23 0.00 M M 14.3 23 150 M M 0 31 140
6 102 74 88 6 0 23 0.00 M M 15.3 24 120 M M 0 30 110
7 99 74 87 5 0 22 0.00 M M 15.7 23 160 M M 0 31 150
8 98 71 85 3 0 20 0.00 M M 14.3 22 150 M M 0 31 130
9 100 73 87 5 0 22 0.00 M M 14.1 24 130 M M 0 30 110
10 100 73 87 5 0 22 0.00 M M 15.1 25 190 M M 0 3 38 120
11 100 73 87 5 0 22 0.00 M M 13.8 22 150 M M 0 8 27 160
12 105 73 89 7 0 24 0.00 M M 10.9 20 150 M M 0 27 140
13 103 70 87 5 0 22 0.00 M M 10.6 20 160 M M 0 27 120
14 106 73 90 8 0 25 0.00 M M 9.6 20 160 M M 0 8 27 170
15 101 80 91 9 0 26 0.00 M M 8.4 24 130 M M 0 32 120
16 99 73 86 5 0 21 T M M 9.3 22 110 M M 0 30 130
17 94 72 83 2 0 18 T M M 11.9 26 110 M M 1 8 33 80
18 95 69 82 1 0 17 0.00 M M 7.2 15 70 M M 2 8 20 60
19 97 71 84 3 0 19 0.00 M M 8.3 18 90 M M 0 8 21 100
20 101 70 86 5 0 21 0.00 M M 9.8 25 150 M M 0 8 33 160
21 101 72 87 6 0 22 0.00 M M 10.6 25 160 M M 0 33 160
22 98 74 86 5 0 21 0.00 M M 11.4 25 110 M M 0 28 110
23 96 72 84 4 0 19 0.00 M M 11.0 20 110 M M 0 24 120
24 93 70 82 2 0 17 0.00 M M 11.5 23 120 M M 0 30 120
25 93 67 80 0 0 15 0.00 M M 8.2 16 110 M M 1 23 150
26 95 69 82 2 0 17 0.00 M M 7.7 15 110 M M 0 21 120
27 98 70 84 4 0 19 0.00 M M 7.7 20 160 M M 0 24 160
28 103 73 88 8 0 23 0.00 M M 8.3 15 120 M M 1 20 110
29 101 76 89 9 0 24 0.00 M M 12.0 22 110 M M 0 30 150
30 103 77 90 10 0 25 0.00 M M 11.9 25 190 M M 1 3 32 200
31 102 79 91 12 0 26 T M M 10.4 28 330 M M 1 3 34 330
================================================================================
SM 3079 2240 0 652 T M 333.8 M 10
================================================================================
AV 99.3 72.3 10.8 FASTST M M 0 MAX(MPH)
MISC ----> 28 330 38 120
================================================================================
NOTES:
# LAST OF SEVERAL OCCURRENCES
COLUMN 17 PEAK WIND IN M.P.H.
PRELIMINARY LOCAL CLIMATOLOGICAL DATA (WS FORM: F-6) , PAGE 2
STATION: FORT STOCKTON
MONTH: AUGUST
YEAR: 2020
LATITUDE: 30 55 N
LONGITUDE: 102 55 W
[TEMPERATURE DATA] [PRECIPITATION DATA] SYMBOLS USED IN COLUMN 16
AVERAGE MONTHLY: 85.8 TOTAL FOR MONTH: T 1 = FOG OR MIST
DPTR FM NORMAL: 4.7 DPTR FM NORMAL: -1.94 2 = FOG REDUCING VISIBILITY
HIGHEST: 106 ON 14 GRTST 24HR T ON 5- 5 TO 1/4 MILE OR LESS
LOWEST: 67 ON 25 3 = THUNDER
SNOW, ICE PELLETS, HAIL 4 = ICE PELLETS
TOTAL MONTH: 0.0 INCH 5 = HAIL
GRTST 24HR M ON M 6 = FREEZING RAIN OR DRIZZLE
GRTST DEPTH: 0 7 = DUSTSTORM OR SANDSTORM:
VSBY 1/2 MILE OR LESS
8 = SMOKE OR HAZE
[NO. OF DAYS WITH] [WEATHER - DAYS WITH] 9 = BLOWING SNOW
X = TORNADO
MAX 32 OR BELOW: 0 0.01 INCH OR MORE: 0
MAX 90 OR ABOVE: 31 0.10 INCH OR MORE: 0
MIN 32 OR BELOW: 0 0.50 INCH OR MORE: 0
MIN 0 OR BELOW: 0 1.00 INCH OR MORE: 0
[HDD (BASE 65) ]
TOTAL THIS MO. 0 CLEAR (SCALE 0-3) 31
DPTR FM NORMAL 0 PTCLDY (SCALE 4-7) 0
TOTAL FM JUL 1 0 CLOUDY (SCALE 8-10) 0
DPTR FM NORMAL 0
[CDD (BASE 65) ]
TOTAL THIS MO. 652
DPTR FM NORMAL 151 [PRESSURE DATA]
TOTAL FM JAN 1 2426 HIGHEST SLP 30.12 ON 17
DPTR FM NORMAL 366 LOWEST SLP 29.55 ON 30
[REMARKS]
#FINAL-08-20#