000
CXUS54 KFWD 201147
CF6FTW
PRELIMINARY LOCAL CLIMATOLOGICAL DATA (WS FORM: F-6)
STATION: FORT WORTH MEACHAM
MONTH: MAY
YEAR: 2020
LATITUDE: 32 49 N
LONGITUDE: 97 21 W
TEMPERATURE IN F: :PCPN: SNOW: WIND :SUNSHINE: SKY :PK WND
================================================================================
1 2 3 4 5 6A 6B 7 8 9 10 11 12 13 14 15 16 17 18
12Z AVG MX 2MIN
DY MAX MIN AVG DEP HDD CDD WTR SNW DPTH SPD SPD DIR MIN PSBL S-S WX SPD DR
================================================================================
1 88 59 74 5 0 9 0.00 0.0 0 16.9 29 170 M M 0 38 150
2 88 65 77 8 0 12 0.00 0.0 0 18.9 28 160 M M 0 3 36 160
3 91 68 80 10 0 15 0.00 0.0 0 14.6 23 170 M M 0 35 170
4 93 70 82 12 0 17 0.10 0.0 0 16.0 25 180 M M 1 38 35 160
5 78 60 69 -1 0 4 0.00 0.0 0 13.8 28 360 M M 4 38 38 10
6 83 52 68 -2 0 3 0.00 0.0 0 5.5 13 50 M M 0 17 60
7 84 59 72 1 0 7 0.14 0.0 0 17.0 32 160 M M 3 138 45 160
8 72 54 63 -8 2 0 0.00 0.0 0 16.0 30 360 M M 5 44 350
9 73 50 62 -9 3 0 0.00 0.0 0 7.5 14 130 M M 2 21 140
10 78 52 65 -7 0 0 0.00 0.0 0 6.2 16 110 M M 0 23 100
11 81 58 70 -2 0 5 0.00 0.0 0 11.5 22 170 M M 0 29 110
12 77 66 72 0 0 7 0.09 0.0 0 12.4 22 170 M M 7 13 33 170
13 84 65 75 2 0 10 0.00 0.0 0 13.6 23 160 M M 7 31 140
14 90 64 77 4 0 12 0.01 0.0 0 13.7 24 160 M M 4 33 150
15 87 61 74 1 0 9 0.54 0.0 0 14.1 32 40 M M 6 13 43 10
16 65 61 63 -11 2 0 3.52 0.0 0 11.5 25 350 M M 7 13 36 350
17 83 63 73 -1 0 8 T 0.0 0 8.8 20 330 M M 2 28 320
18 90 61 76 2 0 11 0.00 0.0 0 6.1 15 130 M M 0 19 130
19 94 70 82 8 0 17 0.00 0.0 0 7.5 18 40 M M 0 26 30
20 80 70 75 0 0 10 0.00 0.0 0 10.3 16 90 M M 7 23 80
21 87 68 78 3 0 13 0.02 0.0 0 10.2 20 140 M M 6 1 27 120
22 91 70 81 6 0 16 T 0.0 0 13.4 41 150 M M 2 3 59 150
23 88 64 76 0 0 11 0.41 0.0 0 12.4 26 10 M M 4 13 32 160
24 89 66 78 2 0 13 T 0.0 0 14.3 32 130 M M 5 3 45 130
25 70 63 67 -9 0 2 1.25 0.0 0 6.3 15 320 M M 7 1 23 310
26 73 61 67 -9 0 2 T 0.0 0 6.9 16 290 M M 4 22 290
27 85 59 72 -5 0 7 0.00 0.0 0 2.7 12 220 M M 2 15 210
28 86 64 75 -2 0 10 0.00 0.0 0 7.0 15 360 M M 2 20 360
29 87 64 76 -1 0 11 0.00 0.0 0 8.2 18 30 M M 0 29 50
30 86 65 76 -1 0 11 0.00 0.0 0 5.6 14 110 M M 0 19 80
31 86 65 76 -2 0 11 0.00 0.0 0 5.5 14 100 M M 1 19 150
================================================================================
SM 2587 1937 7 263 6.08 0.0 334.4 M 88
================================================================================
AV 83.5 62.5 10.8 FASTST M M 3 MAX(MPH)
MISC ----> # 41 150 # 59 150
================================================================================
NOTES:
# LAST OF SEVERAL OCCURRENCES
COLUMN 17 PEAK WIND IN M.P.H.
PRELIMINARY LOCAL CLIMATOLOGICAL DATA (WS FORM: F-6) , PAGE 2
STATION: FORT WORTH MEACHAM
MONTH: MAY
YEAR: 2020
LATITUDE: 32 49 N
LONGITUDE: 97 21 W
[TEMPERATURE DATA] [PRECIPITATION DATA] SYMBOLS USED IN COLUMN 16
AVERAGE MONTHLY: 73.0 TOTAL FOR MONTH: 6.08 1 = FOG OR MIST
DPTR FM NORMAL: -0.4 DPTR FM NORMAL: 1.82 2 = FOG REDUCING VISIBILITY
HIGHEST: 94 ON 19 GRTST 24HR 3.52 ON 16-16 TO 1/4 MILE OR LESS
LOWEST: 50 ON 9 3 = THUNDER
SNOW, ICE PELLETS, HAIL 4 = ICE PELLETS
TOTAL MONTH: 0.0 INCH 5 = HAIL
GRTST 24HR 0.0 6 = FREEZING RAIN OR DRIZZLE
GRTST DEPTH: 0 7 = DUSTSTORM OR SANDSTORM:
VSBY 1/2 MILE OR LESS
8 = SMOKE OR HAZE
[NO. OF DAYS WITH] [WEATHER - DAYS WITH] 9 = BLOWING SNOW
X = TORNADO
MAX 32 OR BELOW: 0 0.01 INCH OR MORE: 9
MAX 90 OR ABOVE: 6 0.10 INCH OR MORE: 6
MIN 32 OR BELOW: 0 0.50 INCH OR MORE: 3
MIN 0 OR BELOW: 0 1.00 INCH OR MORE: 2
[HDD (BASE 65) ]
TOTAL THIS MO. 7 CLEAR (SCALE 0-3) 18
DPTR FM NORMAL -3 PTCLDY (SCALE 4-7) 13
TOTAL FM JUL 1 2269 CLOUDY (SCALE 8-10) 0
DPTR FM NORMAL -104
[CDD (BASE 65) ]
TOTAL THIS MO. 263
DPTR FM NORMAL -9 [PRESSURE DATA]
TOTAL FM JAN 1 420 HIGHEST SLP 30.25 ON 10
DPTR FM NORMAL 23 LOWEST SLP 29.62 ON 22
[REMARKS]
#FINAL-05-20#