000
CXUS56 KSGX 011047
CF6FUL
PRELIMINARY LOCAL CLIMATOLOGICAL DATA (WS FORM: F-6)
STATION: FULLERTON AIRPORT CA
MONTH: JUNE
YEAR: 2023
LATITUDE: 33 52 N
LONGITUDE: 117 58 W
TEMPERATURE IN F: :PCPN: SNOW: WIND :SUNSHINE: SKY :PK WND
================================================================================
1 2 3 4 5 6A 6B 7 8 9 10 11 12 13 14 15 16 17 18
12Z AVG MX 2MIN
DY MAX MIN AVG DEP HDD CDD WTR SNW DPTH SPD SPD DIR MIN PSBL S-S WX SPD DR
================================================================================
1 69 59 64 -4 1 0 0.00 M M 2.9 10 190 M M 10 13 190
2 76 60 68 0 0 3 0.00 M M 3.2 12 190 M M 6 16 170
3 75 56 66 -3 0 1 0.00 M M 4.4 13 200 M M 2 16 210
4 74 60 67 -2 0 2 0.00 M M 4.3 13 200 M M 8 8 17 210
5 68 58 63 -6 2 0 0.00 M M 5.7 12 190 M M 10 18 16 180
6 70 60 65 -4 0 0 0.00 M M 4.3 12 190 M M 8 16 190
7 72 59 66 -3 0 1 T M M 3.4 10 190 M M 7 15 180
8 75 58 67 -2 0 2 0.00 M M 3.4 13 220 M M 4 18 240
9 71 60 66 -4 0 1 0.00 M M 2.9 10 230 M M 8 13 210
10 71 61 66 -4 0 1 0.00 M M 3.4 12 200 M M 10 14 210
11 71 60 66 -4 0 1 0.00 M M 5.0 14 180 M M 9 18 180
12 71 62 67 -3 0 2 0.00 M M 3.1 12 250 M M 9 14 200
13 73 61 67 -3 0 2 0.00 M M 2.9 9 290 M M 7 13 230
14 68 59 64 -6 1 0 0.00 M M 1.4 7 220 M M 9 11 240
15 73 61 67 -4 0 2 0.00 M M 4.3 10 190 M M 10 1 15 190
16 80 63 72 1 0 7 0.00 M M 3.0 12 290 M M 6 17 280
17 83 62 73 2 0 8 0.00 M M 4.7 12 260 M M 4 18 16 220
18 73 62 68 -3 0 3 0.00 M M 4.3 13 200 M M 7 8 16 210
19 74 63 69 -2 0 4 0.00 M M 3.8 12 200 M M 7 16 230
20 79 62 71 -1 0 6 0.00 M M 4.2 13 220 M M 3 17 190
21 80 58 69 -3 0 4 0.00 M M 4.6 13 180 M M 0 17 160
22 73 59 66 -6 0 1 0.00 M M 5.2 13 200 M M 2 19 210
23 78 58 68 -4 0 3 0.00 M M 4.4 15 200 M M 3 22 220
24 76 57 67 -5 0 2 0.00 M M 4.7 14 200 M M 1 18 170
25 79 59 69 -4 0 4 0.00 M M 2.4 12 230 M M 3 17 190
26 77 58 68 -5 0 3 0.00 M M 5.0 12 190 M M 1 14 190
27 77 59 68 -5 0 3 0.00 M M 3.1 12 210 M M 1 1 16 200
28 75 61 68 -5 0 3 0.00 M M 5.1 12 200 M M 5 15 170
29 80 62 71 -2 0 6 0.00 M M 4.2 12 200 M M 4 16 220
30 82 62 72 -2 0 7 0.00 M M 4.0 12 200 M M 3 18 17 210
================================================================================
SM 2243 1799 4 82 T M 117.3 M 167
================================================================================
AV 74.8 60.0 3.9 FASTST M M 6 MAX(MPH)
MISC ----> 15 200 22 220
================================================================================
NOTES:
# LAST OF SEVERAL OCCURRENCES
COLUMN 17 PEAK WIND IN M.P.H.
PRELIMINARY LOCAL CLIMATOLOGICAL DATA (WS FORM: F-6) , PAGE 2
STATION: FULLERTON AIRPORT CA
MONTH: JUNE
YEAR: 2023
LATITUDE: 33 52 N
LONGITUDE: 117 58 W
[TEMPERATURE DATA] [PRECIPITATION DATA] SYMBOLS USED IN COLUMN 16
AVERAGE MONTHLY: 67.4 TOTAL FOR MONTH: T 1 = FOG OR MIST
DPTR FM NORMAL: -3.4 DPTR FM NORMAL: -0.08 2 = FOG REDUCING VISIBILITY
HIGHEST: 83 ON 17 GRTST 24HR T ON 7- 7 TO 1/4 MILE OR LESS
LOWEST: 56 ON 3 3 = THUNDER
SNOW, ICE PELLETS, HAIL 4 = ICE PELLETS
TOTAL MONTH: M 5 = HAIL
GRTST 24HR M ON M 6 = FREEZING RAIN OR DRIZZLE
GRTST DEPTH: M ON M 7 = DUSTSTORM OR SANDSTORM:
VSBY 1/2 MILE OR LESS
8 = SMOKE OR HAZE
[NO. OF DAYS WITH] [WEATHER - DAYS WITH] 9 = BLOWING SNOW
X = TORNADO
MAX 32 OR BELOW: 0 0.01 INCH OR MORE: 0
MAX 90 OR ABOVE: 0 0.10 INCH OR MORE: 0
MIN 32 OR BELOW: 0 0.50 INCH OR MORE: 0
MIN 0 OR BELOW: 0 1.00 INCH OR MORE: 0
[HDD (BASE 65) ]
TOTAL THIS MO. 4 CLEAR (SCALE 0-3) 9
DPTR FM NORMAL 2 PTCLDY (SCALE 4-7) 14
TOTAL FM JUL 1 1151 CLOUDY (SCALE 8-10) 7
DPTR FM NORMAL 103
[CDD (BASE 65) ]
TOTAL THIS MO. 82
DPTR FM NORMAL -94 [PRESSURE DATA]
TOTAL FM JAN 1 138 HIGHEST SLP 30.06 ON 25
DPTR FM NORMAL -209 LOWEST SLP 29.79 ON 30
[REMARKS]
#FINAL-06-23#