000
CXUS51 KCAR 010700
CF6FVE
PRELIMINARY LOCAL CLIMATOLOGICAL DATA (WS FORM: F-6)
STATION: FRENCHVILLE ME
MONTH: OCTOBER
YEAR: 2023
LATITUDE: 47 16 N
LONGITUDE: 68 19 W
TEMPERATURE IN F: :PCPN: SNOW: WIND :SUNSHINE: SKY :PK WND
================================================================================
1 2 3 4 5 6A 6B 7 8 9 10 11 12 13 14 15 16 17 18
12Z AVG MX 2MIN
DY MAX MIN AVG DEP HDD CDD WTR SNW DPTH SPD SPD DIR MIN PSBL S-S WX SPD DR
================================================================================
1 70 42 56 6 9 0 0.00 M M 7.3 21 320 M M 2 128 28 320
2 73 43 58 9 7 0 T M M 7.3 17 270 M M 1 24 250
3 75 56 66 17 0 1 0.01 M M 10.1 20 330 M M 5 28 330
4 64 52 58 10 7 0 0.05 M M 7.8 13 150 M M 6 1 18 160
5 72 57 65 17 0 0 0.00 M M 10.4 16 160 M M 7 12 22 150
6 70 58 64 16 1 0 0.00 M M 12.1 22 150 M M 8 34 170
7 65 58 62 15 3 0 0.43 M M 12.1 21 140 M M 10 1 30 150
8 63 45 54 7 11 0 1.17 M M 14.7 30 90 M M 7 1 51 90
9 57 44 51 5 14 0 0.02 M M 9.4 21 150 M M 7 12 28 160
10 57 42 50 4 15 0 0.00 M M 4.7 12 150 M M 9 1 16 150
11 55 41 48 2 17 0 0.11 M M 4.7 12 150 M M 6 1 16 150
12 56 45 51 6 14 0 0.11 M M 5.0 12 250 M M 9 12 16 250
13 53 45 49 4 16 0 0.14 M M 11.5 21 330 M M 9 1 33 330
14 54 43 49 5 16 0 0.01 M M 13.2 26 330 M M 8 1 37 330
15 56 43 50 6 15 0 0.24 M M 11.6 22 30 M M 10 1 29 20
16 53 41 47 3 18 0 0.01 M M 9.4 16 10 M M 8 25 10
17 52 39 46 3 19 0 0.01 M M 5.7 14 320 M M 8 1 20 340
18 57 35 46 3 19 0 0.00 M M 5.3 12 230 M M 1 1 17 250
19 58 39 49 6 16 0 0.00 M M 6.1 17 220 M M 6 26 220
20 57 44 51 9 14 0 0.03 M M 10.3 16 170 M M 8 1 24 180
21 57 51 54 12 11 0 0.30 M M 8.5 16 20 M M 10 1 27 20
22 52 39 46 4 19 0 0.13 M M 11.0 21 360 M M 9 33 360
23 51 33 42 1 23 0 0.00 M M 7.0 16 350 M M 3 24 330
24 52 29 41 0 24 0 0.00 M M 6.2 14 250 M M 5 1 20 240
25 57 42 50 10 15 0 0.05 M M 6.6 13 170 M M 9 1 19 170
26 57 51 54 14 11 0 0.00 M M 3.0 13 320 M M 10 1 18 330
27 60 48 54 14 11 0 0.67 M M 7.0 13 90 M M 10 12 19 60
28 68 35 52 13 13 0 0.07 M M 11.1 29 310 M M 8 1 41 290
29 38 27 33 -6 32 0 0.00 M M 9.1 20 320 M M 4 27 300
30 29 27 28 -11 37 0 0.14 M M 3.2 9 100 M M 10 1 14 100
31 34 26 30 -8 35 0 T M M 8.8 26 290 M M 7 1 36 310
================================================================================
SM 1772 1320 462 1 3.70 M 260.2 M 220
================================================================================
AV 57.2 42.6 8.4 FASTST M M 7 MAX(MPH)
MISC ----> 30 90 51 90
================================================================================
NOTES:
# LAST OF SEVERAL OCCURRENCES
COLUMN 17 PEAK WIND IN M.P.H.
PRELIMINARY LOCAL CLIMATOLOGICAL DATA (WS FORM: F-6) , PAGE 2
STATION: FRENCHVILLE ME
MONTH: OCTOBER
YEAR: 2023
LATITUDE: 47 16 N
LONGITUDE: 68 19 W
[TEMPERATURE DATA] [PRECIPITATION DATA] SYMBOLS USED IN COLUMN 16
AVERAGE MONTHLY: 49.9 TOTAL FOR MONTH: 3.70 1 = FOG OR MIST
DPTR FM NORMAL: 6.1 DPTR FM NORMAL: 0.24 2 = FOG REDUCING VISIBILITY
HIGHEST: 75 ON 3 GRTST 24HR 1.59 ON 7- 8 TO 1/4 MILE OR LESS
LOWEST: 26 ON 31 3 = THUNDER
SNOW, ICE PELLETS, HAIL 4 = ICE PELLETS
TOTAL MONTH: M 5 = HAIL
GRTST 24HR M ON M 6 = FREEZING RAIN OR DRIZZLE
GRTST DEPTH: M ON M 7 = DUSTSTORM OR SANDSTORM:
VSBY 1/2 MILE OR LESS
8 = SMOKE OR HAZE
[NO. OF DAYS WITH] [WEATHER - DAYS WITH] 9 = BLOWING SNOW
X = TORNADO
MAX 32 OR BELOW: 1 0.01 INCH OR MORE: 19
MAX 90 OR ABOVE: 0 0.10 INCH OR MORE: 10
MIN 32 OR BELOW: 4 0.50 INCH OR MORE: 2
MIN 0 OR BELOW: 0 1.00 INCH OR MORE: 1
[HDD (BASE 65) ]
TOTAL THIS MO. 462 CLEAR (SCALE 0-3) 3
DPTR FM NORMAL -196 PTCLDY (SCALE 4-7) 16
TOTAL FM JUL 1 758 CLOUDY (SCALE 8-10) 12
DPTR FM NORMAL -313
[CDD (BASE 65) ]
TOTAL THIS MO. 1
DPTR FM NORMAL 1 [PRESSURE DATA]
TOTAL FM JAN 1 319 HIGHEST SLP 30.29 ON 24
DPTR FM NORMAL 111 LOWEST SLP 29.10 ON 22
[REMARKS]
#FINAL-10-23#