000
CXUS54 KFWD 072154
CF6FWD
PRELIMINARY LOCAL CLIMATOLOGICAL DATA (WS FORM: F-6)
STATION: FORT WORTH NWS
MONTH: AUGUST
YEAR: 2022
LATITUDE: 32 50 N
LONGITUDE: 97 18 W
TEMPERATURE IN F: :PCPN: SNOW: WIND :SUNSHINE: SKY :PK WND
================================================================================
1 2 3 4 5 6A 6B 7 8 9 10 11 12 13 14 15 16 17 18
12Z AVG MX 2MIN
DY MAX MIN AVG DEP HDD CDD WTR SNW DPTH SPD SPD DIR MIN PSBL S-S WX SPD DR
================================================================================
1 99 81 90 4 0 25 0.00 0.0 0 M M M M M M M M
2 101 81 91 5 0 26 0.00 0.0 0 M M M M M M M M
3 102 81 92 6 0 27 0.00 0.0 0 M M M M M M M M
4 99 80 90 4 0 25 0.00 0.0 0 M M M M M M M M
5 102 80 91 5 0 26 0.00 0.0 0 M M M M M M M M
6 97 78 88 2 0 23 0.00 0.0 0 M M M M M M M M
7 97 78 88 2 0 23 0.00 0.0 0 M M M M M M M M
8 100 80 90 4 0 25 0.00 0.0 0 M M M M M M M M
9 100 78 89 3 0 24 0.40 0.0 0 M M M M M M 3 M M
10 97 75 86 0 0 21 0.07 0.0 0 M M M M M M 3 M M
11 95 74 85 -1 0 20 0.00 0.0 0 M M M M M M M M
12 94 78 86 0 0 21 0.00 0.0 0 M M M M M M M M
13 96 79 88 2 0 23 0.00 0.0 0 M M M M M M M M
14 97 77 87 1 0 22 0.00 0.0 0 M M M M M M M M
15 98 79 89 4 0 24 0.00 0.0 0 M M M M M M M M
16 99 81 90 5 0 25 0.00 0.0 0 M M M M M M M M
17 101 73 87 2 0 22 0.01 0.0 0 M M M M M M 3 M M
18 84 73 79 -6 0 14 T 0.0 0 M M M M M M M M
19 91 73 82 -3 0 17 0.00 0.0 0 M M M M M M M M
20 87 74 81 -4 0 16 0.01 0.0 0 M M M M M M M M
21 86 72 79 -6 0 14 6.95 0.0 0 M M M M M M 3 M M
22 76 70 73 -11 0 8 5.73 0.0 0 M M M M M M 3 M M
23 81 71 76 -8 0 11 0.05 0.0 0 M M M M M M M M
24 87 73 80 -4 0 15 0.00 0.0 0 M M M M M M M M
25 91 73 82 -2 0 17 0.00 0.0 0 M M M M M M M M
26 91 74 83 -1 0 18 0.00 0.0 0 M M M M M M M M
27 93 75 84 1 0 19 0.00 0.0 0 M M M M M M M M
28 94 75 85 2 0 20 0.00 0.0 0 M M M M M M M M
29 92 74 83 0 0 18 0.01 0.0 0 M M M M M M M M
30 85 75 80 -3 0 15 0.10 0.0 0 M M M M M M 3 M M
31 86 73 80 -2 0 15 0.02 0.0 0 M M M M M M 3 M M
================================================================================
SM 2898 2358 0 619 13.35 0.0 M M M
================================================================================
AV 93.5 76.1 M FASTST M M M MAX(MPH)
MISC ----> M M M M
================================================================================
NOTES:
# LAST OF SEVERAL OCCURRENCES
COLUMN 17 PEAK WIND IN M.P.H.
PRELIMINARY LOCAL CLIMATOLOGICAL DATA (WS FORM: F-6) , PAGE 2
STATION: FORT WORTH NWS
MONTH: AUGUST
YEAR: 2022
LATITUDE: 32 50 N
LONGITUDE: 97 18 W
[TEMPERATURE DATA] [PRECIPITATION DATA] SYMBOLS USED IN COLUMN 16
AVERAGE MONTHLY: 84.8 TOTAL FOR MONTH: 13.35 1 = FOG OR MIST
DPTR FM NORMAL: -0.1 DPTR FM NORMAL: 11.38 2 = FOG REDUCING VISIBILITY
HIGHEST: 102 ON 5, 3 GRTST 24HR 6.95 ON 21-21 TO 1/4 MILE OR LESS
LOWEST: 70 ON 22 3 = THUNDER
SNOW, ICE PELLETS, HAIL 4 = ICE PELLETS
TOTAL MONTH: 0.0 INCH 5 = HAIL
GRTST 24HR 0.0 6 = FREEZING RAIN OR DRIZZLE
GRTST DEPTH: 0 7 = DUSTSTORM OR SANDSTORM:
VSBY 1/2 MILE OR LESS
8 = SMOKE OR HAZE
[NO. OF DAYS WITH] [WEATHER - DAYS WITH] 9 = BLOWING SNOW
X = TORNADO
MAX 32 OR BELOW: 0 0.01 INCH OR MORE: 10
MAX 90 OR ABOVE: 23 0.10 INCH OR MORE: 4
MIN 32 OR BELOW: 0 0.50 INCH OR MORE: 2
MIN 0 OR BELOW: 0 1.00 INCH OR MORE: 2
[HDD (BASE 65) ]
TOTAL THIS MO. 0 CLEAR (SCALE 0-3) 0
DPTR FM NORMAL 0 PTCLDY (SCALE 4-7) 0
TOTAL FM JUL 1 0 CLOUDY (SCALE 8-10) 31
DPTR FM NORMAL 0
[CDD (BASE 65) ]
TOTAL THIS MO. 619
DPTR FM NORMAL 4 [PRESSURE DATA]
TOTAL FM JAN 1 2520 HIGHEST SLP M ON M
DPTR FM NORMAL 425 LOWEST SLP M ON M
[REMARKS]
#FINAL-08-22#