000
CXUS54 KFWD 010731
CF6FWD
PRELIMINARY LOCAL CLIMATOLOGICAL DATA (WS FORM: F-6)
STATION: FORT WORTH NWS
MONTH: OCTOBER
YEAR: 2023
LATITUDE: 32 50 N
LONGITUDE: 97 18 W
TEMPERATURE IN F: :PCPN: SNOW: WIND :SUNSHINE: SKY :PK WND
================================================================================
1 2 3 4 5 6A 6B 7 8 9 10 11 12 13 14 15 16 17 18
12Z AVG MX 2MIN
DY MAX MIN AVG DEP HDD CDD WTR SNW DPTH SPD SPD DIR MIN PSBL S-S WX SPD DR
================================================================================
1 90 69 80 8 0 15 0.00 0.0 0 M M M M M M M M
2 90 69 80 8 0 15 0.00 0.0 0 M M M M M M M M
3 89 70 80 9 0 15 0.00 0.0 0 M M M M M M M M
4 92 68 80 9 0 15 1.21 0.0 0 M M M M M M 3 M M
5 82 68 75 4 0 10 0.07 0.0 0 M M M M M M M M
6 85 63 74 4 0 9 0.00 0.0 0 M M M M M M M M
7 69 53 61 -9 4 0 0.00 0.0 0 M M M M M M M M
8 78 52 65 -5 0 0 0.00 0.0 0 M M M M M M M M
9 87 59 73 4 0 8 0.00 0.0 0 M M M M M M M M
10 82 62 72 3 0 7 0.00 0.0 0 M M M M M M M M
11 73 64 69 0 0 4 0.00 0.0 0 M M M M M M M M
12 80 63 72 4 0 7 T 0.0 0 M M M M M M M M
13 76 62 69 1 0 4 0.00 0.0 0 M M M M M 0 M M
14 70 51 61 -7 4 0 0.00 0.0 0 M M M M M M M M
15 66 49 58 -9 7 0 0.00 0.0 0 M M M M M M M M
16 65 47 56 -11 9 0 0.00 0.0 0 M M M M M M M M
17 73 44 59 -8 6 0 0.00 0.0 0 M M M M M M M M
18 80 52 66 0 0 1 0.00 0.0 0 M M M M M M M M
19 84 55 70 4 0 5 0.00 0.0 0 M M M M M M M M
20 90 59 75 9 0 10 0.00 0.0 0 M M M M M M M M
21 89 62 76 11 0 11 0.00 0.0 0 M M M M M M M M
22 82 66 74 9 0 9 0.00 0.0 0 M M M M M M M M
23 79 67 73 8 0 8 0.47 0.0 0 M M M M M M M M
24 73 69 71 7 0 6 1.47 0.0 0 M M M M M M M M
25 76 66 71 7 0 6 4.27 0.0 0 M M M M M M 3 M M
26 82 67 75 11 0 10 1.35 0.0 0 M M M M M M M M
27 85 62 74 11 0 9 0.02 0.0 0 M M M M M M M M
28 62 53 58 -5 7 0 1.99 0.0 0 M M M M M M 3 M M
29 53 38 46 -17 19 0 0.79 0.0 0 M M M M M M M M
30 47 35 41 -21 24 0 0.60 0.0 0 M M M M M M M M
31 59 34 47 -15 18 0 0.00 0.0 0 M M M M M M M M
================================================================================
SM 2388 1798 98 184 12.24 0.0 M M 0
================================================================================
AV 77.0 58.0 M FASTST M M 0 MAX(MPH)
MISC ----> M M M M
================================================================================
NOTES:
# LAST OF SEVERAL OCCURRENCES
COLUMN 17 PEAK WIND IN M.P.H.
PRELIMINARY LOCAL CLIMATOLOGICAL DATA (WS FORM: F-6) , PAGE 2
STATION: FORT WORTH NWS
MONTH: OCTOBER
YEAR: 2023
LATITUDE: 32 50 N
LONGITUDE: 97 18 W
[TEMPERATURE DATA] [PRECIPITATION DATA] SYMBOLS USED IN COLUMN 16
AVERAGE MONTHLY: 67.5 TOTAL FOR MONTH: 12.24 1 = FOG OR MIST
DPTR FM NORMAL: 0.5 DPTR FM NORMAL: 7.48 2 = FOG REDUCING VISIBILITY
HIGHEST: 92 ON 4 GRTST 24HR 4.27 ON 25-25 TO 1/4 MILE OR LESS
LOWEST: 34 ON 31 3 = THUNDER
SNOW, ICE PELLETS, HAIL 4 = ICE PELLETS
TOTAL MONTH: 0.0 INCH 5 = HAIL
GRTST 24HR 0.0 6 = FREEZING RAIN OR DRIZZLE
GRTST DEPTH: 0 7 = DUSTSTORM OR SANDSTORM:
VSBY 1/2 MILE OR LESS
8 = SMOKE OR HAZE
[NO. OF DAYS WITH] [WEATHER - DAYS WITH] 9 = BLOWING SNOW
X = TORNADO
MAX 32 OR BELOW: 0 0.01 INCH OR MORE: 10
MAX 90 OR ABOVE: 4 0.10 INCH OR MORE: 8
MIN 32 OR BELOW: 0 0.50 INCH OR MORE: 7
MIN 0 OR BELOW: 0 1.00 INCH OR MORE: 5
[HDD (BASE 65) ]
TOTAL THIS MO. 98 CLEAR (SCALE 0-3) 1
DPTR FM NORMAL 24 PTCLDY (SCALE 4-7) 0
TOTAL FM JUL 1 98 CLOUDY (SCALE 8-10) 30
DPTR FM NORMAL 18
[CDD (BASE 65) ]
TOTAL THIS MO. 184
DPTR FM NORMAL 50 [PRESSURE DATA]
TOTAL FM JAN 1 3152 HIGHEST SLP M ON M
DPTR FM NORMAL 548 LOWEST SLP M ON M
[REMARKS]
#FINAL-10-23#