000
CXUS54 KTSA 011111
CF6FYV
PRELIMINARY LOCAL CLIMATOLOGICAL DATA (WS FORM: F-6)
STATION: FAYETTEVILLE ARKANSAS
MONTH: MARCH
YEAR: 2022
LATITUDE: 36 0 N
LONGITUDE: 94 10 W
TEMPERATURE IN F: :PCPN: SNOW: WIND :SUNSHINE: SKY :PK WND
================================================================================
1 2 3 4 5 6A 6B 7 8 9 10 11 12 13 14 15 16 17 18
12Z AVG MX 2MIN
DY MAX MIN AVG DEP HDD CDD WTR SNW DPTH SPD SPD DIR MIN PSBL S-S WX SPD DR
================================================================================
1 72 30 51 7 14 0 0.00 0.0 0 5.5 15 240 M M 0 22 240
2 80 31 56 12 9 0 0.00 0.0 0 4.3 14 230 M M 0 22 220
3 84 35 60 16 5 0 0.00 0.0 0 2.8 14 190 M M 0 19 180
4 74 35 55 10 10 0 0.00 0.0 0 7.7 24 180 M M 0 8 33 180
5 69 60 65 20 0 0 0.03 0.0 0 14.8 26 180 M M 6 18 40 180
6 69 40 55 10 10 0 0.40 0.0 0 7.1 30 290 M M 9 13 39 280
7 41 30 36 -10 29 0 0.10 0.0 0 10.4 22 330 M M 8 1 30 320
8 45 29 37 -9 28 0 0.00 0.0 0 4.0 12 330 M M 7 17 70
9 55 26 41 -5 24 0 0.00 0.0 0 2.7 9 70 M M 2 18 13 40
10 61 28 45 -2 20 0 0.00 0.0 0 4.5 20 340 M M 1 28 350
11 33 25 29 -18 36 0 0.10 2.2 0 7.5 15 350 M M 7 128 27 10
12 45 13 29 -18 36 0 0.00 0.0 1 5.3 16 190 M M 0 23 190
13 64 38 51 3 14 0 0.00 0.0 0 13.9 23 210 M M 0 36 220
14 63 44 54 6 11 0 0.00 0.0 0 10.8 25 180 M M 5 33 200
15 69 46 58 10 7 0 0.03 0.0 0 2.3 10 350 M M 7 1 15 50
16 75 37 56 8 9 0 0.00 0.0 0 4.4 17 180 M M 1 1 27 180
17 78 43 61 12 4 0 0.03 0.0 0 8.3 20 170 M M 2 8 33 180
18 58 39 49 0 16 0 0.48 0.0 0 10.1 23 320 M M 9 13 34 310
19 67 31 49 0 16 0 0.00 0.0 0 6.1 17 260 M M 0 27 260
20 78 33 56 6 9 0 0.00 0.0 0 5.9 21 210 M M 0 28 180
21 65 52 59 9 6 0 0.72 0.0 0 10.5 23 140 M M 5 138 36 160
22 64 41 53 3 12 0 0.12 0.0 0 11.9 24 170 M M 6 1 35 180
23 43 39 41 -9 24 0 T 0.0 0 10.5 21 280 M M 10 1 29 290
24 52 33 43 -8 22 0 T 0.0 0 7.4 16 250 M M 9 22 270
25 63 28 46 -5 19 0 0.00 0.0 0 4.9 17 320 M M 1 25 330
26 66 31 49 -2 16 0 0.00 0.0 0 2.8 13 340 M M 0 18 340
27 66 35 51 -1 14 0 0.00 0.0 0 6.1 16 70 M M 0 8 24 50
28 71 43 57 5 8 0 0.00 0.0 0 8.5 17 140 M M 0 27 160
29 78 53 66 14 0 1 0.00 0.0 0 14.5 30 180 M M 1 44 180
30 70 39 55 2 10 0 1.58 0.0 0 8.5 25 250 M M 10 13 36 240
31 41 30 36 -17 29 0 T T 0 7.0 16 270 M M 6 1 25 280
================================================================================
SM 1959 1117 467 1 3.59 2.2 231.0 M 112
================================================================================
AV 63.2 36.0 7.5 FASTST M M 4 MAX(MPH)
MISC ----> # 30 290 44 180
================================================================================
NOTES:
# LAST OF SEVERAL OCCURRENCES
COLUMN 17 PEAK WIND IN M.P.H.
PRELIMINARY LOCAL CLIMATOLOGICAL DATA (WS FORM: F-6) , PAGE 2
STATION: FAYETTEVILLE ARKANSAS
MONTH: MARCH
YEAR: 2022
LATITUDE: 36 0 N
LONGITUDE: 94 10 W
[TEMPERATURE DATA] [PRECIPITATION DATA] SYMBOLS USED IN COLUMN 16
AVERAGE MONTHLY: 49.6 TOTAL FOR MONTH: 3.59 1 = FOG OR MIST
DPTR FM NORMAL: 1.2 DPTR FM NORMAL: -0.39 2 = FOG REDUCING VISIBILITY
HIGHEST: 84 ON 3 GRTST 24HR 1.58 ON 30-30 TO 1/4 MILE OR LESS
LOWEST: 13 ON 12 3 = THUNDER
SNOW, ICE PELLETS, HAIL 4 = ICE PELLETS
TOTAL MONTH: 2.2 INCHES 5 = HAIL
GRTST 24HR 2.2 ON 11-11 6 = FREEZING RAIN OR DRIZZLE
GRTST DEPTH: 1 ON 12 7 = DUSTSTORM OR SANDSTORM:
VSBY 1/2 MILE OR LESS
8 = SMOKE OR HAZE
[NO. OF DAYS WITH] [WEATHER - DAYS WITH] 9 = BLOWING SNOW
X = TORNADO
MAX 32 OR BELOW: 0 0.01 INCH OR MORE: 10
MAX 90 OR ABOVE: 0 0.10 INCH OR MORE: 7
MIN 32 OR BELOW: 12 0.50 INCH OR MORE: 2
MIN 0 OR BELOW: 0 1.00 INCH OR MORE: 1
[HDD (BASE 65) ]
TOTAL THIS MO. 467 CLEAR (SCALE 0-3) 17
DPTR FM NORMAL -53 PTCLDY (SCALE 4-7) 8
TOTAL FM JUL 1 3187 CLOUDY (SCALE 8-10) 6
DPTR FM NORMAL -540
[CDD (BASE 65) ]
TOTAL THIS MO. 1
DPTR FM NORMAL -4 [PRESSURE DATA]
TOTAL FM JAN 1 1 HIGHEST SLP 30.48 ON 12
DPTR FM NORMAL -5 LOWEST SLP 29.37 ON 30
[REMARKS]
#FINAL-03-22#