000
CXUS54 KOUN 010810
CF6GAG
PRELIMINARY LOCAL CLIMATOLOGICAL DATA (WS FORM: F-6)
STATION: GAGE
MONTH: JULY
YEAR: 2021
LATITUDE: 36 17 N
LONGITUDE: 99 46 W
TEMPERATURE IN F: :PCPN: SNOW: WIND :SUNSHINE: SKY :PK WND
================================================================================
1 2 3 4 5 6A 6B 7 8 9 10 11 12 13 14 15 16 17 18
12Z AVG MX 2MIN
DY MAX MIN AVG DEP HDD CDD WTR SNW DPTH SPD SPD DIR MIN PSBL S-S WX SPD DR
================================================================================
1 86 68 77 -4 0 12 0.21 M M 8.3 25 10 M M 6 13 32 360
2 83 68 76 -5 0 11 T M M 5.6 18 50 M M 7 1 23 50
3 86 66 76 -5 0 11 0.00 M M 7.0 17 160 M M 6 1 21 160
4 87 69 78 -3 0 13 T M M 10.8 18 180 M M 4 22 170
5 88 69 79 -2 0 14 0.00 0.0 M 9.0 17 150 M M 5 22 140
6 89 65 77 -4 0 12 0.00 0.0 M 8.3 15 160 M M 2 1 20 140
7 92 67 80 -2 0 15 0.09 0.0 M 5.5 17 30 M M 4 38 23 20
8 92 64 78 -4 0 13 0.00 M M 6.1 17 180 M M 0 1 22 180
9 94 73 84 2 0 19 0.00 M M 17.8 25 190 M M 0 31 170
10 97 71 84 2 0 19 T M M 8.7 23 200 M M 1 29 210
11 85 60 73 -9 0 8 0.00 M M 8.0 21 20 M M 0 28 20
12 90 56 73 -9 0 8 0.00 M M 6.3 16 160 M M 2 20 150
13 94 65 80 -2 0 15 0.00 M M 13.3 24 190 M M 0 29 180
14 93 71 82 0 0 17 0.00 M M 21.7 32 190 M M 0 40 200
15 90 74 82 0 0 17 0.01 M M 15.4 25 210 M M 1 31 210
16 94 68 81 -1 0 16 0.00 M M 8.1 16 190 M M 1 20 190
17 92 69 81 -1 0 16 0.00 M M 7.2 22 130 M M 1 18 28 130
18 92 67 80 -2 0 15 1.25 M M 5.1 31 20 M M 3 13 43 30
19 88 66 77 -5 0 12 0.00 M M 3.2 12 80 M M 5 18 16 60
20 85 61 73 -9 0 8 0.00 M M 5.0 13 120 M M 1 18 17 70
21 86 63 75 -7 0 10 0.00 M M 6.6 15 150 M M 1 18 20 140
22 90 66 78 -4 0 13 0.00 0.0 M 15.3 24 190 M M 1 18 29 210
23 94 69 82 0 0 17 0.00 M M 13.1 22 180 M M 0 28 200
24 98 72 85 3 0 20 0.00 M M 10.1 17 170 M M 0 23 160
25 96 73 85 3 0 20 0.00 M M 9.5 28 60 M M 0 8 34 60
26 94 71 83 1 0 18 0.00 M M 7.2 16 200 M M 4 19 150
27 97 70 84 2 0 19 0.00 M M 7.3 17 160 M M 1 23 150
28 97 72 85 3 0 20 0.00 M M 9.7 18 170 M M 1 26 150
29 96 70 83 1 0 18 0.00 M M 9.1 16 170 M M 1 8 21 200
30 98 70 84 2 0 19 0.00 M M 9.7 21 190 M M 1 26 170
31 99 72 86 4 0 21 0.11 M M 9.6 21 190 M M 1 138 27 180
================================================================================
SM 2842 2105 0 466 1.67 0.0 287.6 M 60
================================================================================
AV 91.7 67.9 9.3 FASTST M M 2 MAX(MPH)
MISC ----> 32 190 43 30
================================================================================
NOTES:
# LAST OF SEVERAL OCCURRENCES
COLUMN 17 PEAK WIND IN M.P.H.
PRELIMINARY LOCAL CLIMATOLOGICAL DATA (WS FORM: F-6) , PAGE 2
STATION: GAGE
MONTH: JULY
YEAR: 2021
LATITUDE: 36 17 N
LONGITUDE: 99 46 W
[TEMPERATURE DATA] [PRECIPITATION DATA] SYMBOLS USED IN COLUMN 16
AVERAGE MONTHLY: 79.8 TOTAL FOR MONTH: 1.67 1 = FOG OR MIST
DPTR FM NORMAL: -2.2 DPTR FM NORMAL: -0.38 2 = FOG REDUCING VISIBILITY
HIGHEST: 99 ON 31 GRTST 24HR 1.25 ON 18-18 TO 1/4 MILE OR LESS
LOWEST: 56 ON 12 3 = THUNDER
SNOW, ICE PELLETS, HAIL 4 = ICE PELLETS
TOTAL MONTH: 0.0 INCH 5 = HAIL
GRTST 24HR 0.0 6 = FREEZING RAIN OR DRIZZLE
GRTST DEPTH: M ON M 7 = DUSTSTORM OR SANDSTORM:
VSBY 1/2 MILE OR LESS
8 = SMOKE OR HAZE
[NO. OF DAYS WITH] [WEATHER - DAYS WITH] 9 = BLOWING SNOW
X = TORNADO
MAX 32 OR BELOW: 0 0.01 INCH OR MORE: 5
MAX 90 OR ABOVE: 21 0.10 INCH OR MORE: 3
MIN 32 OR BELOW: 0 0.50 INCH OR MORE: 1
MIN 0 OR BELOW: 0 1.00 INCH OR MORE: 1
[HDD (BASE 65) ]
TOTAL THIS MO. 0 CLEAR (SCALE 0-3) 22
DPTR FM NORMAL 0 PTCLDY (SCALE 4-7) 9
TOTAL FM JUL 1 0 CLOUDY (SCALE 8-10) 0
DPTR FM NORMAL 0
[CDD (BASE 65) ]
TOTAL THIS MO. 466
DPTR FM NORMAL -61 [PRESSURE DATA]
TOTAL FM JAN 1 1027 HIGHEST SLP M ON M
DPTR FM NORMAL -95 LOWEST SLP 29.82 ON 10
[REMARKS]
#FINAL-07-21#