000
CXUS53 KUNR 010930
CF6GCC
PRELIMINARY LOCAL CLIMATOLOGICAL DATA (WS FORM: F-6)
STATION: GILLETTE AIRPORT WY
MONTH: AUGUST
YEAR: 2021
LATITUDE: 44 20 N
LONGITUDE: 105 32 W
TEMPERATURE IN F: :PCPN: SNOW: WIND :SUNSHINE: SKY :PK WND
================================================================================
1 2 3 4 5 6A 6B 7 8 9 10 11 12 13 14 15 16 17 18
12Z AVG MX 2MIN
DY MAX MIN AVG DEP HDD CDD WTR SNW DPTH SPD SPD DIR MIN PSBL S-S WX SPD DR
================================================================================
1 88 61 75 2 0 10 0.00 M M 8.8 17 150 M M 1 8 22 180
2 92 63 78 5 0 13 0.00 M M 9.1 18 120 M M 0 23 120
3 88 58 73 1 0 8 0.01 M M 11.8 29 310 M M 3 18 37 320
4 89 60 75 3 0 10 0.00 M M 9.8 18 330 M M 1 8 29 360
5 95 62 79 7 0 14 0.05 M M 8.0 38 300 M M 1 38 51 10
6 86 58 72 0 0 7 T M M 7.9 31 330 M M 2 3 39 330
7 87 56 72 0 0 7 0.00 M M 9.2 25 320 M M 1 8 33 310
8 97 57 77 5 0 12 0.00 M M 7.0 36 300 M M 0 8 51 300
9 80 49 65 -7 0 0 0.00 M M 10.2 26 330 M M 0 8 36 330
10 92 48 70 -1 0 5 0.00 M M 9.9 26 330 M M 0 8 33 330
11 92 53 73 2 0 8 0.00 M M 7.9 21 340 M M 0 8 27 340
12 82 52 67 -4 0 2 0.00 M M 7.1 17 30 M M 1 8 24 60
13 87 46 67 -4 0 2 0.00 M M 3.9 14 170 M M 0 23 110
14 94 62 78 8 0 13 0.00 M M 6.8 16 350 M M 0 23 340
15 95 57 76 6 0 11 0.00 M M 6.7 17 340 M M 2 8 25 340
16 98 59 79 9 0 14 0.00 M M 6.4 15 330 M M 4 8 19 360
17 99 60 80 10 0 15 0.00 M M 9.3 22 200 M M 0 8 30 200
18 81 50 66 -4 0 1 0.03 M M 13.8 25 320 M M 1 18 32 330
19 65 49 57 -12 8 0 0.27 M M 6.4 16 180 M M 8 13 21 190
20 62 46 54 -15 11 0 0.07 M M 13.6 30 310 M M 5 12 40 320
21 80 44 62 -7 3 0 0.02 M M 15.4 35 200 M M 1 3 49 210
22 80 52 66 -2 0 1 T M M 12.0 36 210 M M 1 48 220
23 95 54 75 7 0 10 0.00 M M 13.8 33 220 M M 0 8 47 220
24 78 53 66 -2 0 1 0.00 M M 11.5 21 290 M M 0 27 300
25 87 53 70 2 0 5 0.00 M M 19.9 35 160 M M 0 46 150
26 90 55 73 6 0 8 T M M 8.3 25 340 M M 1 36 340
27 89 51 70 3 0 5 0.00 M M 12.5 29 20 M M 0 38 350
28 66 43 55 -12 10 0 T M M 8.2 30 330 M M 3 39 330
29 81 43 62 -4 3 0 0.00 M M 10.4 22 170 M M 0 30 140
30 91 52 72 6 0 7 0.00 M M 8.2 17 180 M M 0 24 160
31 90 61 76 10 0 11 0.00 M M 13.1 21 170 M M 1 8 28 170
================================================================================
SM 2676 1667 35 200 0.45 M 306.9 M 37
================================================================================
AV 86.3 53.8 9.9 FASTST M M 1 MAX(MPH)
MISC ----> 38 300 # 51 10
================================================================================
NOTES:
# LAST OF SEVERAL OCCURRENCES
COLUMN 17 PEAK WIND IN M.P.H.
PRELIMINARY LOCAL CLIMATOLOGICAL DATA (WS FORM: F-6) , PAGE 2
STATION: GILLETTE AIRPORT WY
MONTH: AUGUST
YEAR: 2021
LATITUDE: 44 20 N
LONGITUDE: 105 32 W
[TEMPERATURE DATA] [PRECIPITATION DATA] SYMBOLS USED IN COLUMN 16
AVERAGE MONTHLY: 70.0 TOTAL FOR MONTH: 0.45 1 = FOG OR MIST
DPTR FM NORMAL: 0.2 DPTR FM NORMAL: -0.52 2 = FOG REDUCING VISIBILITY
HIGHEST: 99 ON 17 GRTST 24HR 0.30 ON 18-19 TO 1/4 MILE OR LESS
LOWEST: 43 ON 29,28 3 = THUNDER
SNOW, ICE PELLETS, HAIL 4 = ICE PELLETS
TOTAL MONTH: M 5 = HAIL
GRTST 24HR M ON M 6 = FREEZING RAIN OR DRIZZLE
GRTST DEPTH: M ON M 7 = DUSTSTORM OR SANDSTORM:
VSBY 1/2 MILE OR LESS
8 = SMOKE OR HAZE
[NO. OF DAYS WITH] [WEATHER - DAYS WITH] 9 = BLOWING SNOW
X = TORNADO
MAX 32 OR BELOW: 0 0.01 INCH OR MORE: 6
MAX 90 OR ABOVE: 13 0.10 INCH OR MORE: 1
MIN 32 OR BELOW: 0 0.50 INCH OR MORE: 0
MIN 0 OR BELOW: 0 1.00 INCH OR MORE: 0
[HDD (BASE 65) ]
TOTAL THIS MO. 35 CLEAR (SCALE 0-3) 28
DPTR FM NORMAL -2 PTCLDY (SCALE 4-7) 3
TOTAL FM JUL 1 35 CLOUDY (SCALE 8-10) 0
DPTR FM NORMAL -20
[CDD (BASE 65) ]
TOTAL THIS MO. 200
DPTR FM NORMAL 16 [PRESSURE DATA]
TOTAL FM JAN 1 748 HIGHEST SLP 30.23 ON 13
DPTR FM NORMAL 280 LOWEST SLP 29.46 ON 17
[REMARKS]
#FINAL-08-21#