000
CXUS53 KDDC 011445
CF6GCK
PRELIMINARY LOCAL CLIMATOLOGICAL DATA (WS FORM: F-6)
STATION: GARDEN CITY REGIONAL ARPT KS
MONTH: APRIL
YEAR: 2020
LATITUDE: 37 55 N
LONGITUDE: 100 43 W
TEMPERATURE IN F: :PCPN: SNOW: WIND :SUNSHINE: SKY :PK WND
================================================================================
1 2 3 4 5 6A 6B 7 8 9 10 11 12 13 14 15 16 17 18
12Z AVG MX 2MIN
DY MAX MIN AVG DEP HDD CDD WTR SNW DPTH SPD SPD DIR MIN PSBL S-S WX SPD DR
================================================================================
1 73 44 59 11 6 0 0.00 M M 16.7 29 170 M M 0 46 150
2 54 26 40 -8 25 0 0.00 M M 22.9 33 320 M M 7 1 41 320
3 46 21 34 -15 31 0 0.00 M M 16.3 30 360 M M 2 37 360
4 55 23 39 -10 26 0 0.00 M M 7.5 17 140 M M 2 24 150
5 69 31 50 1 15 0 0.00 M M 16.8 31 150 M M 4 12 43 150
6 84 48 66 16 0 1 0.00 M M 10.1 22 180 M M 1 29 180
7 84 43 64 14 1 0 0.00 M M 11.6 28 30 M M 0 33 20
8 81 42 62 12 3 0 0.00 M M 15.0 29 20 M M 0 38 10
9 60 36 48 -3 17 0 0.00 M M 8.7 20 50 M M 2 26 30
10 72 34 53 2 12 0 0.00 M M 19.0 35 200 M M 1 44 190
11 81 45 63 12 2 0 0.00 M M 10.2 23 210 M M 0 32 210
12 53 27 40 -12 25 0 T M M 27.6 44 360 M M 7 1 62 360
13 37 22 30 -22 35 0 0.00 M M 7.6 25 10 M M 10 31 10
14 50 18 34 -18 31 0 0.00 M M 9.2 22 280 M M 4 33 280
15 62 20 41 -12 24 0 0.00 M M 6.4 16 180 M M 0 26 130
16 63 30 47 -6 18 0 0.00 M M 15.4 37 10 M M 2 47 20
17 55 27 41 -12 24 0 T M M 8.9 28 20 M M 5 1 36 10
18 75 33 54 0 11 0 0.02 M M 14.9 36 240 M M 2 3 53 240
19 72 36 54 0 11 0 0.00 M M 7.5 18 330 M M 1 24 330
20 73 36 55 1 10 0 0.00 M M 6.4 15 360 M M 2 20 350
21 66 40 53 -2 12 0 0.02 M M 8.3 21 210 M M 3 27 210
22 69 44 57 2 8 0 0.07 M M 8.7 35 360 M M 4 3 44 10
23 81 40 61 5 4 0 0.00 M M 10.2 23 230 M M 0 30 240
24 62 42 52 -4 13 0 0.01 M M 20.2 32 350 M M 5 42 340
25 69 35 52 -4 13 0 0.00 M M 9.3 20 340 M M 1 34 360
26 81 39 60 3 5 0 0.00 M M 12.8 30 200 M M 0 41 210
27 84 42 63 6 2 0 0.00 M M 8.3 17 360 M M 0 24 350
28 82 50 66 9 0 1 0.00 M M 17.0 33 20 M M 0 43 10
29 74 38 56 -2 9 0 0.00 M M 16.2 36 350 M M 0 54 330
30 88 39 64 6 1 0 0.00 M M 13.2 29 140 M M 0 36 150
================================================================================
SM 2055 1051 394 2 0.12 M 382.9 M 65
================================================================================
AV 68.5 35.0 12.8 FASTST M M 2 MAX(MPH)
MISC ----> 44 360 62 360
================================================================================
NOTES:
# LAST OF SEVERAL OCCURRENCES
COLUMN 17 PEAK WIND IN M.P.H.
PRELIMINARY LOCAL CLIMATOLOGICAL DATA (WS FORM: F-6) , PAGE 2
STATION: GARDEN CITY REGIONAL ARPT KS
MONTH: APRIL
YEAR: 2020
LATITUDE: 37 55 N
LONGITUDE: 100 43 W
[TEMPERATURE DATA] [PRECIPITATION DATA] SYMBOLS USED IN COLUMN 16
AVERAGE MONTHLY: 51.8 TOTAL FOR MONTH: 0.12 1 = FOG OR MIST
DPTR FM NORMAL: -1.2 DPTR FM NORMAL: -1.60 2 = FOG REDUCING VISIBILITY
HIGHEST: 88 ON 30 GRTST 24HR 0.07 ON 21-22 TO 1/4 MILE OR LESS
LOWEST: 18 ON 14 3 = THUNDER
4 = ICE PELLETS
5 = HAIL
6 = FREEZING RAIN OR DRIZZLE
7 = DUSTSTORM OR SANDSTORM:
VSBY 1/2 MILE OR LESS
8 = SMOKE OR HAZE
[NO. OF DAYS WITH] [WEATHER - DAYS WITH] 9 = BLOWING SNOW
X = TORNADO
MAX 32 OR BELOW: 0 0.01 INCH OR MORE: 4
MAX 90 OR ABOVE: 0 0.10 INCH OR MORE: 0
MIN 32 OR BELOW: 10 0.50 INCH OR MORE: 0
MIN 0 OR BELOW: 0 1.00 INCH OR MORE: 0
[HDD (BASE 65) ]
TOTAL THIS MO. 394 CLEAR (SCALE 0-3) 21
DPTR FM NORMAL 20 PTCLDY (SCALE 4-7) 8
TOTAL FM JUL 1 4982 CLOUDY (SCALE 8-10) 1
DPTR FM NORMAL -80
[CDD (BASE 65) ]
TOTAL THIS MO. 2
DPTR FM NORMAL -10 [PRESSURE DATA]
TOTAL FM JAN 1 2 HIGHEST SLP 30.37 ON 14
DPTR FM NORMAL -10 LOWEST SLP 29.30 ON 12
[REMARKS]
#FINAL-04-20#