000
CXUS54 KMAF 011728
CF6GDP
PRELIMINARY LOCAL CLIMATOLOGICAL DATA (WS FORM: F-6)
STATION: GUADALUPE PASS
MONTH: NOVEMBER
YEAR: 2023
LATITUDE: 31 49 N
LONGITUDE: 104 48 W
TEMPERATURE IN F: :PCPN: SNOW: WIND :SUNSHINE: SKY :PK WND
================================================================================
1 2 3 4 5 6A 6B 7 8 9 10 11 12 13 14 15 16 17 18
12Z AVG MX 2MIN
DY MAX MIN AVG DEP HDD CDD WTR SNW DPTH SPD SPD DIR MIN PSBL S-S WX SPD DR
================================================================================
1 59 35 47 -9 18 0 0.00 M M 13.6 26 250 M M 0 8 34 240
2 67 40 54 -2 11 0 0.00 M M 19.6 31 240 M M 0 8 42 240
3 73 47 60 4 5 0 0.00 M M 18.1 29 250 M M 0 8 36 250
4 77 53 65 10 0 0 0.00 M M 12.6 23 240 M M 0 8 32 240
5 80 56 68 13 0 3 0.00 M M 11.3 25 240 M M 0 8 34 260
6 81 59 70 16 0 5 0.00 M M 20.1 40 250 M M 0 8 50 240
7 80 53 67 13 0 2 0.00 M M 28.1 49 250 M M 0 8 64 230
8 79 58 69 15 0 4 0.00 M M 24.1 48 240 M M 0 8 63 240
9 65 38 52 -1 13 0 0.00 M M 30.8 47 50 M M 0 128 53 50
10 39 35 37 -16 28 0 0.00 M M 32.1 49 50 M M 0 128 54 50
11 55 35 45 -7 20 0 0.00 M M 14.0 23 70 M M 0 128 26 60
12 56 42 49 -3 16 0 0.00 M M 18.4 33 50 M M 0 12 38 50
13 49 46 48 -4 17 0 0.00 M M 21.9 33 70 M M 0 12 38 60
14 63 45 54 3 11 0 0.00 M M 14.6 26 250 M M 0 128 36 260
15 66 46 56 5 9 0 0.00 M M 13.0 24 240 M M 0 30 240
16 63 48 56 6 9 0 0.00 M M 18.4 28 250 M M 0 35 250
17 73 52 63 13 2 0 0.00 M M 12.5 20 240 M M 0 29 240
18 76 53 65 15 0 0 0.00 M M 10.3 23 240 M M 0 32 240
19 65 48 57 8 8 0 0.00 M M 25.3 48 240 M M 0 65 260
20 58 42 50 1 15 0 0.00 M M 21.8 39 40 M M 0 55 280
21 50 37 44 -5 21 0 0.00 M M 22.1 47 40 M M 0 8 57 30
22 56 37 47 -1 18 0 0.00 M M 14.3 28 250 M M 0 36 240
23 59 35 47 -1 18 0 0.00 M M 21.2 33 250 M M 0 44 250
24 48 35 42 -6 23 0 0.00 M M 23.4 41 40 M M 0 8 46 40
25 57 32 45 -2 20 0 0.00 M M 19.1 32 250 M M 0 18 45 260
26 42 26 34 -13 31 0 0.00 M M 27.7 35 70 M M 0 128 40 60
27 50 33 42 -5 23 0 0.00 M M 19.2 33 50 M M 0 36 50
28 57 34 46 0 19 0 0.00 M M 9.7 22 50 M M 0 23 50
29 63 46 55 9 10 0 0.00 M M 7.7 23 230 M M 0 29 230
30 54 39 47 1 18 0 T M M 28.9 53 250 M M 0 8 67 240
================================================================================
SM 1860 1285 383 14 T M 573.9 M 0
================================================================================
AV 62.0 42.8 19.1 FASTST M M 0 MAX(MPH)
MISC ----> 53 250 67 240
================================================================================
NOTES:
# LAST OF SEVERAL OCCURRENCES
COLUMN 17 PEAK WIND IN M.P.H.
PRELIMINARY LOCAL CLIMATOLOGICAL DATA (WS FORM: F-6) , PAGE 2
STATION: GUADALUPE PASS
MONTH: NOVEMBER
YEAR: 2023
LATITUDE: 31 49 N
LONGITUDE: 104 48 W
[TEMPERATURE DATA] [PRECIPITATION DATA] SYMBOLS USED IN COLUMN 16
AVERAGE MONTHLY: 52.4 TOTAL FOR MONTH: T 1 = FOG OR MIST
DPTR FM NORMAL: 1.6 DPTR FM NORMAL: -0.35 2 = FOG REDUCING VISIBILITY
HIGHEST: 81 ON 6 GRTST 24HR T ON 18-18 TO 1/4 MILE OR LESS
LOWEST: 26 ON 26 3 = THUNDER
SNOW, ICE PELLETS, HAIL 4 = ICE PELLETS
TOTAL MONTH: M 5 = HAIL
GRTST 24HR M ON M 6 = FREEZING RAIN OR DRIZZLE
GRTST DEPTH: M ON M 7 = DUSTSTORM OR SANDSTORM:
VSBY 1/2 MILE OR LESS
8 = SMOKE OR HAZE
[NO. OF DAYS WITH] [WEATHER - DAYS WITH] 9 = BLOWING SNOW
X = TORNADO
MAX 32 OR BELOW: 0 0.01 INCH OR MORE: 0
MAX 90 OR ABOVE: 0 0.10 INCH OR MORE: 0
MIN 32 OR BELOW: 2 0.50 INCH OR MORE: 0
MIN 0 OR BELOW: 0 1.00 INCH OR MORE: 0
[HDD (BASE 65) ]
TOTAL THIS MO. 383 CLEAR (SCALE 0-3) 30
DPTR FM NORMAL -46 PTCLDY (SCALE 4-7) 0
TOTAL FM JUL 1 512 CLOUDY (SCALE 8-10) 0
DPTR FM NORMAL -92
[CDD (BASE 65) ]
TOTAL THIS MO. 14
DPTR FM NORMAL 11 [PRESSURE DATA]
TOTAL FM JAN 1 1592 HIGHEST SLP 30.44 ON 21
DPTR FM NORMAL -74 LOWEST SLP 29.61 ON 19
[REMARKS]
#FINAL-11-23#