000
CXUS51 KPHI 010815
CF6GED
PRELIMINARY LOCAL CLIMATOLOGICAL DATA (WS FORM: F-6)
STATION: GEORGETOWN DE
MONTH: JULY
YEAR: 2021
LATITUDE: 38 41 N
LONGITUDE: 75 22 W
TEMPERATURE IN F: :PCPN: SNOW: WIND :SUNSHINE: SKY :PK WND
================================================================================
1 2 3 4 5 6A 6B 7 8 9 10 11 12 13 14 15 16 17 18
12Z AVG MX 2MIN
DY MAX MIN AVG DEP HDD CDD WTR SNW DPTH SPD SPD DIR MIN PSBL S-S WX SPD DR
================================================================================
1 96 74 85 7 0 20 0.21 M M 6.3 29 290 M M 3 13 41 300
2 79 69 74 -4 0 9 0.56 M M 4.4 13 210 M M 6 1 16 200
3 82 63 73 -5 0 8 0.11 M M 4.5 21 50 M M 4 138 26 20
4 85 63 74 -4 0 9 0.00 M M 3.3 12 230 M M 2 1 16 220
5 90 66 78 0 0 13 0.00 M M 5.5 16 220 M M 0 1 19 220
6 93 72 83 5 0 18 0.00 M M 8.9 17 220 M M 0 1 21 220
7 92 78 85 7 0 20 0.00 M M 8.9 17 220 M M 0 22 230
8 91 76 84 6 0 19 2.45 M M 10.5 29 110 M M 4 1 38 120
9 90 73 82 3 0 17 1.87 M M 7.6 17 110 M M 5 13 23 110
10 85 72 79 0 0 14 0.00 M M 4.1 13 290 M M 0 18 240
11 90 69 80 1 0 15 0.00 M M 7.1 17 190 M M 0 18 22 180
12 94 76 85 6 0 20 0.00 M M 8.1 17 220 M M 1 18 21 210
13 92 76 84 5 0 19 0.00 M M 8.5 16 230 M M 0 18 21 220
14 91 75 83 4 0 18 0.04 M M 6.8 14 220 M M 1 18 17 210
15 93 70 82 3 0 17 0.00 M M 4.8 12 230 M M 1 15 220
16 93 75 84 5 0 19 0.00 M M 5.8 15 210 M M 1 1 19 220
17 93 75 84 5 0 19 0.15 M M 9.2 30 220 M M 1 138 38 220
18 84 68 76 -3 0 11 0.02 M M 8.0 15 240 M M 2 21 270
19 86 70 78 -1 0 13 0.00 M M 4.5 13 220 M M 0 16 220
20 89 69 79 0 0 14 0.00 M M 3.0 10 210 M M 1 18 13 240
21 89 70 80 1 0 15 T M M 5.6 17 290 M M 1 138 23 270
22 80 63 72 -7 0 7 0.00 M M 4.8 10 10 M M 1 14 350
23 84 62 73 -6 0 8 0.00 M M 3.0 12 10 M M 0 16 50
24 89 60 75 -4 0 10 0.00 M M 5.0 14 180 M M 3 1 19 140
25 85 72 79 0 0 14 0.00 M M 11.6 22 220 M M 5 29 230
26 90 75 83 4 0 18 T M M 5.7 13 220 M M 4 17 230
27 92 72 82 3 0 17 0.00 M M 4.5 13 100 M M 3 128 16 100
28 88 70 79 0 0 14 0.00 M M 5.6 16 50 M M 1 18 20 60
29 85 69 77 -2 0 12 0.93 M M 7.0 23 360 M M 4 123 29 360
30 89 70 80 2 0 15 0.00 M M 3.8 12 290 M M 2 18 17 290
31 80 64 72 -6 0 7 0.00 M M 4.6 12 30 M M 0 15 30
================================================================================
SM 2739 2176 0 449 6.34 M 191.0 M 56
================================================================================
AV 88.4 70.2 6.2 FASTST M M 2 MAX(MPH)
MISC ----> 30 220 41 300
================================================================================
NOTES:
# LAST OF SEVERAL OCCURRENCES
COLUMN 17 PEAK WIND IN M.P.H.
PRELIMINARY LOCAL CLIMATOLOGICAL DATA (WS FORM: F-6) , PAGE 2
STATION: GEORGETOWN DE
MONTH: JULY
YEAR: 2021
LATITUDE: 38 41 N
LONGITUDE: 75 22 W
[TEMPERATURE DATA] [PRECIPITATION DATA] SYMBOLS USED IN COLUMN 16
AVERAGE MONTHLY: 79.3 TOTAL FOR MONTH: 6.34 1 = FOG OR MIST
DPTR FM NORMAL: 0.7 DPTR FM NORMAL: 2.20 2 = FOG REDUCING VISIBILITY
HIGHEST: 96 ON 1 GRTST 24HR 2.45 ON 8- 8 TO 1/4 MILE OR LESS
LOWEST: 60 ON 24 3 = THUNDER
SNOW, ICE PELLETS, HAIL 4 = ICE PELLETS
TOTAL MONTH: M 5 = HAIL
GRTST 24HR M ON M 6 = FREEZING RAIN OR DRIZZLE
GRTST DEPTH: M ON M 7 = DUSTSTORM OR SANDSTORM:
VSBY 1/2 MILE OR LESS
8 = SMOKE OR HAZE
[NO. OF DAYS WITH] [WEATHER - DAYS WITH] 9 = BLOWING SNOW
X = TORNADO
MAX 32 OR BELOW: 0 0.01 INCH OR MORE: 9
MAX 90 OR ABOVE: 15 0.10 INCH OR MORE: 7
MIN 32 OR BELOW: 0 0.50 INCH OR MORE: 4
MIN 0 OR BELOW: 0 1.00 INCH OR MORE: 2
[HDD (BASE 65) ]
TOTAL THIS MO. 0 CLEAR (SCALE 0-3) 24
DPTR FM NORMAL 0 PTCLDY (SCALE 4-7) 7
TOTAL FM JUL 1 0 CLOUDY (SCALE 8-10) 0
DPTR FM NORMAL 0
[CDD (BASE 65) ]
TOTAL THIS MO. 449
DPTR FM NORMAL 27 [PRESSURE DATA]
TOTAL FM JAN 1 946 HIGHEST SLP 30.20 ON 13
DPTR FM NORMAL 139 LOWEST SLP 29.59 ON 9
[REMARKS]
#FINAL-07-21#