000
CXUS56 KOTX 010910
CF6GEG
PRELIMINARY LOCAL CLIMATOLOGICAL DATA (WS FORM: F-6)
STATION: SPOKANE WA AIRPORT
MONTH: SEPTEMBER
YEAR: 2022
LATITUDE: 47 37 N
LONGITUDE: 117 32 W
TEMPERATURE IN F: :PCPN: SNOW: WIND :SUNSHINE: SKY :PK WND
================================================================================
1 2 3 4 5 6A 6B 7 8 9 10 11 12 13 14 15 16 17 18
12Z AVG MX 2MIN
DY MAX MIN AVG DEP HDD CDD WTR SNW DPTH SPD SPD DIR MIN PSBL S-S WX SPD DR
================================================================================
1 93 63 78 12 0 13 0.00 0.0 0 6.9 15 230 M M 1 19 240
2 96 62 79 13 0 14 0.00 0.0 0 7.7 14 30 M M 3 8 17 50
3 80 60 70 5 0 5 0.01 0.0 0 6.1 21 240 M M 7 378 26 70
4 84 55 70 5 0 5 0.00 0.0 0 8.4 20 220 M M 1 24 220
5 80 57 69 4 0 4 0.00 0.0 0 9.6 17 230 M M 1 25 230
6 89 53 71 7 0 6 0.00 0.0 0 3.2 10 50 M M 1 14 50
7 87 57 72 8 0 7 0.00 0.0 0 9.7 24 260 M M 4 27 250
8 77 46 62 -2 3 0 0.00 0.0 0 6.7 17 290 M M 2 8 27 280
9 76 50 63 -1 2 0 0.00 0.0 0 7.7 20 70 M M 2 8 25 90
10 80 50 65 2 0 0 0.00 0.0 0 5.4 13 60 M M 1 8 15 60
11 82 53 68 5 0 3 0.00 0.0 0 5.3 12 70 M M 6 8 14 70
12 82 58 70 8 0 5 T 0.0 0 5.2 12 330 M M 6 8 17 320
13 79 54 67 5 0 2 0.00 0.0 0 2.9 10 200 M M 4 8 12 200
14 70 56 63 1 2 0 0.03 0.0 0 4.9 16 230 M M 7 138 20 220
15 74 50 62 0 3 0 0.00 0.0 0 3.8 10 110 M M 6 128 13 120
16 70 50 60 -1 5 0 0.00 0.0 0 10.4 20 230 M M 5 25 220
17 68 43 56 -5 9 0 0.00 0.0 0 5.1 13 10 M M 6 16 10
18 73 53 63 3 2 0 0.00 0.0 0 7.0 16 230 M M 8 20 210
19 75 49 62 2 3 0 0.00 0.0 0 6.5 14 270 M M 2 18 360
20 74 48 61 1 4 0 0.00 0.0 0 10.5 21 20 M M 1 24 20
21 77 50 64 5 1 0 T 0.0 0 7.8 20 70 M M 5 24 90
22 72 50 61 2 4 0 0.03 0.0 0 14.5 24 200 M M 8 8 31 200
23 69 46 58 0 7 0 0.00 0.0 0 8.2 16 200 M M 5 21 200
24 76 49 63 5 2 0 0.00 0.0 0 3.6 12 160 M M 2 14 160
25 79 51 65 7 0 0 0.00 0.0 0 4.5 10 50 M M 3 15 70
26 85 54 70 13 0 5 0.00 0.0 0 5.9 13 60 M M 1 16 50
27 90 57 74 17 0 9 0.00 0.0 0 6.3 14 60 M M 2 19 60
28 79 55 67 11 0 2 T 0.0 0 6.4 18 260 M M 7 24 260
29 65 52 59 3 6 0 0.46 0.0 0 6.6 20 240 M M 10 1 23 150
30 65 53 59 3 6 0 0.00 0.0 0 3.5 8 20 M M 7 11 340
================================================================================
SM 2346 1584 59 80 0.53 0.0 200.3 M 124
================================================================================
AV 78.2 52.8 6.7 FASTST M M 4 MAX(MPH)
MISC ----> # 24 260 31 200
================================================================================
NOTES:
# LAST OF SEVERAL OCCURRENCES
COLUMN 17 PEAK WIND IN M.P.H.
PRELIMINARY LOCAL CLIMATOLOGICAL DATA (WS FORM: F-6) , PAGE 2
STATION: SPOKANE WA AIRPORT
MONTH: SEPTEMBER
YEAR: 2022
LATITUDE: 47 37 N
LONGITUDE: 117 32 W
[TEMPERATURE DATA] [PRECIPITATION DATA] SYMBOLS USED IN COLUMN 16
AVERAGE MONTHLY: 65.5 TOTAL FOR MONTH: 0.53 1 = FOG OR MIST
DPTR FM NORMAL: 4.4 DPTR FM NORMAL: -0.05 2 = FOG REDUCING VISIBILITY
HIGHEST: 96 ON 2 GRTST 24HR 0.46 ON 28-29 TO 1/4 MILE OR LESS
LOWEST: 43 ON 17 3 = THUNDER
SNOW, ICE PELLETS, HAIL 4 = ICE PELLETS
TOTAL MONTH: 0.0 INCH 5 = HAIL
GRTST 24HR 0.0 6 = FREEZING RAIN OR DRIZZLE
GRTST DEPTH: 0 7 = DUSTSTORM OR SANDSTORM:
VSBY 1/2 MILE OR LESS
8 = SMOKE OR HAZE
[NO. OF DAYS WITH] [WEATHER - DAYS WITH] 9 = BLOWING SNOW
X = TORNADO
MAX 32 OR BELOW: 0 0.01 INCH OR MORE: 4
MAX 90 OR ABOVE: 3 0.10 INCH OR MORE: 1
MIN 32 OR BELOW: 0 0.50 INCH OR MORE: 0
MIN 0 OR BELOW: 0 1.00 INCH OR MORE: 0
[HDD (BASE 65) ]
TOTAL THIS MO. 59 CLEAR (SCALE 0-3) 13
DPTR FM NORMAL -103 PTCLDY (SCALE 4-7) 15
TOTAL FM JUL 1 67 CLOUDY (SCALE 8-10) 2
DPTR FM NORMAL -149
[CDD (BASE 65) ]
TOTAL THIS MO. 80
DPTR FM NORMAL 35 [PRESSURE DATA]
TOTAL FM JAN 1 764 HIGHEST SLP M ON M
DPTR FM NORMAL 250 LOWEST SLP 29.72 ON 17
[REMARKS]
#FINAL-09-22#