053
CXUS56 KOTX 010900
CF6GEG
PRELIMINARY LOCAL CLIMATOLOGICAL DATA (WS FORM: F-6)
STATION: SPOKANE WA AIRPORT
MONTH: JUNE
YEAR: 2020
LATITUDE: 47 37 N
LONGITUDE: 117 32 W
TEMPERATURE IN F: :PCPN: SNOW: WIND :SUNSHINE: SKY :PK WND
================================================================================
1 2 3 4 5 6A 6B 7 8 9 10 11 12 13 14 15 16 17 18
12Z AVG MX 2MIN
DY MAX MIN AVG DEP HDD CDD WTR SNW DPTH SPD SPD DIR MIN PSBL S-S WX SPD DR
================================================================================
1 68 48 58 -1 7 0 0.00 0.0 0 8.0 18 210 M M 5 1 27 190
2 71 48 60 1 5 0 0.00 0.0 0 10.2 18 220 M M 6 23 190
3 71 46 59 -1 6 0 0.00 0.0 0 6.1 15 260 M M 6 20 260
4 71 50 61 1 4 0 0.00 0.0 0 11.6 25 240 M M 7 30 220
5 67 53 60 0 5 0 0.10 0.0 0 8.9 20 50 M M 10 22 50
6 64 49 57 -3 8 0 T 0.0 0 9.6 18 200 M M 8 23 240
7 61 43 52 -8 13 0 0.02 0.0 0 12.1 30 250 M M 9 35 240
8 63 43 53 -7 12 0 T 0.0 0 15.3 30 260 M M 7 1 37 280
9 56 43 50 -11 15 0 0.08 0.0 0 7.9 18 220 M M 8 1 23 210
10 73 52 63 2 2 0 0.00 0.0 0 5.3 14 230 M M 7 17 220
11 81 55 68 7 0 3 0.08 0.0 0 7.1 16 280 M M 7 3 22 70
12 71 58 65 4 0 0 T 0.0 0 4.3 21 270 M M 8 3 26 260
13 61 48 55 -6 10 0 0.24 0.0 0 15.2 29 240 M M 9 13 34 230
14 60 44 52 -10 13 0 0.04 0.0 0 13.3 23 240 M M 7 35 30 260
15 57 45 51 -11 14 0 0.06 0.0 0 8.2 17 230 M M 8 1 20 160
16 61 48 55 -7 10 0 0.11 0.0 0 7.4 16 210 M M 9 1 19 210
17 72 47 60 -2 5 0 T 0.0 0 7.7 22 320 M M 5 13 30 310
18 76 51 64 2 1 0 0.00 0.0 0 5.9 13 230 M M 3 16 200
19 80 55 68 5 0 3 0.00 0.0 0 8.6 16 210 M M 5 22 210
20 74 59 67 4 0 2 T 0.0 0 8.4 23 220 M M 8 27 210
21 74 57 66 3 0 1 0.00 0.0 0 9.8 18 240 M M 7 27 240
22 80 54 67 4 0 2 0.00 0.0 0 5.6 13 230 M M 2 16 230
23 88 60 74 10 0 9 0.00 0.0 0 5.4 14 200 M M 4 18 200
24 88 65 77 13 0 12 0.02 0.0 0 9.2 25 260 M M 6 3 31 250
25 84 57 71 7 0 6 0.00 0.0 0 4.6 14 260 M M 4 18 220
26 88 61 75 11 0 10 0.00 0.0 0 12.0 23 210 M M 7 31 210
27 77 55 66 1 0 1 T 0.0 0 15.3 25 260 M M 6 30 260
28 69 48 59 -6 6 0 T 0.0 0 6.5 31 20 M M 7 3 37 20
29 76 50 63 -2 2 0 0.06 0.0 0 7.5 17 10 M M 6 22 40
30 74 53 64 -2 1 0 0.07 0.0 0 11.5 29 240 M M 8 1 35 240
================================================================================
SM 2156 1545 139 49 0.88 0.0 268.5 M 199
================================================================================
AV 71.9 51.5 8.9 FASTST M M 7 MAX(MPH)
MISC ----> # 31 20 # 37 280
================================================================================
NOTES:
# LAST OF SEVERAL OCCURRENCES
COLUMN 17 PEAK WIND IN M.P.H.
PRELIMINARY LOCAL CLIMATOLOGICAL DATA (WS FORM: F-6) , PAGE 2
STATION: SPOKANE WA AIRPORT
MONTH: JUNE
YEAR: 2020
LATITUDE: 47 37 N
LONGITUDE: 117 32 W
[TEMPERATURE DATA] [PRECIPITATION DATA] SYMBOLS USED IN COLUMN 16
AVERAGE MONTHLY: 61.7 TOTAL FOR MONTH: 0.88 1 = FOG OR MIST
DPTR FM NORMAL: -0.4 DPTR FM NORMAL: -0.37 2 = FOG REDUCING VISIBILITY
HIGHEST: 88 ON 26,24 GRTST 24HR 0.81 ON 31- 1 TO 1/4 MILE OR LESS
LOWEST: 43 ON 9, 8 3 = THUNDER
SNOW, ICE PELLETS, HAIL 4 = ICE PELLETS
TOTAL MONTH: 0.0 INCH 5 = HAIL
GRTST 24HR 0.0 6 = FREEZING RAIN OR DRIZZLE
GRTST DEPTH: 0 7 = DUSTSTORM OR SANDSTORM:
VSBY 1/2 MILE OR LESS
8 = SMOKE OR HAZE
[NO. OF DAYS WITH] [WEATHER - DAYS WITH] 9 = BLOWING SNOW
X = TORNADO
MAX 32 OR BELOW: 0 0.01 INCH OR MORE: 11
MAX 90 OR ABOVE: 0 0.10 INCH OR MORE: 3
MIN 32 OR BELOW: 0 0.50 INCH OR MORE: 0
MIN 0 OR BELOW: 0 1.00 INCH OR MORE: 0
[HDD (BASE 65) ]
TOTAL THIS MO. 139 CLEAR (SCALE 0-3) 1
DPTR FM NORMAL 3 PTCLDY (SCALE 4-7) 21
TOTAL FM JUL 1 6329 CLOUDY (SCALE 8-10) 8
DPTR FM NORMAL -264
[CDD (BASE 65) ]
TOTAL THIS MO. 49
DPTR FM NORMAL 0 [PRESSURE DATA]
TOTAL FM JAN 1 60 HIGHEST SLP M ON M
DPTR FM NORMAL -3 LOWEST SLP 29.54 ON 5
[REMARKS]
#FINAL-06-20#