000
CXUS56 KOTX 020118
CF6GEG
PRELIMINARY LOCAL CLIMATOLOGICAL DATA (WS FORM: F-6)
STATION: SPOKANE WA AIRPORT
MONTH: AUGUST
YEAR: 2023
LATITUDE: 47 37 N
LONGITUDE: 117 32 W
TEMPERATURE IN F: :PCPN: SNOW: WIND :SUNSHINE: SKY :PK WND
================================================================================
1 2 3 4 5 6A 6B 7 8 9 10 11 12 13 14 15 16 17 18
12Z AVG MX 2MIN
DY MAX MIN AVG DEP HDD CDD WTR SNW DPTH SPD SPD DIR MIN PSBL S-S WX SPD DR
================================================================================
1 90 59 75 2 0 10 0.00 0.0 0 6.3 15 240 M M 1 17 230
2 92 59 76 3 0 11 0.00 0.0 0 7.6 16 250 M M 1 8 23 180
3 92 62 77 4 0 12 0.00 0.0 0 6.9 16 230 M M 3 8 20 240
4 90 63 77 4 0 12 0.00 0.0 0 9.3 28 220 M M 7 32 220
5 84 65 75 2 0 10 T 0.0 0 5.3 16 20 M M 10 19 20
6 80 63 72 -1 0 7 0.04 0.0 0 4.9 14 30 M M 7 1 16 170
7 82 61 72 -1 0 7 T 0.0 0 8.0 24 240 M M 7 30 250
8 82 58 70 -2 0 5 0.00 0.0 0 7.4 16 220 M M 4 18 22 200
9 82 62 72 0 0 7 0.02 0.0 0 11.0 26 230 M M 6 31 230
10 80 57 69 -3 0 4 0.00 0.0 0 10.6 18 240 M M 2 29 240
11 84 57 71 -1 0 6 0.00 0.0 0 9.0 17 250 M M 2 21 210
12 87 58 73 1 0 8 0.00 0.0 0 5.2 12 220 M M 6 15 250
13 92 63 78 7 0 13 0.00 0.0 0 5.1 13 80 M M 4 21 50
14 98 66 82 11 0 17 0.00 0.0 0 3.9 12 50 M M 2 14 60
15 102 68 85 14 0 20 0.00 0.0 0 7.0 15 230 M M 2 21 210
16 101 68 85 15 0 20 0.00 0.0 0 6.9 15 250 M M 5 8 22 230
17 99 69 84 14 0 19 0.00 0.0 0 12.0 25 270 M M 6 8 30 240
18 90 64 77 7 0 12 0.00 0.0 0 16.8 32 230 M M 6 8 38 230
19 82 58 70 0 0 5 0.00 0.0 0 7.1 13 360 M M 10 8 17 350
20 82 57 70 1 0 5 0.00 0.0 0 4.5 13 50 M M 9 8 17 50
21 80 64 72 3 0 7 0.00 0.0 0 7.3 16 190 M M 10 8 21 190
22 65 56 61 -8 4 0 0.39 0.0 0 6.2 16 210 M M 10 18 19 200
23 72 52 62 -6 3 0 0.00 0.0 0 8.6 20 210 M M 3 1 26 230
24 79 51 65 -3 0 0 0.00 0.0 0 6.4 14 30 M M 1 18 10
25 74 56 65 -3 0 0 0.00 0.0 0 6.1 16 160 M M 4 21 160
26 89 54 72 4 0 7 0.00 0.0 0 6.2 14 50 M M 3 1 18 30
27 93 66 80 13 0 15 0.00 0.0 0 5.5 14 80 M M 3 18 80
28 95 63 79 12 0 14 0.00 0.0 0 5.0 15 10 M M 0 18 20
29 75 58 67 0 0 2 0.29 0.0 0 9.2 22 230 M M 6 13 27 240
30 62 54 58 -8 7 0 0.18 0.0 0 14.1 24 220 M M 9 18 31 210
31 67 52 60 -6 5 0 0.06 0.0 0 6.5 14 240 M M 8 12 17 250
================================================================================
SM 2622 1863 19 255 0.98 0.0 235.9 M 157
================================================================================
AV 84.6 60.1 7.6 FASTST M M 5 MAX(MPH)
MISC ----> 32 230 38 230
================================================================================
NOTES:
# LAST OF SEVERAL OCCURRENCES
COLUMN 17 PEAK WIND IN M.P.H.
PRELIMINARY LOCAL CLIMATOLOGICAL DATA (WS FORM: F-6) , PAGE 2
STATION: SPOKANE WA AIRPORT
MONTH: AUGUST
YEAR: 2023
LATITUDE: 47 37 N
LONGITUDE: 117 32 W
[TEMPERATURE DATA] [PRECIPITATION DATA] SYMBOLS USED IN COLUMN 16
AVERAGE MONTHLY: 72.3 TOTAL FOR MONTH: 0.98 1 = FOG OR MIST
DPTR FM NORMAL: 2.0 DPTR FM NORMAL: 0.51 2 = FOG REDUCING VISIBILITY
HIGHEST: 102 ON 15 GRTST 24HR 0.47 ON 29-30 TO 1/4 MILE OR LESS
LOWEST: 51 ON 24 3 = THUNDER
SNOW, ICE PELLETS, HAIL 4 = ICE PELLETS
TOTAL MONTH: 0.0 INCH 5 = HAIL
GRTST 24HR 0.0 6 = FREEZING RAIN OR DRIZZLE
GRTST DEPTH: 0 7 = DUSTSTORM OR SANDSTORM:
VSBY 1/2 MILE OR LESS
8 = SMOKE OR HAZE
[NO. OF DAYS WITH] [WEATHER - DAYS WITH] 9 = BLOWING SNOW
X = TORNADO
MAX 32 OR BELOW: 0 0.01 INCH OR MORE: 6
MAX 90 OR ABOVE: 12 0.10 INCH OR MORE: 3
MIN 32 OR BELOW: 0 0.50 INCH OR MORE: 0
MIN 0 OR BELOW: 0 1.00 INCH OR MORE: 0
[HDD (BASE 65) ]
TOTAL THIS MO. 19 CLEAR (SCALE 0-3) 10
DPTR FM NORMAL -9 PTCLDY (SCALE 4-7) 15
TOTAL FM JUL 1 19 CLOUDY (SCALE 8-10) 6
DPTR FM NORMAL -33
[CDD (BASE 65) ]
TOTAL THIS MO. 255
DPTR FM NORMAL 65 [PRESSURE DATA]
TOTAL FM JAN 1 746 HIGHEST SLP 30.16 ON 13
DPTR FM NORMAL 277 LOWEST SLP 29.58 ON 18
[REMARKS]
#FINAL-08-23#