000
CXUS55 KRIW 011010
CF6GEY
PRELIMINARY LOCAL CLIMATOLOGICAL DATA (WS FORM: F-6)
STATION: GREYBULL WY
MONTH: JUNE
YEAR: 2023
LATITUDE: 44 30 N
LONGITUDE: 108 4 W
TEMPERATURE IN F: :PCPN: SNOW: WIND :SUNSHINE: SKY :PK WND
================================================================================
1 2 3 4 5 6A 6B 7 8 9 10 11 12 13 14 15 16 17 18
12Z AVG MX 2MIN
DY MAX MIN AVG DEP HDD CDD WTR SNW DPTH SPD SPD DIR MIN PSBL S-S WX SPD DR
================================================================================
1 82 48 65 2 0 0 0.03 M M 6.5 35 310 M M 3 38 43 310
2 66 56 61 -2 4 0 0.07 M M 17.6 28 330 M M 9 1 35 320
3 77 54 66 3 0 1 0.09 M M 5.9 32 90 M M 9 13 40 100
4 79 60 70 6 0 5 0.01 M M 6.2 24 90 M M 8 3 30 100
5 87 53 70 6 0 5 0.00 M M 4.8 21 100 M M 1 28 110
6 90 57 74 10 0 9 0.09 M M 8.6 28 280 M M 2 3 37 310
7 85 60 73 9 0 8 0.58 M M 5.2 31 230 M M 2 3 44 220
8 82 57 70 5 0 5 0.03 M M 6.0 23 90 M M 4 3 34 110
9 82 56 69 4 0 4 0.00 M M 5.7 32 310 M M 0 3 40 310
10 66 57 62 -3 3 0 0.24 M M 5.3 22 330 M M 7 13 28 330
11 75 56 66 0 0 1 0.02 M M 3.4 15 170 M M 7 13 20 150
12 73 56 65 -1 0 0 0.11 M M 4.6 24 90 M M 5 13 31 100
13 79 53 66 0 0 1 0.00 M M 3.9 14 160 M M 3 18 18 150
14 81 56 69 3 0 4 0.00 M M 7.9 22 300 M M 3 28 310
15 75 55 65 -2 0 0 0.05 M M 10.9 26 340 M M 6 13 34 340
16 61 51 56 -11 9 0 0.46 M M 8.0 15 140 M M 7 1 20 100
17 76 47 62 -5 3 0 0.02 M M 5.6 23 310 M M 3 33 310
18 87 55 71 3 0 6 0.01 M M 9.5 29 330 M M 5 38 330
19 78 57 68 0 0 3 0.15 M M 7.9 26 290 M M 6 13 38 290
20 63 54 59 -9 6 0 M M M 8.0 23 290 M M 5 31 300
21 74 50 62 -7 3 0 T M M 11.5 35 300 M M 5 44 290
22 72 51 62 -7 3 0 0.62 M M 6.0 33 240 M M 5 3 42 240
23 71 53 62 -7 3 0 0.72 M M 8.9 35 230 M M 4 13 48 220
24 70 51 61 -9 4 0 0.36 M M 13.9 30 320 M M 6 1 39 320
25 79 49 64 -6 1 0 0.00 M M 4.1 18 320 M M 1 25 330
26 79 53 66 -4 0 1 0.06 M M 6.9 30 310 M M 2 3 38 310
27 78 53 66 -5 0 1 0.00 M M 5.7 20 280 M M 0 25 280
28 83 53 68 -3 0 3 0.00 M M 6.8 23 330 M M 1 30 320
29 84 55 70 -1 0 5 0.00 M M 6.6 24 340 M M 1 30 350
30 86 55 71 -1 0 6 0.00 M M 5.5 15 330 M M 1 18 330
================================================================================
SM 2320 1621 39 68 3.72 M 217.4 M 121
================================================================================
AV 77.3 54.0 7.2 FASTST M M 4 MAX(MPH)
MISC ----> # 35 310 48 220
================================================================================
NOTES:
# LAST OF SEVERAL OCCURRENCES
COLUMN 17 PEAK WIND IN M.P.H.
PRELIMINARY LOCAL CLIMATOLOGICAL DATA (WS FORM: F-6) , PAGE 2
STATION: GREYBULL WY
MONTH: JUNE
YEAR: 2023
LATITUDE: 44 30 N
LONGITUDE: 108 4 W
[TEMPERATURE DATA] [PRECIPITATION DATA] SYMBOLS USED IN COLUMN 16
AVERAGE MONTHLY: 65.7 TOTAL FOR MONTH: 3.72 1 = FOG OR MIST
DPTR FM NORMAL: -1.3 DPTR FM NORMAL: 2.64 2 = FOG REDUCING VISIBILITY
HIGHEST: 90 ON 6 GRTST 24HR 1.21 ON 22-23 TO 1/4 MILE OR LESS
LOWEST: 47 ON 17 3 = THUNDER
SNOW, ICE PELLETS, HAIL 4 = ICE PELLETS
TOTAL MONTH: M 5 = HAIL
GRTST 24HR M ON M 6 = FREEZING RAIN OR DRIZZLE
GRTST DEPTH: M ON M 7 = DUSTSTORM OR SANDSTORM:
VSBY 1/2 MILE OR LESS
8 = SMOKE OR HAZE
[NO. OF DAYS WITH] [WEATHER - DAYS WITH] 9 = BLOWING SNOW
X = TORNADO
MAX 32 OR BELOW: 0 0.01 INCH OR MORE: 19
MAX 90 OR ABOVE: 1 0.10 INCH OR MORE: 8
MIN 32 OR BELOW: 0 0.50 INCH OR MORE: 3
MIN 0 OR BELOW: 0 1.00 INCH OR MORE: 0
[HDD (BASE 65) ]
TOTAL THIS MO. 39 CLEAR (SCALE 0-3) 13
DPTR FM NORMAL -23 PTCLDY (SCALE 4-7) 15
TOTAL FM JUL 1 7731 CLOUDY (SCALE 8-10) 2
DPTR FM NORMAL 183
[CDD (BASE 65) ]
TOTAL THIS MO. 68
DPTR FM NORMAL -54 [PRESSURE DATA]
TOTAL FM JAN 1 101 HIGHEST SLP 30.19 ON 16
DPTR FM NORMAL -45 LOWEST SLP 29.38 ON 18
[REMARKS]
#FINAL-06-23#