000
CXUS53 KIND 010600
CF6GEZ
PRELIMINARY LOCAL CLIMATOLOGICAL DATA (WS FORM: F-6)
STATION: SHELBYVILLE IN
MONTH: MARCH
YEAR: 2023
LATITUDE: 39 35 N
LONGITUDE: 85 48 W
TEMPERATURE IN F: :PCPN: SNOW: WIND :SUNSHINE: SKY :PK WND
================================================================================
1 2 3 4 5 6A 6B 7 8 9 10 11 12 13 14 15 16 17 18
12Z AVG MX 2MIN
DY MAX MIN AVG DEP HDD CDD WTR SNW DPTH SPD SPD DIR MIN PSBL S-S WX SPD DR
================================================================================
1 79 41 60 22 5 0 0.00 M M 11.0 22 260 M M 0 29 260
2 55 37 46 8 19 0 0.00 M M 8.1 16 360 M M 0 22 350
3 50 38 44 5 21 0 2.21 M M 20.1 37 70 M M 8 13 49 70
4 57 34 46 7 19 0 0.00 M M 7.0 23 290 M M 3 18 31 300
5 60 35 48 9 17 0 0.00 M M 6.5 15 110 M M 0 18 20 120
6 76 40 58 18 7 0 0.00 M M 12.0 23 210 M M 2 31 220
7 52 37 45 5 20 0 T M M 13.5 24 330 M M 5 32 330
8 53 32 43 3 22 0 0.00 M M 12.8 21 90 M M 1 35 70
9 56 33 45 4 20 0 0.03 M M 14.3 22 100 M M 6 28 60
10 44 38 41 0 24 0 0.01 M M 13.8 26 270 M M 10 18 36 270
11 49 33 41 0 24 0 T M M 8.2 18 90 M M 5 26 90
12 41 35 38 -4 27 0 0.09 M M 8.4 21 70 M M 10 18 24 70
13 37 31 34 -8 31 0 0.02 M M 13.6 22 280 M M 10 1 30 270
14 42 27 35 -7 30 0 0.00 M M 10.4 20 310 M M 6 27 290
15 51 19 35 -8 30 0 0.00 M M 5.7 15 190 M M 0 18 20 180
16 60 32 46 3 19 0 0.05 M M 13.6 25 190 M M 5 35 190
17 56 32 44 0 21 0 0.12 M M 16.4 26 290 M M 9 1 37 280
18 32 22 27 -17 38 0 T M M 14.7 25 290 M M 8 36 310
19 39 18 29 -15 36 0 T M M 8.6 17 290 M M 2 27 240
20 53 25 39 -6 26 0 0.00 M M 11.8 23 190 M M 0 29 200
21 57 26 42 -3 23 0 0.02 M M 11.6 26 190 M M 4 1 37 200
22 55 43 49 3 16 0 0.12 M M 14.1 25 180 M M 10 18 34 180
23 73 49 61 15 4 0 0.82 M M 14.0 24 350 M M 10 13 29 230
24 49 43 46 0 19 0 2.08 M M 11.8 21 70 M M 10 13 28 70
25 56 38 47 0 18 0 0.35 M M 15.6 36 230 M M 8 1 50 240
26 65 34 50 3 15 0 T M M 9.2 21 310 M M 1 29 300
27 54 39 47 0 18 0 0.21 M M 8.9 17 310 M M 9 18 24 320
28 53 31 42 -6 23 0 0.00 M M 5.3 15 340 M M 1 19 330
29 58 31 45 -3 20 0 0.00 M M 9.0 22 240 M M 2 32 300
30 64 30 47 -1 18 0 T M M 10.3 18 170 M M 0 28 170
31 67 48 58 9 7 0 0.54 M M 17.3 45 240 M M 10 138 67 250
================================================================================
SM 1693 1051 637 0 6.67 M 357.6 M 155
================================================================================
AV 54.6 33.9 11.5 FASTST M M 5 MAX(MPH)
MISC ----> 45 240 67 250
================================================================================
NOTES:
# LAST OF SEVERAL OCCURRENCES
COLUMN 17 PEAK WIND IN M.P.H.
PRELIMINARY LOCAL CLIMATOLOGICAL DATA (WS FORM: F-6) , PAGE 2
STATION: SHELBYVILLE IN
MONTH: MARCH
YEAR: 2023
LATITUDE: 39 35 N
LONGITUDE: 85 48 W
[TEMPERATURE DATA] [PRECIPITATION DATA] SYMBOLS USED IN COLUMN 16
AVERAGE MONTHLY: 44.3 TOTAL FOR MONTH: 6.67 1 = FOG OR MIST
DPTR FM NORMAL: 1.0 DPTR FM NORMAL: 3.22 2 = FOG REDUCING VISIBILITY
HIGHEST: 79 ON 1 GRTST 24HR 2.21 ON 3- 3 TO 1/4 MILE OR LESS
LOWEST: 18 ON 19 3 = THUNDER
SNOW, ICE PELLETS, HAIL 4 = ICE PELLETS
TOTAL MONTH: M 5 = HAIL
GRTST 24HR M ON M 6 = FREEZING RAIN OR DRIZZLE
GRTST DEPTH: M ON M 7 = DUSTSTORM OR SANDSTORM:
VSBY 1/2 MILE OR LESS
8 = SMOKE OR HAZE
[NO. OF DAYS WITH] [WEATHER - DAYS WITH] 9 = BLOWING SNOW
X = TORNADO
MAX 32 OR BELOW: 1 0.01 INCH OR MORE: 14
MAX 90 OR ABOVE: 0 0.10 INCH OR MORE: 8
MIN 32 OR BELOW: 13 0.50 INCH OR MORE: 4
MIN 0 OR BELOW: 0 1.00 INCH OR MORE: 2
[HDD (BASE 65) ]
TOTAL THIS MO. 637 CLEAR (SCALE 0-3) 13
DPTR FM NORMAL -39 PTCLDY (SCALE 4-7) 8
TOTAL FM JUL 1 3906 CLOUDY (SCALE 8-10) 10
DPTR FM NORMAL -685
[CDD (BASE 65) ]
TOTAL THIS MO. 0
DPTR FM NORMAL -3 [PRESSURE DATA]
TOTAL FM JAN 1 0 HIGHEST SLP M ON M
DPTR FM NORMAL -3 LOWEST SLP 28.87 ON 3
[REMARKS]
#FINAL-03-23#