000
CXUS53 KFGF 010815
CF6GFK
PRELIMINARY LOCAL CLIMATOLOGICAL DATA (WS FORM: F-6)
STATION: GRAND FORKS INTL AP ND
MONTH: JULY
YEAR: 2020
LATITUDE: 47 57 N
LONGITUDE: 97 11 W
TEMPERATURE IN F: :PCPN: SNOW: WIND :SUNSHINE: SKY :PK WND
================================================================================
1 2 3 4 5 6A 6B 7 8 9 10 11 12 13 14 15 16 17 18
12Z AVG MX 2MIN
DY MAX MIN AVG DEP HDD CDD WTR SNW DPTH SPD SPD DIR MIN PSBL S-S WX SPD DR
================================================================================
1 83 66 75 7 0 10 1.39 0.0 0 9.7 23 120 M M 6 13 29 100
2 91 68 80 12 0 15 0.00 0.0 0 11.9 21 140 M M 2 30 150
3 91 73 82 14 0 17 0.00 0.0 0 6.8 17 80 M M 5 23 90
4 89 64 77 9 0 12 1.59 0.0 0 10.4 37 360 M M 6 135 49 10
5 90 70 80 12 0 15 T 0.0 0 8.1 16 250 M M 5 22 240
6 85 66 76 8 0 11 T 0.0 0 4.2 10 350 M M 5 14 360
7 85 63 74 6 0 9 0.00 0.0 0 6.2 16 110 M M 2 22 110
8 85 66 76 8 0 11 0.46 0.0 0 8.0 26 50 M M 6 13 33 90
9 78 63 71 3 0 6 0.00 0.0 0 13.1 26 270 M M 4 37 300
10 83 60 72 4 0 7 0.00 0.0 0 4.6 12 330 M M 4 16 330
11 83 60 72 4 0 7 0.02 0.0 0 4.3 17 10 M M 5 23 360
12 85 59 72 3 0 7 0.00 0.0 0 8.8 15 150 M M 3 21 150
13 83 66 75 6 0 10 0.20 0.0 M 13.2 24 150 M M 6 1 37 150
14 80 59 70 1 0 5 0.00 0.0 0 10.8 23 260 M M 4 34 260
15 84 58 71 2 0 6 0.00 0.0 M 10.9 22 260 M M 3 32 260
16 84 60 72 3 0 7 0.00 0.0 0 8.9 21 310 M M 4 29 310
17 91 58 75 6 0 10 1.09 0.0 M 14.5 46 330 M M 5 13 60 330
18 81 61 71 2 0 6 0.00 0.0 0 9.6 20 280 M M 4 27 280
19 76 58 67 -2 0 2 0.00 0.0 M 11.5 23 310 M M 3 31 300
20 77 54 66 -3 0 1 0.18 0.0 0 3.9 10 80 M M 6 1 15 60
21 72 57 65 -4 0 0 0.28 0.0 0 5.4 14 50 M M 8 1 19 50
22 76 52 64 -5 1 0 0.00 0.0 0 7.5 18 150 M M 2 24 120
23 83 60 72 3 0 7 0.00 0.0 0 15.2 25 160 M M 5 36 160
24 94 71 83 14 0 18 0.43 0.0 0 13.7 43 240 M M 6 13 62 240
25 90 68 79 10 0 14 0.69 0.0 0 7.3 36 290 M M 5 13 48 280
26 80 61 71 2 0 6 0.00 0.0 0 10.4 23 300 M M 2 32 280
27 82 59 71 2 0 6 0.00 0.0 M 10.2 21 320 M M 2 28 330
28 83 59 71 2 0 6 0.00 0.0 0 8.1 17 320 M M 2 25 320
29 81 55 68 -1 0 3 0.00 0.0 M 3.9 10 40 M M 4 14 40
30 85 57 71 2 0 6 0.00 0.0 0 3.4 7 160 M M 3 10 130
31 84 62 73 4 0 8 0.37 0.0 M 8.3 20 180 M M 5 13 27 170
================================================================================
SM 2594 1913 1 248 6.70 0.0 272.8 M 132
================================================================================
AV 83.7 61.7 8.8 FASTST M M 4 MAX(MPH)
MISC ----> 46 330 62 240
================================================================================
NOTES:
# LAST OF SEVERAL OCCURRENCES
COLUMN 17 PEAK WIND IN M.P.H.
PRELIMINARY LOCAL CLIMATOLOGICAL DATA (WS FORM: F-6) , PAGE 2
STATION: GRAND FORKS INTL AP ND
MONTH: JULY
YEAR: 2020
LATITUDE: 47 57 N
LONGITUDE: 97 11 W
[TEMPERATURE DATA] [PRECIPITATION DATA] SYMBOLS USED IN COLUMN 16
AVERAGE MONTHLY: 72.7 TOTAL FOR MONTH: 6.70 1 = FOG OR MIST
DPTR FM NORMAL: 4.1 DPTR FM NORMAL: 3.55 2 = FOG REDUCING VISIBILITY
HIGHEST: 94 ON 24 GRTST 24HR 5.65 ON 30- 1 TO 1/4 MILE OR LESS
LOWEST: 52 ON 22 3 = THUNDER
SNOW, ICE PELLETS, HAIL 4 = ICE PELLETS
TOTAL MONTH: 0.0 INCH 5 = HAIL
GRTST 24HR 0.0 6 = FREEZING RAIN OR DRIZZLE
GRTST DEPTH: 0 7 = DUSTSTORM OR SANDSTORM:
VSBY 1/2 MILE OR LESS
8 = SMOKE OR HAZE
[NO. OF DAYS WITH] [WEATHER - DAYS WITH] 9 = BLOWING SNOW
X = TORNADO
MAX 32 OR BELOW: 0 0.01 INCH OR MORE: 11
MAX 90 OR ABOVE: 6 0.10 INCH OR MORE: 10
MIN 32 OR BELOW: 0 0.50 INCH OR MORE: 4
MIN 0 OR BELOW: 0 1.00 INCH OR MORE: 3
[HDD (BASE 65) ]
TOTAL THIS MO. 1 CLEAR (SCALE 0-3) 8
DPTR FM NORMAL -27 PTCLDY (SCALE 4-7) 23
TOTAL FM JUL 1 1 CLOUDY (SCALE 8-10) 0
DPTR FM NORMAL -31
[CDD (BASE 65) ]
TOTAL THIS MO. 248
DPTR FM NORMAL 107 [PRESSURE DATA]
TOTAL FM JAN 1 409 HIGHEST SLP M ON M
DPTR FM NORMAL 176 LOWEST SLP 29.54 ON 17
[REMARKS]
#FINAL-07-20#