000
CXUS54 KSHV 011300
CF6GGG
PRELIMINARY LOCAL CLIMATOLOGICAL DATA (WS FORM: F-6)
STATION: LONGVIEW
MONTH: MARCH
YEAR: 2021
LATITUDE: 32 22 N
LONGITUDE: 94 43 W
TEMPERATURE IN F: :PCPN: SNOW: WIND :SUNSHINE: SKY :PK WND
================================================================================
1 2 3 4 5 6A 6B 7 8 9 10 11 12 13 14 15 16 17 18
12Z AVG MX 2MIN
DY MAX MIN AVG DEP HDD CDD WTR SNW DPTH SPD SPD DIR MIN PSBL S-S WX SPD DR
================================================================================
1 56 45 51 -3 14 0 1.30 0.0 0 9.2 21 40 M M 10 13 28 50
2 60 39 50 -4 15 0 T 0.0 0 5.8 14 70 M M 4 17 340
3 67 34 51 -3 14 0 0.00 0.0 0 3.8 9 130 M M 0 12 120
4 71 36 54 -1 11 0 0.00 0.0 0 4.4 14 140 M M 0 18 150
5 57 46 52 -3 13 0 0.10 0.0 0 6.5 15 50 M M 8 18 20 50
6 64 41 53 -2 12 0 0.00 0.0 0 6.5 16 90 M M 1 20 50
7 67 35 51 -5 14 0 0.00 0.0 0 4.8 14 100 M M 0 19 100
8 71 35 53 -3 12 0 0.00 0.0 0 6.0 16 160 M M 0 23 170
9 73 48 61 5 4 0 0.00 0.0 0 11.4 21 180 M M 5 27 170
10 79 57 68 12 0 3 T 0.0 0 14.1 26 170 M M 6 37 170
11 78 67 73 16 0 8 0.00 0.0 0 13.3 24 190 M M 8 32 170
12 79 64 72 15 0 7 0.00 0.0 0 10.1 18 160 M M 9 23 160
13 80 58 69 12 0 4 0.00 0.0 0 9.1 25 170 M M 4 1 33 170
14 72 50 61 4 4 0 0.30 0.0 0 8.0 21 280 M M 7 1 29 280
15 81 42 62 4 3 0 0.00 0.0 0 5.8 18 220 M M 2 1 22 200
16 83 55 69 11 0 4 T 0.0 0 7.5 21 160 M M 5 18 26 160
17 73 49 61 3 4 0 0.75 0.0 0 15.5 28 290 M M 6 13 38 270
18 57 46 52 -6 13 0 0.00 0.0 0 15.1 29 310 M M 7 37 290
19 58 41 50 -8 15 0 0.00 0.0 0 5.8 14 330 M M 7 16 340
20 63 36 50 -9 15 0 0.00 0.0 0 5.2 14 80 M M 0 19 90
21 69 37 53 -6 12 0 0.00 0.0 0 5.5 17 140 M M 1 12 24 150
22 69 46 58 -1 7 0 0.01 0.0 0 10.4 24 130 M M 6 3 36 130
23 75 51 63 4 2 0 0.66 0.0 0 8.0 26 210 M M 2 3 33 210
24 77 45 61 1 4 0 0.00 0.0 0 6.7 18 140 M M 5 12 24 120
25 72 49 61 1 4 0 0.02 0.0 0 7.5 24 300 M M 6 30 300
26 79 44 62 2 3 0 0.00 0.0 0 4.7 15 140 M M 0 19 130
27 79 58 69 9 0 4 0.43 0.0 0 5.3 20 320 M M 9 138 25 320
28 70 45 58 -2 7 0 0.00 0.0 0 9.0 20 330 M M 1 26 330
29 73 39 56 -4 9 0 0.00 0.0 0 6.0 12 160 M M 0 12 25 160
30 80 55 68 7 0 3 0.01 0.0 0 8.2 20 180 M M 7 26 200
31 69 38 54 -7 11 0 0.02 0.0 0 8.4 21 40 M M 6 1 33 10
================================================================================
SM 2201 1431 222 33 3.60 0.0 247.6 M 132
================================================================================
AV 71.0 46.2 8.0 FASTST M M 4 MAX(MPH)
MISC ----> 29 310 38 270
================================================================================
NOTES:
# LAST OF SEVERAL OCCURRENCES
COLUMN 17 PEAK WIND IN M.P.H.
PRELIMINARY LOCAL CLIMATOLOGICAL DATA (WS FORM: F-6) , PAGE 2
STATION: LONGVIEW
MONTH: MARCH
YEAR: 2021
LATITUDE: 32 22 N
LONGITUDE: 94 43 W
[TEMPERATURE DATA] [PRECIPITATION DATA] SYMBOLS USED IN COLUMN 16
AVERAGE MONTHLY: 58.6 TOTAL FOR MONTH: 3.60 1 = FOG OR MIST
DPTR FM NORMAL: 1.0 DPTR FM NORMAL: -0.75 2 = FOG REDUCING VISIBILITY
HIGHEST: 83 ON 16 GRTST 24HR 1.74 ON 28- 1 TO 1/4 MILE OR LESS
LOWEST: 34 ON 3 3 = THUNDER
SNOW, ICE PELLETS, HAIL 4 = ICE PELLETS
TOTAL MONTH: 0.0 INCH 5 = HAIL
GRTST 24HR 0.0 6 = FREEZING RAIN OR DRIZZLE
GRTST DEPTH: 0 7 = DUSTSTORM OR SANDSTORM:
VSBY 1/2 MILE OR LESS
8 = SMOKE OR HAZE
[NO. OF DAYS WITH] [WEATHER - DAYS WITH] 9 = BLOWING SNOW
X = TORNADO
MAX 32 OR BELOW: 0 0.01 INCH OR MORE: 10
MAX 90 OR ABOVE: 0 0.10 INCH OR MORE: 6
MIN 32 OR BELOW: 0 0.50 INCH OR MORE: 3
MIN 0 OR BELOW: 0 1.00 INCH OR MORE: 1
[HDD (BASE 65) ]
TOTAL THIS MO. 222 CLEAR (SCALE 0-3) 12
DPTR FM NORMAL -33 PTCLDY (SCALE 4-7) 16
TOTAL FM JUL 1 2147 CLOUDY (SCALE 8-10) 3
DPTR FM NORMAL -13
[CDD (BASE 65) ]
TOTAL THIS MO. 33
DPTR FM NORMAL 6 [PRESSURE DATA]
TOTAL FM JAN 1 39 HIGHEST SLP 30.48 ON 8
DPTR FM NORMAL 0 LOWEST SLP 29.58 ON 25
[REMARKS]
#FINAL-03-21#