976
CXUS55 KGGW 010910
CF6GGW
PRELIMINARY LOCAL CLIMATOLOGICAL DATA (WS FORM: F-6)
STATION: GLASGOW MT
MONTH: FEBRUARY
YEAR: 2021
LATITUDE: 48 13 N
LONGITUDE: 106 37 W
TEMPERATURE IN F: :PCPN: SNOW: WIND :SUNSHINE: SKY :PK WND
================================================================================
1 2 3 4 5 6A 6B 7 8 9 10 11 12 13 14 15 16 17 18
12Z AVG MX 2MIN
DY MAX MIN AVG DEP HDD CDD WTR SNW DPTH SPD SPD DIR MIN PSBL S-S WX SPD DR
================================================================================
1 46 15 31 15 34 0 0.00 0.0 0 9.5 16 100 M M 0 19 100
2 60 25 43 27 22 0 0.00 0.0 0 9.1 14 120 M M 1 16 110
3 36 4 20 4 45 0 0.04 0.5 T 15.9 29 360 M M 5 18 41 360
4 20 0 10 -6 55 0 0.01 0.1 T 6.5 12 330 M M 4 18 16 340
5 18 -6 6 -10 59 0 0.02 0.2 T 10.8 20 10 M M 8 26 10
6 -1 -17 -9 -26 74 0 T T T 8.0 17 340 M M 5 8 22 350
7 -3 -22 -12 -29 77 0 0.03 0.3 1 6.3 13 80 M M 6 8 17 310
8 -5 -24 -14 -31 79 0 0.00 0.0 1 8.4 18 300 M M 4 23 310
9 -3 -23 -13 -30 78 0 0.00 0.0 1 12.0 23 310 M M 0 29 280
10 -5 -25 -15 -33 80 0 T T 1 8.4 17 320 M M 4 8 23 330
11 -10 -24 -17 -35 82 0 T T 1 11.8 22 310 M M 7 8 28 300
12 -4 -25 -14 -32 79 0 T T 1 9.0 17 310 M M 7 8 22 300
13 -4 -27 -15 -33 80 0 T T 1 4.0 12 30 M M 2 8 12 350
14 -1 -28 -14 -33 79 0 0.00 0.0 1 9.4 17 150 M M 0 21 170
15 13 -9 2 -17 63 0 T T 1 18.3 25 110 M M 7 33 120
16 13 4 9 -10 56 0 T T 1 6.1 18 100 M M 10 23 110
17 15 -2 7 -13 58 0 T T 1 7.4 20 310 M M 8 8 24 310
18 25 -8 9 -11 56 0 T T 1 7.0 14 120 M M 1 19 250
19 38 2 20 0 45 0 0.00 0.0 1 10.0 15 120 M M 2 19 120
20 41 10 26 5 39 0 0.00 0.0 1 8.7 20 260 M M 0 26 260
21 46 19 33 12 32 0 0.00 0.0 1 11.9 26 250 M M 0 35 270
22 50 35 43 21 22 0 0.00 0.0 0 13.8 44 300 M M 3 56 310
23 42 31 37 15 28 0 T T 0 13.0 28 330 M M 8 1 38 320
24 34 19 27 5 38 0 T T 0 8.9 17 300 M M 4 23 300
25 42 16 29 6 36 0 0.00 0.0 0 10.5 29 250 M M 3 40 250
26 46 23 35 12 30 0 0.00 0.0 0 10.8 24 290 M M 2 30 290
27 26 13 20 -4 45 0 T T 0 9.1 16 30 M M 8 20 20
28 44 7 26 2 39 0 0.00 0.0 0 11.3 25 280 M M 1 37 280
================================================================================
SM 619 -17 1510 0 0.10 1.1 275.9 M 110
================================================================================
AV 22.1 -0.6 9.9 FASTST M M 4 MAX(MPH)
MISC ----> 44 300 56 310
================================================================================
NOTES:
# LAST OF SEVERAL OCCURRENCES
COLUMN 17 PEAK WIND IN M.P.H.
PRELIMINARY LOCAL CLIMATOLOGICAL DATA (WS FORM: F-6) , PAGE 2
STATION: GLASGOW MT
MONTH: FEBRUARY
YEAR: 2021
LATITUDE: 48 13 N
LONGITUDE: 106 37 W
[TEMPERATURE DATA] [PRECIPITATION DATA] SYMBOLS USED IN COLUMN 16
AVERAGE MONTHLY: 10.8 TOTAL FOR MONTH: 0.10 1 = FOG OR MIST
DPTR FM NORMAL: -8.5 DPTR FM NORMAL: -0.16 2 = FOG REDUCING VISIBILITY
HIGHEST: 60 ON 2 GRTST 24HR 0.04 ON 3- 3 TO 1/4 MILE OR LESS
LOWEST: -28 ON 14 3 = THUNDER
SNOW, ICE PELLETS, HAIL 4 = ICE PELLETS
TOTAL MONTH: 1.1 INCHES 5 = HAIL
GRTST 24HR 0.5 ON 3- 3 6 = FREEZING RAIN OR DRIZZLE
GRTST DEPTH: 1 ON 21,20 7 = DUSTSTORM OR SANDSTORM:
VSBY 1/2 MILE OR LESS
8 = SMOKE OR HAZE
[NO. OF DAYS WITH] [WEATHER - DAYS WITH] 9 = BLOWING SNOW
X = TORNADO
MAX 32 OR BELOW: 16 0.01 INCH OR MORE: 4
MAX 90 OR ABOVE: 0 0.10 INCH OR MORE: 0
MIN 32 OR BELOW: 27 0.50 INCH OR MORE: 0
MIN 0 OR BELOW: 14 1.00 INCH OR MORE: 0
[HDD (BASE 65) ]
TOTAL THIS MO. 1510 CLEAR (SCALE 0-3) 13
DPTR FM NORMAL 229 PTCLDY (SCALE 4-7) 13
TOTAL FM JUL 1 5796 CLOUDY (SCALE 8-10) 2
DPTR FM NORMAL -574
[CDD (BASE 65) ]
TOTAL THIS MO. 0
DPTR FM NORMAL 0 [PRESSURE DATA]
TOTAL FM JAN 1 0 HIGHEST SLP M ON M
DPTR FM NORMAL 0 LOWEST SLP 29.52 ON 23
[REMARKS]
#FINAL-02-21#