000
CXUS55 KGJT 031150
CF6GJT
PRELIMINARY LOCAL CLIMATOLOGICAL DATA (WS FORM: F-6)
STATION: GRAND JUNCTION CO
MONTH: JANUARY
YEAR: 2022
LATITUDE: 39 7 N
LONGITUDE: 108 32 W
TEMPERATURE IN F: :PCPN: SNOW: WIND :SUNSHINE: SKY :PK WND
================================================================================
1 2 3 4 5 6A 6B 7 8 9 10 11 12 13 14 15 16 17 18
12Z AVG MX 2MIN
DY MAX MIN AVG DEP HDD CDD WTR SNW DPTH SPD SPD DIR MIN PSBL S-S WX SPD DR
================================================================================
1 25 1 13 -13 52 0 0.00 0.0 4 5.8 16 350 M M 5 19 350
2 20 0 10 -16 55 0 0.00 0.0 3 4.9 16 80 M M 0 18 110
3 21 -2 10 -16 55 0 0.00 0.0 3 2.9 8 70 M M 0 9 80
4 24 6 15 -11 50 0 0.00 0.0 3 3.3 8 60 M M 0 9 50
5 30 6 18 -8 47 0 0.00 0.0 3 1.6 9 250 M M 2 18 12 270
6 40 16 28 2 37 0 0.00 0.0 3 3.8 12 120 M M 6 18 13 120
7 40 20 30 4 35 0 0.00 0.0 2 2.2 9 320 M M 0 18 11 240
8 42 25 34 8 31 0 0.03 T 1 4.6 13 240 M M 4 16 17 250
9 41 20 31 5 34 0 0.00 0.0 T 4.5 14 80 M M 0 16 120
10 36 19 28 1 37 0 0.00 0.0 T 5.4 15 110 M M 0 17 130
11 38 16 27 0 38 0 0.00 0.0 T 3.1 10 310 M M 0 13 110
12 43 18 31 4 34 0 0.00 0.0 T 5.7 15 110 M M 0 16 110
13 42 20 31 4 34 0 0.00 0.0 T 3.8 10 310 M M 0 12 160
14 43 20 32 5 33 0 0.00 0.0 T 6.1 15 360 M M 2 1 18 360
15 42 19 31 4 34 0 0.00 0.0 T 4.7 17 120 M M 0 19 120
16 39 17 28 1 37 0 0.00 0.0 T 3.9 8 80 M M 0 11 80
17 37 17 27 -1 38 0 0.00 0.0 T 3.8 10 310 M M 0 12 320
18 40 20 30 2 35 0 0.00 0.0 T 3.0 9 330 M M 1 11 350
19 39 21 30 2 35 0 0.00 0.0 0 3.5 12 10 M M 1 14 10
20 42 20 31 3 34 0 0.00 0.0 0 4.2 10 110 M M 3 12 110
21 34 25 30 2 35 0 0.11 1.3 0 3.5 12 100 M M 9 1 14 140
22 45 23 34 6 31 0 0.00 0.0 T 5.7 15 120 M M 3 1 16 120
23 45 22 34 5 31 0 0.00 0.0 0 5.1 16 120 M M 0 18 110
24 40 20 30 1 35 0 0.00 0.0 0 5.2 10 150 M M 1 13 150
25 42 24 33 4 32 0 0.00 0.0 0 5.4 14 20 M M 6 16 20
26 38 18 28 -1 37 0 0.00 0.0 0 4.4 16 130 M M 0 18 130
27 37 19 28 -2 37 0 0.00 0.0 0 5.5 17 10 M M 3 21 10
28 39 16 28 -2 37 0 0.00 0.0 0 5.4 14 160 M M 0 17 150
29 39 15 27 -3 38 0 0.00 0.0 0 5.7 16 130 M M 0 19 130
30 41 15 28 -2 37 0 0.00 0.0 0 5.1 15 140 M M 0 17 130
31 42 17 30 -1 35 0 0.00 0.0 0 4.3 15 110 M M 0 18 110
================================================================================
SM 1166 513 1170 0 0.14 1.3 136.1 M 46
================================================================================
AV 37.6 16.5 4.4 FASTST M M 1 MAX(MPH)
MISC ----> # 17 120 21 10
================================================================================
NOTES:
# LAST OF SEVERAL OCCURRENCES
COLUMN 17 PEAK WIND IN M.P.H.
PRELIMINARY LOCAL CLIMATOLOGICAL DATA (WS FORM: F-6) , PAGE 2
STATION: GRAND JUNCTION CO
MONTH: JANUARY
YEAR: 2022
LATITUDE: 39 7 N
LONGITUDE: 108 32 W
[TEMPERATURE DATA] [PRECIPITATION DATA] SYMBOLS USED IN COLUMN 16
AVERAGE MONTHLY: 27.1 TOTAL FOR MONTH: 0.14 1 = FOG OR MIST
DPTR FM NORMAL: -0.6 DPTR FM NORMAL: -0.47 2 = FOG REDUCING VISIBILITY
HIGHEST: 45 ON 23,22 GRTST 24HR 0.42 ON 31- 1 TO 1/4 MILE OR LESS
LOWEST: -2 ON 3 3 = THUNDER
SNOW, ICE PELLETS, HAIL 4 = ICE PELLETS
TOTAL MONTH: 5.6 INCHES 5 = HAIL
GRTST 24HR 1.3 ON 21-21 6 = FREEZING RAIN OR DRIZZLE
GRTST DEPTH: 4 ON 1 7 = DUSTSTORM OR SANDSTORM:
VSBY 1/2 MILE OR LESS
8 = SMOKE OR HAZE
[NO. OF DAYS WITH] [WEATHER - DAYS WITH] 9 = BLOWING SNOW
X = TORNADO
MAX 32 OR BELOW: 5 0.01 INCH OR MORE: 2
MAX 90 OR ABOVE: 0 0.10 INCH OR MORE: 1
MIN 32 OR BELOW: 31 0.50 INCH OR MORE: 0
MIN 0 OR BELOW: 2 1.00 INCH OR MORE: 0
[HDD (BASE 65) ]
TOTAL THIS MO. 1170 CLEAR (SCALE 0-3) 26
DPTR FM NORMAL 14 PTCLDY (SCALE 4-7) 4
TOTAL FM JUL 1 3253 CLOUDY (SCALE 8-10) 1
DPTR FM NORMAL -230
[CDD (BASE 65) ]
TOTAL THIS MO. 0
DPTR FM NORMAL 0 [PRESSURE DATA]
TOTAL FM JAN 1 0 HIGHEST SLP 30.83 ON 10
DPTR FM NORMAL 0 LOWEST SLP 29.61 ON 1
[REMARKS]
#FINAL-01-22#