000
CXUS54 KHGX 011410
CF6GLS
PRELIMINARY LOCAL CLIMATOLOGICAL DATA (WS FORM: F-6)
STATION: GALVESTON
MONTH: MARCH
YEAR: 2023
LATITUDE: 29 16 N
LONGITUDE: 94 52 W
TEMPERATURE IN F: :PCPN: SNOW: WIND :SUNSHINE: SKY :PK WND
================================================================================
1 2 3 4 5 6A 6B 7 8 9 10 11 12 13 14 15 16 17 18
12Z AVG MX 2MIN
DY MAX MIN AVG DEP HDD CDD WTR SNW DPTH SPD SPD DIR MIN PSBL S-S WX SPD DR
================================================================================
1 79 71 75 13 0 10 0.00 0.0 0 13.0 22 140 M M 6 18 30 140
2 78 72 75 13 0 10 0.00 0.0 0 16.4 25 150 M M 9 18 37 260
3 76 60 68 6 0 3 0.01 0.0 0 14.1 30 280 M M 2 1 47 310
4 71 58 65 2 0 0 0.00 0.0 0 8.5 13 120 M M 0 27 40
5 74 60 67 4 0 2 0.00 0.0 0 8.6 14 120 M M 0 20 100
6 77 67 72 9 0 7 0.00 0.0 0 9.2 14 170 M M 8 128 17 140
7 79 70 75 12 0 10 T 0.0 0 8.7 15 130 M M 8 128 19 140
8 79 69 74 10 0 9 0.00 0.0 0 8.7 15 100 M M 8 128 19 100
9 78 68 73 9 0 8 T 0.0 0 8.8 14 150 M M M 18 170
10 79 70 75 11 0 10 0.00 0.0 0 6.7 13 170 M M 5 128 28 150
11 80 72 76 12 0 11 0.00 0.0 0 14.7 24 180 M M 6 18 33 180
12 88 64 76 12 0 11 0.00 0.0 0 16.8 30 340 M M 7 18 38 330
13 69 56 63 -1 2 0 0.00 0.0 0 17.2 29 30 M M 1 38 30
14 66 57 62 -3 3 0 T 0.0 0 15.4 23 60 M M 4 32 50
15 70 54 62 -3 3 0 0.00 0.0 0 13.7 21 140 M M 3 27 100
16 78 68 73 8 0 8 T 0.0 0 17.6 23 170 M M 9 31 150
17 72 50 61 -4 4 0 1.75 0.0 0 23.3 35 350 M M 7 13 47 320
18 56 48 52 -14 13 0 T 0.0 0 17.2 29 10 M M 9 42 360
19 58 46 52 -14 13 0 0.00 0.0 0 13.8 28 360 M M 3 46 10
20 62 48 55 -11 10 0 0.00 0.0 0 12.5 22 140 M M 6 28 90
21 74 62 68 2 0 3 T 0.0 0 16.0 23 150 M M 9 30 150
22 77 67 72 6 0 7 0.00 0.0 0 12.4 18 170 M M 8 18 27 170
23 78 68 73 6 0 8 0.00 0.0 0 12.0 20 170 M M 10 1 27 140
24 76 69 73 6 0 8 0.01 0.0 0 14.2 20 200 M M 9 128 27 190
25 86 67 77 10 0 12 0.00 0.0 0 6.3 16 360 M M 3 12 20 10
26 79 67 73 6 0 8 0.01 0.0 0 8.0 15 160 M M 7 128 19 160
27 80 71 76 8 0 11 0.14 0.0 0 6.2 13 40 M M 10 1238 17 50
28 76 68 72 4 0 7 0.12 0.0 0 15.6 26 350 M M 5 13 36 340
29 70 62 66 -2 0 1 T 0.0 0 15.0 24 30 M M 7 31 30
30 76 68 72 4 0 7 0.00 0.0 0 13.3 20 130 M M 10 18 27 130
31 78 71 75 7 0 10 0.00 0.0 0 13.4 28 170 M M 9 18 36 160
================================================================================
SM 2319 1968 48 181 2.04 0.0 397.3 M 188
================================================================================
AV 74.8 63.5 12.8 FASTST M M 6 MAX(MPH)
MISC ----> 35 350 # 47 310
================================================================================
NOTES:
# LAST OF SEVERAL OCCURRENCES
COLUMN 17 PEAK WIND IN M.P.H.
PRELIMINARY LOCAL CLIMATOLOGICAL DATA (WS FORM: F-6) , PAGE 2
STATION: GALVESTON
MONTH: MARCH
YEAR: 2023
LATITUDE: 29 16 N
LONGITUDE: 94 52 W
[TEMPERATURE DATA] [PRECIPITATION DATA] SYMBOLS USED IN COLUMN 16
AVERAGE MONTHLY: 69.1 TOTAL FOR MONTH: 2.04 1 = FOG OR MIST
DPTR FM NORMAL: 3.9 DPTR FM NORMAL: -0.98 2 = FOG REDUCING VISIBILITY
HIGHEST: 88 ON 12 GRTST 24HR 1.75 ON 16-17 TO 1/4 MILE OR LESS
LOWEST: 46 ON 19 3 = THUNDER
SNOW, ICE PELLETS, HAIL 4 = ICE PELLETS
TOTAL MONTH: 0.0 INCH 5 = HAIL
GRTST 24HR 0.0 6 = FREEZING RAIN OR DRIZZLE
GRTST DEPTH: 0 7 = DUSTSTORM OR SANDSTORM:
VSBY 1/2 MILE OR LESS
8 = SMOKE OR HAZE
[NO. OF DAYS WITH] [WEATHER - DAYS WITH] 9 = BLOWING SNOW
X = TORNADO
MAX 32 OR BELOW: 0 0.01 INCH OR MORE: 6
MAX 90 OR ABOVE: 0 0.10 INCH OR MORE: 3
MIN 32 OR BELOW: 0 0.50 INCH OR MORE: 1
MIN 0 OR BELOW: 0 1.00 INCH OR MORE: 1
[HDD (BASE 65) ]
TOTAL THIS MO. 48 CLEAR (SCALE 0-3) 7
DPTR FM NORMAL -30 PTCLDY (SCALE 4-7) 13
TOTAL FM JUL 1 728 CLOUDY (SCALE 8-10) 11
DPTR FM NORMAL -146
[CDD (BASE 65) ]
TOTAL THIS MO. 181
DPTR FM NORMAL 97 [PRESSURE DATA]
TOTAL FM JAN 1 295 HIGHEST SLP 30.55 ON 19
DPTR FM NORMAL 174 LOWEST SLP 29.39 ON 2
[REMARKS]
#FINAL-03-23#