000
CXUS54 KHGX 011510
CF6GLS
PRELIMINARY LOCAL CLIMATOLOGICAL DATA (WS FORM: F-6)
STATION: GALVESTON
MONTH: NOVEMBER
YEAR: 2023
LATITUDE: 29 16 N
LONGITUDE: 94 52 W
TEMPERATURE IN F: :PCPN: SNOW: WIND :SUNSHINE: SKY :PK WND
================================================================================
1 2 3 4 5 6A 6B 7 8 9 10 11 12 13 14 15 16 17 18
12Z AVG MX 2MIN
DY MAX MIN AVG DEP HDD CDD WTR SNW DPTH SPD SPD DIR MIN PSBL S-S WX SPD DR
================================================================================
1 60 48 54 -16 11 0 0.00 0.0 0 12.5 22 20 M M 0 28 20
2 65 50 58 -12 7 0 0.00 0.0 0 7.7 16 40 M M 0 21 30
3 74 56 65 -4 0 0 0.00 0.0 0 7.4 14 100 M M 2 18 120
4 78 67 73 4 0 8 0.00 0.0 0 8.2 15 100 M M 2 20 100
5 79 67 73 4 0 8 0.00 0.0 0 6.3 12 140 M M 1 17 40
6 80 66 73 5 0 8 0.00 0.0 0 7.1 15 160 M M 0 1 20 160
7 82 68 75 7 0 10 0.00 0.0 0 10.1 18 180 M M 1 24 180
8 82 72 77 9 0 12 0.00 0.0 0 9.4 17 180 M M 1 23 190
9 82 71 77 10 0 12 0.16 0.0 0 7.3 15 110 M M 5 1 19 110
10 72 58 65 -2 0 0 0.32 0.0 0 14.0 22 350 M M 10 1 29 10
11 62 57 60 -7 5 0 0.00 0.0 0 12.2 18 360 M M 10 24 360
12 65 60 63 -3 2 0 0.09 0.0 0 11.7 18 20 M M 9 1 24 30
13 65 61 63 -3 2 0 0.80 0.0 0 17.0 24 60 M M 10 1 33 60
14 68 61 65 -1 0 0 0.00 0.0 0 13.2 20 20 M M 10 25 10
15 69 60 65 -1 0 0 0.00 0.0 0 12.4 20 30 M M 3 27 40
16 65 60 63 -2 2 0 T 0.0 0 5.4 14 30 M M 10 1 18 10
17 72 63 68 3 0 3 0.00 0.0 0 3.0 13 180 M M 5 8 20 100
18 73 62 68 3 0 3 0.00 0.0 0 8.1 16 10 M M 4 21 20
19 73 61 67 3 0 2 0.00 0.0 0 9.2 16 110 M M 3 1 21 130
20 80 69 75 11 0 10 0.00 0.0 0 12.0 23 330 M M 5 32 330
21 69 53 61 -3 4 0 0.00 0.0 0 22.4 32 330 M M 2 46 350
22 58 50 54 -10 11 0 0.00 0.0 0 7.9 17 340 M M 0 22 340
23 58 51 55 -8 10 0 0.07 0.0 0 4.5 9 50 M M 7 12 40
24 66 55 61 -2 4 0 0.00 0.0 0 9.4 16 30 M M 6 20 30
25 66 54 60 -3 5 0 0.00 0.0 0 11.4 20 70 M M 6 8 28 70
26 66 50 58 -5 7 0 0.00 0.0 0 18.2 28 340 M M 6 41 350
27 56 46 51 -11 14 0 0.00 0.0 0 14.5 25 20 M M 2 32 20
28 61 50 56 -6 9 0 0.00 0.0 0 9.8 21 30 M M 5 26 20
29 69 51 60 -2 5 0 0.00 0.0 0 9.9 17 110 M M 6 8 24 100
30 73 65 69 7 0 4 3.93 0.0 0 14.6 39 200 M M 10 123 56 170
================================================================================
SM 2088 1762 98 80 5.37 0.0 316.8 M 141
================================================================================
AV 69.6 58.7 10.6 FASTST M M 5 MAX(MPH)
MISC ----> 39 200 56 170
================================================================================
NOTES:
# LAST OF SEVERAL OCCURRENCES
COLUMN 17 PEAK WIND IN M.P.H.
PRELIMINARY LOCAL CLIMATOLOGICAL DATA (WS FORM: F-6) , PAGE 2
STATION: GALVESTON
MONTH: NOVEMBER
YEAR: 2023
LATITUDE: 29 16 N
LONGITUDE: 94 52 W
[TEMPERATURE DATA] [PRECIPITATION DATA] SYMBOLS USED IN COLUMN 16
AVERAGE MONTHLY: 64.2 TOTAL FOR MONTH: 5.37 1 = FOG OR MIST
DPTR FM NORMAL: -1.3 DPTR FM NORMAL: 1.09 2 = FOG REDUCING VISIBILITY
HIGHEST: 82 ON 9, 8 GRTST 24HR 3.93 ON 30-30 TO 1/4 MILE OR LESS
LOWEST: 46 ON 27 3 = THUNDER
SNOW, ICE PELLETS, HAIL 4 = ICE PELLETS
TOTAL MONTH: 0.0 INCH 5 = HAIL
GRTST 24HR 0.0 6 = FREEZING RAIN OR DRIZZLE
GRTST DEPTH: 0 7 = DUSTSTORM OR SANDSTORM:
VSBY 1/2 MILE OR LESS
8 = SMOKE OR HAZE
[NO. OF DAYS WITH] [WEATHER - DAYS WITH] 9 = BLOWING SNOW
X = TORNADO
MAX 32 OR BELOW: 0 0.01 INCH OR MORE: 6
MAX 90 OR ABOVE: 0 0.10 INCH OR MORE: 4
MIN 32 OR BELOW: 0 0.50 INCH OR MORE: 2
MIN 0 OR BELOW: 0 1.00 INCH OR MORE: 1
[HDD (BASE 65) ]
TOTAL THIS MO. 98 CLEAR (SCALE 0-3) 13
DPTR FM NORMAL 10 PTCLDY (SCALE 4-7) 10
TOTAL FM JUL 1 118 CLOUDY (SCALE 8-10) 7
DPTR FM NORMAL 22
[CDD (BASE 65) ]
TOTAL THIS MO. 80
DPTR FM NORMAL -25 [PRESSURE DATA]
TOTAL FM JAN 1 3928 HIGHEST SLP 30.45 ON 1
DPTR FM NORMAL 388 LOWEST SLP 29.68 ON 30
[REMARKS]
#FINAL-11-23#