000
CXUS54 KLIX 010810
CF6GPT
PRELIMINARY LOCAL CLIMATOLOGICAL DATA (WS FORM: F-6)
STATION: GULFPORT
MONTH: JUNE
YEAR: 2023
LATITUDE: 30 23 N
LONGITUDE: 89 4 W
TEMPERATURE IN F: :PCPN: SNOW: WIND :SUNSHINE: SKY :PK WND
================================================================================
1 2 3 4 5 6A 6B 7 8 9 10 11 12 13 14 15 16 17 18
12Z AVG MX 2MIN
DY MAX MIN AVG DEP HDD CDD WTR SNW DPTH SPD SPD DIR MIN PSBL S-S WX SPD DR
================================================================================
1 90 69 80 1 0 15 T 0.0 M 6.9 17 120 M M 3 23 130
2 89 71 80 1 0 15 0.00 0.0 M 5.2 13 80 M M 1 26 40
3 92 70 81 2 0 16 T 0.0 M 4.0 16 320 M M 1 3 23 320
4 94 68 81 1 0 16 0.17 0.0 M 5.7 25 100 M M 2 13 35 100
5 86 71 79 -1 0 14 0.00 0.0 M 7.6 21 130 M M 2 3 29 130
6 84 69 77 -3 0 12 0.00 0.0 M 4.8 16 130 M M 2 38 20 130
7 88 70 79 -1 0 14 0.00 0.0 M 4.0 13 180 M M 2 3 19 180
8 91 70 81 1 0 16 0.46 0.0 M 3.5 24 300 M M 2 138 31 310
9 92 68 80 0 0 15 0.69 0.0 M 4.8 18 170 M M 2 13 26 160
10 90 72 81 1 0 16 0.00 0.0 M 5.7 16 340 M M 2 38 25 340
11 91 74 83 2 0 18 0.00 0.0 M 5.5 14 200 M M 0 23 190
12 92 73 83 2 0 18 0.05 0.0 M 6.2 31 350 M M 1 13 49 330
13 92 73 83 2 0 18 0.00 0.0 M 5.7 16 170 M M 2 23 160
14 93 84 89 8 0 24 0.00 0.0 M 9.8 20 240 M M 2 33 210
15 93 84 89 8 0 24 T 0.0 M 8.3 20 220 M M 4 33 220
16 89 79 84 3 0 19 0.00 0.0 M 7.8 21 150 M M 5 3 26 160
17 95 74 85 4 0 20 T 0.0 M 5.6 22 60 M M 4 3 34 40
18 95 80 88 7 0 23 0.01 0.0 M 6.2 24 140 M M 3 3 33 180
19 96 74 85 3 0 20 0.36 0.0 M 8.1 26 140 M M 5 13 37 110
20 81 72 77 -5 0 12 2.20 0.0 M 4.4 17 300 M M 4 13 27 290
21 93 72 83 1 0 18 0.00 0.0 M 5.8 13 200 M M 4 23 190
22 91 74 83 1 0 18 0.04 0.0 M 3.7 17 70 M M 2 13 22 70
23 92 73 83 1 0 18 0.00 0.0 M 3.8 13 340 M M 1 17 170
24 90 70 80 -2 0 15 0.00 0.0 M 6.2 17 140 M M 0 23 150
25 95 80 88 6 0 23 0.00 0.0 M 5.8 14 200 M M 2 3 22 200
26 97 74 86 4 0 21 0.12 0.0 M 5.8 29 340 M M 2 13 41 360
27 98 77 88 6 0 23 0.00 0.0 M 6.0 15 270 M M 2 3 20 270
28 100 78 89 7 0 24 0.00 0.0 M 5.6 14 330 M M 0 21 340
29 97 82 90 8 0 25 0.00 0.0 M 4.6 13 150 M M 0 18 150
30 97 80 89 7 0 24 0.00 0.0 M 3.6 12 140 M M 1 19 180
================================================================================
SM 2763 2225 0 554 4.10 0.0 170.7 M 63
================================================================================
AV 92.1 74.2 5.7 FASTST M M 2 MAX(MPH)
MISC ----> 31 350 49 330
================================================================================
NOTES:
# LAST OF SEVERAL OCCURRENCES
COLUMN 17 PEAK WIND IN M.P.H.
PRELIMINARY LOCAL CLIMATOLOGICAL DATA (WS FORM: F-6) , PAGE 2
STATION: GULFPORT
MONTH: JUNE
YEAR: 2023
LATITUDE: 30 23 N
LONGITUDE: 89 4 W
[TEMPERATURE DATA] [PRECIPITATION DATA] SYMBOLS USED IN COLUMN 16
AVERAGE MONTHLY: 83.1 TOTAL FOR MONTH: 4.10 1 = FOG OR MIST
DPTR FM NORMAL: 2.2 DPTR FM NORMAL: -2.79 2 = FOG REDUCING VISIBILITY
HIGHEST: 100 ON 28 GRTST 24HR 2.56 ON 19-20 TO 1/4 MILE OR LESS
LOWEST: 68 ON 9, 4 3 = THUNDER
SNOW, ICE PELLETS, HAIL 4 = ICE PELLETS
TOTAL MONTH: 0.0 INCH 5 = HAIL
GRTST 24HR 0.0 6 = FREEZING RAIN OR DRIZZLE
GRTST DEPTH: M ON M 7 = DUSTSTORM OR SANDSTORM:
VSBY 1/2 MILE OR LESS
8 = SMOKE OR HAZE
[NO. OF DAYS WITH] [WEATHER - DAYS WITH] 9 = BLOWING SNOW
X = TORNADO
MAX 32 OR BELOW: 0 0.01 INCH OR MORE: 9
MAX 90 OR ABOVE: 24 0.10 INCH OR MORE: 6
MIN 32 OR BELOW: 0 0.50 INCH OR MORE: 2
MIN 0 OR BELOW: 0 1.00 INCH OR MORE: 1
[HDD (BASE 65) ]
TOTAL THIS MO. 0 CLEAR (SCALE 0-3) 23
DPTR FM NORMAL 0 PTCLDY (SCALE 4-7) 7
TOTAL FM JUL 1 1039 CLOUDY (SCALE 8-10) 0
DPTR FM NORMAL -468
[CDD (BASE 65) ]
TOTAL THIS MO. 554
DPTR FM NORMAL 76 [PRESSURE DATA]
TOTAL FM JAN 1 1332 HIGHEST SLP M ON M
DPTR FM NORMAL 350 LOWEST SLP 29.71 ON 19
[REMARKS]
#FINAL-06-23#