000
CXUS53 KGID 011113
CF6GRI
PRELIMINARY LOCAL CLIMATOLOGICAL DATA (WS FORM: F-6)
STATION: GRAND ISLAND NE
MONTH: MARCH
YEAR: 2021
LATITUDE: 40 58 N
LONGITUDE: 98 19 W
TEMPERATURE IN F: :PCPN: SNOW: WIND :SUNSHINE: SKY :PK WND
================================================================================
1 2 3 4 5 6A 6B 7 8 9 10 11 12 13 14 15 16 17 18
12Z AVG MX 2MIN
DY MAX MIN AVG DEP HDD CDD WTR SNW DPTH SPD SPD DIR MIN PSBL S-S WX SPD DR
================================================================================
1 51 27 39 5 26 0 0.00 0.0 T 9.5 17 330 M M 0 24 230
2 68 33 51 17 14 0 0.00 0.0 0 12.8 26 210 M M 0 34 250
3 67 27 47 13 18 0 0.00 0.0 0 5.5 13 130 M M 0 16 120
4 67 30 49 14 16 0 0.00 0.0 0 8.9 18 110 M M 0 24 120
5 60 29 45 10 20 0 0.00 0.0 0 5.3 10 70 M M 2 128 13 80
6 72 35 54 18 11 0 0.00 0.0 0 10.6 20 180 M M 0 29 210
7 71 40 56 20 9 0 0.00 0.0 0 14.3 30 210 M M 0 40 210
8 74 37 56 20 9 0 0.00 0.0 0 12.9 28 180 M M 0 37 180
9 78 44 61 24 4 0 0.00 0.0 0 12.8 22 170 M M 0 29 170
10 60 33 47 10 18 0 0.00 0.0 0 15.1 29 210 M M 6 8 36 210
11 54 27 41 3 24 0 0.00 0.0 0 7.9 16 340 M M 0 21 320
12 54 26 40 2 25 0 0.00 0.0 0 9.6 24 100 M M 2 8 32 110
13 44 40 42 4 23 0 2.56 0.0 0 14.0 33 80 M M 10 138 43 90
14 44 39 42 3 23 0 2.75 0.0 0 22.5 41 90 M M 10 13 59 90
15 43 39 41 2 24 0 0.10 0.0 0 8.5 21 60 M M 10 1 25 70
16 46 36 41 2 24 0 0.00 0.0 0 8.7 18 330 M M 10 12 24 330
17 42 34 38 -2 27 0 0.00 0.0 0 18.1 29 360 M M 10 38 350
18 51 31 41 1 24 0 0.00 0.0 0 13.6 24 10 M M 7 32 350
19 56 25 41 1 24 0 0.00 0.0 0 9.4 20 170 M M 0 18 26 150
20 67 35 51 10 14 0 0.00 0.0 0 20.4 31 170 M M 0 41 160
21 63 43 53 12 12 0 0.00 0.0 0 17.4 35 180 M M 1 46 170
22 45 41 43 1 22 0 1.54 0.0 0 11.4 24 40 M M 9 1 34 40
23 47 38 43 1 22 0 1.40 0.0 0 16.9 31 330 M M 10 1 43 340
24 50 38 44 2 21 0 0.01 0.0 0 15.0 29 340 M M 6 38 330
25 51 39 45 2 20 0 0.00 0.0 0 4.6 12 170 M M 8 16 130
26 54 35 45 2 20 0 0.11 0.0 0 11.7 26 120 M M 4 13 43 130
27 58 32 45 1 20 0 0.18 0.0 0 14.1 30 320 M M 6 18 36 330
28 69 29 49 5 16 0 0.00 0.0 0 9.7 23 220 M M 0 31 220
29 80 46 63 19 2 0 0.00 0.0 0 17.8 44 360 M M 0 55 350
30 52 30 41 -3 24 0 0.00 0.0 0 15.5 32 360 M M 5 46 360
31 52 23 38 -7 27 0 0.00 0.0 0 10.4 28 340 M M 1 37 330
================================================================================
SM 1790 1061 583 0 8.65 0.0 384.9 M 117
================================================================================
AV 57.7 34.2 12.4 FASTST M M 4 MAX(MPH)
MISC ----> 44 360 59 90
================================================================================
NOTES:
# LAST OF SEVERAL OCCURRENCES
COLUMN 17 PEAK WIND IN M.P.H.
PRELIMINARY LOCAL CLIMATOLOGICAL DATA (WS FORM: F-6) , PAGE 2
STATION: GRAND ISLAND NE
MONTH: MARCH
YEAR: 2021
LATITUDE: 40 58 N
LONGITUDE: 98 19 W
[TEMPERATURE DATA] [PRECIPITATION DATA] SYMBOLS USED IN COLUMN 16
AVERAGE MONTHLY: 46.0 TOTAL FOR MONTH: 8.65 1 = FOG OR MIST
DPTR FM NORMAL: 6.6 DPTR FM NORMAL: 6.85 2 = FOG REDUCING VISIBILITY
HIGHEST: 80 ON 29 GRTST 24HR 4.85 ON 13-14 TO 1/4 MILE OR LESS
LOWEST: 23 ON 31 3 = THUNDER
SNOW, ICE PELLETS, HAIL 4 = ICE PELLETS
TOTAL MONTH: 0.0 INCH 5 = HAIL
GRTST 24HR 0.0 6 = FREEZING RAIN OR DRIZZLE
GRTST DEPTH: T 7 = DUSTSTORM OR SANDSTORM:
VSBY 1/2 MILE OR LESS
8 = SMOKE OR HAZE
[NO. OF DAYS WITH] [WEATHER - DAYS WITH] 9 = BLOWING SNOW
X = TORNADO
MAX 32 OR BELOW: 0 0.01 INCH OR MORE: 8
MAX 90 OR ABOVE: 0 0.10 INCH OR MORE: 7
MIN 32 OR BELOW: 12 0.50 INCH OR MORE: 4
MIN 0 OR BELOW: 0 1.00 INCH OR MORE: 4
[HDD (BASE 65) ]
TOTAL THIS MO. 583 CLEAR (SCALE 0-3) 17
DPTR FM NORMAL -213 PTCLDY (SCALE 4-7) 6
TOTAL FM JUL 1 5177 CLOUDY (SCALE 8-10) 8
DPTR FM NORMAL -380
[CDD (BASE 65) ]
TOTAL THIS MO. 0
DPTR FM NORMAL 0 [PRESSURE DATA]
TOTAL FM JAN 1 0 HIGHEST SLP 30.57 ON 31
DPTR FM NORMAL 0 LOWEST SLP 29.40 ON 29
[REMARKS]
#FINAL-03-21#