000
CXUS53 KIWX 010910
CF6GSH
PRELIMINARY LOCAL CLIMATOLOGICAL DATA (WS FORM: F-6)
STATION: GOSHEN
MONTH: FEBRUARY
YEAR: 2024
LATITUDE: 41 31 N
LONGITUDE: 85 47 W
TEMPERATURE IN F: :PCPN: SNOW: WIND :SUNSHINE: SKY :PK WND
================================================================================
1 2 3 4 5 6A 6B 7 8 9 10 11 12 13 14 15 16 17 18
12Z AVG MX 2MIN
DY MAX MIN AVG DEP HDD CDD WTR SNW DPTH SPD SPD DIR MIN PSBL S-S WX SPD DR
================================================================================
1 50 31 41 16 24 0 0.00 M M 9.2 17 350 M M 3 1 21 240
2 41 25 33 8 32 0 0.00 M M 6.3 15 50 M M 4 12 19 60
3 38 25 32 7 33 0 0.00 M M 7.3 15 100 M M 4 1 18 110
4 46 24 35 10 30 0 0.00 M M 6.3 14 80 M M 5 128 17 90
5 51 23 37 11 28 0 0.00 M M 4.7 12 40 M M 0 1 14 40
6 43 24 34 8 31 0 0.00 M M 4.7 12 140 M M 5 18 16 140
7 47 24 36 10 29 0 0.00 M M 5.5 12 150 M M 0 1 15 150
8 59 38 49 23 16 0 T M M 14.6 25 190 M M 3 35 200
9 63 41 52 26 13 0 0.07 M M 14.0 23 230 M M 5 35 210
10 50 28 39 13 26 0 0.00 M M 8.0 17 290 M M 4 25 290
11 42 21 32 5 33 0 T M M 3.7 13 340 M M 3 1 16 350
12 42 19 31 4 34 0 0.00 0.0 M 3.4 14 340 M M 0 1 17 340
13 40 23 32 5 33 0 T M M 7.8 18 270 M M 5 1 24 300
14 43 18 31 4 34 0 0.00 M M 3.0 10 140 M M 1 16 15 130
15 42 29 36 8 29 0 0.13 M M 14.9 31 310 M M 5 1 45 290
16 30 23 27 -1 38 0 0.02 M M 7.2 15 320 M M 7 1 24 330
17 24 14 19 -9 46 0 0.01 M M 16.3 25 220 M M 6 1 35 250
18 38 15 27 -1 38 0 0.00 M M 14.1 24 250 M M 0 35 230
19 44 18 31 2 34 0 0.00 M M 4.9 12 230 M M 0 1 17 230
20 53 22 38 9 27 0 0.00 0.0 M 7.2 16 200 M M 0 1 23 200
21 61 37 49 20 16 0 0.00 0.0 0 11.9 25 210 M M 2 34 210
22 55 34 45 15 20 0 0.35 M M 4.2 13 230 M M 7 1 16 240
23 50 30 40 10 25 0 0.13 M M 9.2 20 300 M M 3 1 26 300
24 32 18 25 -5 40 0 0.01 M M 9.0 18 40 M M 3 1 26 40
25 53 26 40 9 25 0 0.00 M M 12.6 23 210 M M 2 31 220
26 65 30 48 17 17 0 0.00 M M 8.0 15 170 M M 0 24 180
27 70 55 63 31 2 0 0.00 M M 16.4 25 210 M M 5 38 190
28 61 21 41 9 24 0 0.02 M M 19.0 35 270 M M 6 1 44 300
29 39 17 28 -4 37 0 0.00 M M 9.1 16 260 M M 0 23 260
================================================================================
SM 1372 753 814 0 0.74 0.0 262.5 M 88
================================================================================
AV 47.3 26.0 9.1 FASTST M M 3 MAX(MPH)
MISC ----> 35 270 45 290
================================================================================
NOTES:
# LAST OF SEVERAL OCCURRENCES
COLUMN 17 PEAK WIND IN M.P.H.
PRELIMINARY LOCAL CLIMATOLOGICAL DATA (WS FORM: F-6) , PAGE 2
STATION: GOSHEN
MONTH: FEBRUARY
YEAR: 2024
LATITUDE: 41 31 N
LONGITUDE: 85 47 W
[TEMPERATURE DATA] [PRECIPITATION DATA] SYMBOLS USED IN COLUMN 16
AVERAGE MONTHLY: 36.6 TOTAL FOR MONTH: 0.74 1 = FOG OR MIST
DPTR FM NORMAL: 8.7 DPTR FM NORMAL: -0.85 2 = FOG REDUCING VISIBILITY
HIGHEST: 70 ON 27 GRTST 24HR 0.35 ON 22-22 TO 1/4 MILE OR LESS
LOWEST: 14 ON 17 3 = THUNDER
SNOW, ICE PELLETS, HAIL 4 = ICE PELLETS
TOTAL MONTH: 0.0 INCH 5 = HAIL
GRTST 24HR 0.0 6 = FREEZING RAIN OR DRIZZLE
GRTST DEPTH: 0 7 = DUSTSTORM OR SANDSTORM:
VSBY 1/2 MILE OR LESS
8 = SMOKE OR HAZE
[NO. OF DAYS WITH] [WEATHER - DAYS WITH] 9 = BLOWING SNOW
X = TORNADO
MAX 32 OR BELOW: 3 0.01 INCH OR MORE: 8
MAX 90 OR ABOVE: 0 0.10 INCH OR MORE: 3
MIN 32 OR BELOW: 24 0.50 INCH OR MORE: 0
MIN 0 OR BELOW: 0 1.00 INCH OR MORE: 0
[HDD (BASE 65) ]
TOTAL THIS MO. 814 CLEAR (SCALE 0-3) 14
DPTR FM NORMAL -226 PTCLDY (SCALE 4-7) 15
TOTAL FM JUL 1 3681 CLOUDY (SCALE 8-10) 0
DPTR FM NORMAL -1002
[CDD (BASE 65) ]
TOTAL THIS MO. 0
DPTR FM NORMAL 0 [PRESSURE DATA]
TOTAL FM JAN 1 0 HIGHEST SLP 30.52 ON 29
DPTR FM NORMAL 0 LOWEST SLP 29.23 ON 28
[REMARKS]
#FINAL-02-24#