000
CXGM50 PGUM 010623
CF6GSN
PRELIMINARY LOCAL CLIMATOLOGICAL DATA (WS FORM: F-6)
STATION: SAIPAN/ISLEY_(CGS) MP
MONTH: NOVEMBER
YEAR: 2023
LATITUDE: 15 7 N
LONGITUDE: 145-44 E
TEMPERATURE IN F: :PCPN: SNOW: WIND :SUNSHINE: SKY :PK WND
================================================================================
1 2 3 4 5 6A 6B 7 8 9 10 11 12 13 14 15 16 17 18
12Z AVG MX 2MIN
DY MAX MIN AVG DEP HDD CDD WTR SNW DPTH SPD SPD DIR MIN PSBL S-S WX SPD DR
================================================================================
1 89 80 85 3 0 20 0.02 0.0 0 10.6 17 90 M M 3 22 90
2 88 78 83 1 0 18 0.27 0.0 0 10.0 20 90 M M 3 26 90
3 87 79 83 1 0 18 0.25 0.0 0 10.9 23 90 M M 3 29 60
4 89 79 84 2 0 19 0.13 0.0 0 14.1 22 80 M M 4 28 90
5 88 79 84 2 0 19 0.14 0.0 0 13.2 20 80 M M 4 25 80
6 88 80 84 2 0 19 0.00 0.0 0 11.1 16 70 M M 2 22 80
7 89 78 84 2 0 19 0.22 0.0 0 10.6 18 60 M M 3 25 60
8 88 80 84 2 0 19 0.01 0.0 0 12.1 17 60 M M 3 23 70
9 89 81 85 3 0 20 T 0.0 0 15.0 22 70 M M 3 29 70
10 88 80 84 2 0 19 T 0.0 0 13.0 22 70 M M 4 30 80
11 89 79 84 2 0 19 0.08 0.0 0 14.9 25 80 M M 5 36 70
12 89 81 85 3 0 20 0.01 0.0 0 16.9 24 70 M M 5 32 70
13 89 82 86 4 0 21 0.02 0.0 0 15.1 22 70 M M 3 29 70
14 88 80 84 2 0 19 0.08 0.0 0 17.7 24 70 M M 3 31 80
15 88 29 59 -23 6 0 0.02 0.0 0 18.0 24 70 M M 4 33 80
16 89 80 85 3 0 20 0.03 0.0 0 15.4 23 80 M M 5 30 80
17 89 78 84 2 0 19 0.06 0.0 0 15.0 21 100 M M 4 28 90
18 86 77 82 0 0 17 1.90 0.0 0 12.0 30 90 M M 6 3 41 80
19 88 77 83 1 0 18 0.76 0.0 0 16.2 26 100 M M 7 3 37 90
20 87 78 83 1 0 18 0.82 0.0 0 9.0 16 130 M M 6 3 23 130
21 87 78 83 1 0 18 0.34 0.0 0 8.3 21 120 M M 6 29 120
22 88 80 84 2 0 19 T 0.0 0 12.9 20 90 M M 4 25 90
23 87 79 83 1 0 18 T 0.0 0 12.6 18 90 M M 3 25 100
24 87 77 82 0 0 17 0.12 0.0 0 15.0 24 70 M M 5 31 70
25 87 77 82 0 0 17 0.03 0.0 0 16.2 23 80 M M 5 31 80
26 86 78 82 0 0 17 0.39 0.0 0 17.3 30 80 M M 6 3 41 80
27 87 77 82 0 0 17 0.36 0.0 0 18.3 26 70 M M 4 36 70
28 87 79 83 1 0 18 0.17 0.0 0 14.3 25 100 M M 5 41 70
29 87 80 84 2 0 19 0.01 0.0 0 17.3 25 80 M M 5 34 70
30 88 77 83 1 0 18 0.56 0.0 0 17.1 25 90 M M 7 35 60
================================================================================
SM 2636 2317 6 539 6.80 0.0 420.1 M 130
================================================================================
AV 87.9 77.2 14.0 FASTST M M 4 MAX(MPH)
MISC ----> # 30 90 # 41 80
================================================================================
NOTES:
# LAST OF SEVERAL OCCURRENCES
COLUMN 17 PEAK WIND IN M.P.H.
PRELIMINARY LOCAL CLIMATOLOGICAL DATA (WS FORM: F-6) , PAGE 2
STATION: SAIPAN/ISLEY_(CGS) MP
MONTH: NOVEMBER
YEAR: 2023
LATITUDE: 15 7 N
LONGITUDE: 145-44 E
[TEMPERATURE DATA] [PRECIPITATION DATA] SYMBOLS USED IN COLUMN 16
AVERAGE MONTHLY: 82.6 TOTAL FOR MONTH: 6.80 1 = FOG OR MIST
DPTR FM NORMAL: 0.7 DPTR FM NORMAL: 1.59 2 = FOG REDUCING VISIBILITY
HIGHEST: 89 ON 17,16 GRTST 24HR 1.90 ON 18-18 TO 1/4 MILE OR LESS
LOWEST: 29 ON 15 3 = THUNDER
SNOW, ICE PELLETS, HAIL 4 = ICE PELLETS
TOTAL MONTH: 0.0 INCH 5 = HAIL
GRTST 24HR 0.0 6 = FREEZING RAIN OR DRIZZLE
GRTST DEPTH: 0 7 = DUSTSTORM OR SANDSTORM:
VSBY 1/2 MILE OR LESS
8 = SMOKE OR HAZE
[NO. OF DAYS WITH] [WEATHER - DAYS WITH] 9 = BLOWING SNOW
X = TORNADO
MAX 32 OR BELOW: 0 0.01 INCH OR MORE: 25
MAX 90 OR ABOVE: 0 0.10 INCH OR MORE: 14
MIN 32 OR BELOW: 1 0.50 INCH OR MORE: 4
MIN 0 OR BELOW: 0 1.00 INCH OR MORE: 1
[HDD (BASE 65) ]
TOTAL THIS MO. 6 CLEAR (SCALE 0-3) 6
DPTR FM NORMAL 6 PTCLDY (SCALE 4-7) 24
TOTAL FM JUL 1 6 CLOUDY (SCALE 8-10) 0
DPTR FM NORMAL 6
[CDD (BASE 65) ]
TOTAL THIS MO. 539
DPTR FM NORMAL 32 [PRESSURE DATA]
TOTAL FM JAN 1 5988 HIGHEST SLP 30.01 ON 1
DPTR FM NORMAL 416 LOWEST SLP 29.91 ON 1
[REMARKS]
#FINAL-11-23#