000
CXUS55 KABQ 241010
CF6GUP
PRELIMINARY LOCAL CLIMATOLOGICAL DATA (WS FORM: F-6)
STATION: GALLUP NM
MONTH: APRIL
YEAR: 2024
LATITUDE: 35 30 N
LONGITUDE: 108 48 W
TEMPERATURE IN F: :PCPN: SNOW: WIND :SUNSHINE: SKY :PK WND
================================================================================
1 2 3 4 5 6A 6B 7 8 9 10 11 12 13 14 15 16 17 18
12Z AVG MX 2MIN
DY MAX MIN AVG DEP HDD CDD WTR SNW DPTH SPD SPD DIR MIN PSBL S-S WX SPD DR
================================================================================
1 44 31 38 -6 27 0 0.01 M M 4.9 18 300 M M 8 138 25 310
2 59 26 43 -1 22 0 0.00 M M 2.8 15 40 M M 2 22 40
3 68 19 44 0 21 0 0.00 M M 4.9 16 220 M M 0 27 230
4 73 21 47 3 18 0 0.00 M M 9.6 23 240 M M 0 34 210
5 67 31 49 5 16 0 0.01 M M 18.9 39 190 M M 3 1 60 230
6 45 27 36 -9 29 0 0.01 M M 18.4 37 280 M M 6 1 47 250
7 56 16 36 -9 29 0 0.00 M M 4.2 20 280 M M 0 30 260
8 53 23 38 -7 27 0 0.00 M M 4.6 20 80 M M 3 25 90
9 62 26 44 -1 21 0 0.00 M M 8.4 23 290 M M 2 31 300
10 67 16 42 -4 23 0 0.00 M M 4.7 17 310 M M 0 26 270
11 71 20 46 0 19 0 0.00 M M 3.5 15 190 M M 0 21 170
12 78 24 51 5 14 0 0.00 M M 10.2 29 220 M M 0 42 220
13 72 30 51 5 14 0 0.00 M M 7.1 23 250 M M 0 30 240
14 73 25 49 3 16 0 0.00 M M 8.3 26 240 M M 0 37 230
15 56 30 43 -4 22 0 0.00 M M 14.9 35 260 M M 2 53 240
16 68 27 48 1 17 0 0.00 M M 6.9 20 240 M M 0 27 230
17 73 26 50 3 15 0 0.00 M M 8.0 24 230 M M 0 33 210
18 74 34 54 6 11 0 0.00 M M 8.3 21 220 M M 0 27 220
19 76 30 53 5 12 0 0.00 M M 9.2 23 220 M M 0 32 230
20 76 35 56 8 9 0 0.00 M M 7.0 21 300 M M 1 31 270
21 76 28 52 4 13 0 0.00 M M 4.2 21 270 M M 0 27 280
22 79 30 55 7 10 0 0.00 M M 6.8 23 250 M M 3 37 210
23 78 36 57 8 8 0 0.00 M M 8.6 23 250 M M 0 32 250
================================================================================
SM 1544 611 413 0 0.03 M 184.4 M 30
================================================================================
AV 67.1 26.6 8.0 FASTST M M 1 MAX(MPH)
MISC ----> 39 190 60 230
================================================================================
NOTES:
# LAST OF SEVERAL OCCURRENCES
COLUMN 17 PEAK WIND IN M.P.H.
PRELIMINARY LOCAL CLIMATOLOGICAL DATA (WS FORM: F-6) , PAGE 2
STATION: GALLUP NM
MONTH: APRIL
YEAR: 2024
LATITUDE: 35 30 N
LONGITUDE: 108 48 W
[TEMPERATURE DATA] [PRECIPITATION DATA] SYMBOLS USED IN COLUMN 16
AVERAGE MONTHLY: 46.8 TOTAL FOR MONTH: 0.03 1 = FOG OR MIST
DPTR FM NORMAL: 0.8 DPTR FM NORMAL: -0.32 2 = FOG REDUCING VISIBILITY
HIGHEST: 79 ON 22 GRTST 24HR 0.19 ON 31- 1 TO 1/4 MILE OR LESS
LOWEST: 16 ON 10, 7 3 = THUNDER
SNOW, ICE PELLETS, HAIL 4 = ICE PELLETS
TOTAL MONTH: M 5 = HAIL
GRTST 24HR M ON M 6 = FREEZING RAIN OR DRIZZLE
GRTST DEPTH: M ON M 7 = DUSTSTORM OR SANDSTORM:
VSBY 1/2 MILE OR LESS
8 = SMOKE OR HAZE
[NO. OF DAYS WITH] [WEATHER - DAYS WITH] 9 = BLOWING SNOW
X = TORNADO
MAX 32 OR BELOW: 0 0.01 INCH OR MORE: 3
MAX 90 OR ABOVE: 0 0.10 INCH OR MORE: 0
MIN 32 OR BELOW: 20 0.50 INCH OR MORE: 0
MIN 0 OR BELOW: 0 1.00 INCH OR MORE: 0
[HDD (BASE 65) ]
TOTAL THIS MO. 413 CLEAR (SCALE 0-3) 20
DPTR FM NORMAL -20 PTCLDY (SCALE 4-7) 3
TOTAL FM JUL 1 5172 CLOUDY (SCALE 8-10) 0
DPTR FM NORMAL -470
[CDD (BASE 65) ]
TOTAL THIS MO. 0
DPTR FM NORMAL 0 [PRESSURE DATA]
TOTAL FM JAN 1 0 HIGHEST SLP M ON M
DPTR FM NORMAL 0 LOWEST SLP 29.41 ON 5
[REMARKS]