000
CXUS55 KABQ 011247
CF6GUP
PRELIMINARY LOCAL CLIMATOLOGICAL DATA (WS FORM: F-6)
STATION: GALLUP NM
MONTH: OCTOBER
YEAR: 2023
LATITUDE: 35 30 N
LONGITUDE: 108 48 W
TEMPERATURE IN F: :PCPN: SNOW: WIND :SUNSHINE: SKY :PK WND
================================================================================
1 2 3 4 5 6A 6B 7 8 9 10 11 12 13 14 15 16 17 18
12Z AVG MX 2MIN
DY MAX MIN AVG DEP HDD CDD WTR SNW DPTH SPD SPD DIR MIN PSBL S-S WX SPD DR
================================================================================
1 79 40 60 4 5 0 0.00 M M 12.8 32 210 M M 2 49 200
2 72 43 58 2 7 0 T M M 11.0 33 250 M M 3 48 250
3 69 31 50 -5 15 0 0.00 M M 5.2 15 230 M M 0 21 240
4 71 30 51 -4 14 0 0.00 M M 3.1 14 40 M M 0 20 30
5 78 28 53 -1 12 0 0.00 M M 3.2 12 10 M M 0 18 10
6 80 31 56 2 9 0 0.00 M M 4.2 14 350 M M 0 21 360
7 81 42 62 9 3 0 T M M 5.6 20 270 M M 2 25 10
8 78 39 59 6 6 0 T M M 4.2 28 310 M M 1 37 310
9 77 34 56 4 9 0 0.00 M M 4.2 24 270 M M 0 32 260
10 76 34 55 3 10 0 T M M 4.9 22 250 M M 1 37 240
11 76 39 58 6 7 0 0.00 M M 16.3 36 220 M M 1 51 230
12 63 28 46 -5 19 0 0.00 M M 10.0 24 260 M M 3 33 260
13 66 21 44 -7 21 0 0.00 M M 2.4 12 210 M M 0 16 240
14 72 26 49 -1 16 0 0.00 M M 2.5 15 20 M M 0 22 20
15 77 25 51 1 14 0 0.00 M M 2.8 12 50 M M 0 16 10
16 81 28 55 5 10 0 0.00 M M 1.6 12 230 M M 0 18 230
17 81 31 56 7 9 0 0.00 M M 2.9 17 310 M M 0 22 300
18 83 31 57 8 8 0 0.00 M M 4.5 16 310 M M 0 24 300
19 83 29 56 8 9 0 0.00 M M 3.0 15 20 M M 0 20 10
20 84 29 57 9 8 0 0.00 M M 3.1 15 290 M M 0 20 330
21 81 30 56 8 9 0 0.00 M M 4.3 22 260 M M 0 32 260
22 78 30 54 7 11 0 0.00 M M 4.9 16 240 M M 0 24 240
23 76 31 54 7 11 0 0.00 M M 5.7 23 240 M M 1 32 270
24 65 39 52 6 13 0 0.11 M M 3.3 18 240 M M 3 1 27 220
25 69 34 52 6 13 0 0.00 M M 6.2 20 230 M M 3 30 220
26 67 34 51 5 14 0 0.00 M M 7.8 22 240 M M 2 30 240
27 69 30 50 5 15 0 0.00 M M 5.6 18 250 M M 0 28 240
28 66 32 49 4 16 0 0.00 M M 11.1 31 230 M M 2 43 220
29 57 29 43 -2 22 0 0.00 M M 5.9 17 20 M M 1 28 320
30 53 15 34 -10 31 0 0.00 M M 3.9 16 10 M M 0 20 20
31 59 13 36 -8 29 0 0.00 M M 3.7 13 10 M M 0 17 10
================================================================================
SM 2267 956 395 0 0.11 M 169.9 M 25
================================================================================
AV 73.1 30.8 5.5 FASTST M M 1 MAX(MPH)
MISC ----> 36 220 51 230
================================================================================
NOTES:
# LAST OF SEVERAL OCCURRENCES
COLUMN 17 PEAK WIND IN M.P.H.
PRELIMINARY LOCAL CLIMATOLOGICAL DATA (WS FORM: F-6) , PAGE 2
STATION: GALLUP NM
MONTH: OCTOBER
YEAR: 2023
LATITUDE: 35 30 N
LONGITUDE: 108 48 W
[TEMPERATURE DATA] [PRECIPITATION DATA] SYMBOLS USED IN COLUMN 16
AVERAGE MONTHLY: 52.0 TOTAL FOR MONTH: 0.11 1 = FOG OR MIST
DPTR FM NORMAL: 2.3 DPTR FM NORMAL: -0.81 2 = FOG REDUCING VISIBILITY
HIGHEST: 84 ON 20 GRTST 24HR 0.11 ON 24-24 TO 1/4 MILE OR LESS
LOWEST: 13 ON 31 3 = THUNDER
SNOW, ICE PELLETS, HAIL 4 = ICE PELLETS
TOTAL MONTH: M 5 = HAIL
GRTST 24HR M ON M 6 = FREEZING RAIN OR DRIZZLE
GRTST DEPTH: M ON M 7 = DUSTSTORM OR SANDSTORM:
VSBY 1/2 MILE OR LESS
8 = SMOKE OR HAZE
[NO. OF DAYS WITH] [WEATHER - DAYS WITH] 9 = BLOWING SNOW
X = TORNADO
MAX 32 OR BELOW: 0 0.01 INCH OR MORE: 1
MAX 90 OR ABOVE: 0 0.10 INCH OR MORE: 1
MIN 32 OR BELOW: 21 0.50 INCH OR MORE: 0
MIN 0 OR BELOW: 0 1.00 INCH OR MORE: 0
[HDD (BASE 65) ]
TOTAL THIS MO. 395 CLEAR (SCALE 0-3) 31
DPTR FM NORMAL -78 PTCLDY (SCALE 4-7) 0
TOTAL FM JUL 1 479 CLOUDY (SCALE 8-10) 0
DPTR FM NORMAL -116
[CDD (BASE 65) ]
TOTAL THIS MO. 0
DPTR FM NORMAL 0 [PRESSURE DATA]
TOTAL FM JAN 1 602 HIGHEST SLP 30.56 ON 31
DPTR FM NORMAL 127 LOWEST SLP 29.25 ON 11
[REMARKS]
#FINAL-10-23#