481
CXUS54 KAMA 010810
CF6GUY
PRELIMINARY LOCAL CLIMATOLOGICAL DATA (WS FORM: F-6)
STATION: GUYMON
MONTH: JANUARY
YEAR: 2021
LATITUDE: 36 41 N
LONGITUDE: 101 30 W
TEMPERATURE IN F: :PCPN: SNOW: WIND :SUNSHINE: SKY :PK WND
================================================================================
1 2 3 4 5 6A 6B 7 8 9 10 11 12 13 14 15 16 17 18
12Z AVG MX 2MIN
DY MAX MIN AVG DEP HDD CDD WTR SNW DPTH SPD SPD DIR MIN PSBL S-S WX SPD DR
================================================================================
1 46 23 35 1 30 0 0.00 M M 10.3 20 340 M M 0 24 350
2 53 19 36 2 29 0 0.00 M M 5.1 13 150 M M 0 17 210
3 56 21 39 5 26 0 0.00 M M 7.1 18 320 M M 0 23 320
4 58 28 43 9 22 0 0.00 M M 8.4 22 360 M M 0 25 360
5 68 27 48 13 17 0 0.00 M M 16.8 36 210 M M 1 45 220
6 51 28 40 5 25 0 0.00 M M 18.6 33 340 M M 5 41 340
7 47 20 34 -1 31 0 0.00 M M 6.6 14 70 M M 0 17 330
8 49 24 37 2 28 0 0.00 M M 4.1 10 250 M M 6 15 250
9 35 21 28 -7 37 0 0.13 M M 6.9 12 50 M M 6 1 13 50
10 36 24 30 -5 35 0 0.10 M M 5.1 12 260 M M 10 1 14 280
11 41 17 29 -6 36 0 0.00 M M 7.0 13 240 M M 0 15 230
12 51 16 34 -1 31 0 0.00 M M 4.3 13 260 M M 0 15 260
13 65 22 44 9 21 0 0.00 M M 6.2 15 280 M M 0 18 270
14 49 33 41 5 24 0 0.00 M M 19.6 43 360 M M 3 52 360
15 45 27 36 0 29 0 0.00 M M 21.5 48 340 M M 5 8 60 350
16 56 23 40 4 25 0 0.00 M M 9.5 30 350 M M 2 37 340
17 51 30 41 5 24 0 0.00 M M 9.6 15 320 M M 4 22 340
18 53 25 39 3 26 0 0.00 M M 12.2 29 10 M M 2 36 10
19 47 22 35 -1 30 0 0.00 M M 8.9 20 350 M M 6 22 340
20 64 23 44 8 21 0 0.00 M M 14.7 29 220 M M 0 35 220
21 61 31 46 10 19 0 0.00 M M 6.0 15 60 M M 0 20 50
22 48 20 34 -2 31 0 0.00 M M 7.8 14 120 M M 0 18 130
23 66 25 46 10 19 0 0.00 M M 13.8 31 230 M M 4 1 37 220
24 44 29 37 1 28 0 0.14 M M 11.4 28 360 M M 8 1 34 10
25 38 25 32 -4 33 0 0.03 M M 9.2 20 330 M M 8 12 25 320
26 26 17 22 -14 43 0 0.07 M M 7.0 15 60 M M 7 1 19 70
27 37 11 24 -12 41 0 0.01 M M 7.5 14 150 M M 3 1 18 160
28 55 26 41 5 24 0 0.00 M M 17.7 31 210 M M 0 39 210
29 70 33 52 15 13 0 0.00 M M 14.7 25 200 M M 0 32 200
30 61 37 49 12 16 0 0.00 M M 19.8 46 350 M M 1 57 350
31 55 24 40 3 25 0 0.00 M M 11.8 28 360 M M 0 35 10
================================================================================
SM 1582 751 839 0 0.48 M 329.2 M 81
================================================================================
AV 51.0 24.2 10.6 FASTST M M 3 MAX(MPH)
MISC ----> 48 340 60 350
================================================================================
NOTES:
# LAST OF SEVERAL OCCURRENCES
COLUMN 17 PEAK WIND IN M.P.H.
PRELIMINARY LOCAL CLIMATOLOGICAL DATA (WS FORM: F-6) , PAGE 2
STATION: GUYMON
MONTH: JANUARY
YEAR: 2021
LATITUDE: 36 41 N
LONGITUDE: 101 30 W
[TEMPERATURE DATA] [PRECIPITATION DATA] SYMBOLS USED IN COLUMN 16
AVERAGE MONTHLY: 37.6 TOTAL FOR MONTH: 0.48 1 = FOG OR MIST
DPTR FM NORMAL: 2.0 DPTR FM NORMAL: 0.08 2 = FOG REDUCING VISIBILITY
HIGHEST: 70 ON 29 GRTST 24HR 0.24 ON 24-25 TO 1/4 MILE OR LESS
LOWEST: 11 ON 27 3 = THUNDER
SNOW, ICE PELLETS, HAIL 4 = ICE PELLETS
TOTAL MONTH: M 5 = HAIL
GRTST 24HR M ON M 6 = FREEZING RAIN OR DRIZZLE
GRTST DEPTH: M ON M 7 = DUSTSTORM OR SANDSTORM:
VSBY 1/2 MILE OR LESS
8 = SMOKE OR HAZE
[NO. OF DAYS WITH] [WEATHER - DAYS WITH] 9 = BLOWING SNOW
X = TORNADO
MAX 32 OR BELOW: 1 0.01 INCH OR MORE: 6
MAX 90 OR ABOVE: 0 0.10 INCH OR MORE: 3
MIN 32 OR BELOW: 28 0.50 INCH OR MORE: 0
MIN 0 OR BELOW: 0 1.00 INCH OR MORE: 0
[HDD (BASE 65) ]
TOTAL THIS MO. 839 CLEAR (SCALE 0-3) 19
DPTR FM NORMAL -72 PTCLDY (SCALE 4-7) 10
TOTAL FM JUL 1 2550 CLOUDY (SCALE 8-10) 2
DPTR FM NORMAL -179
[CDD (BASE 65) ]
TOTAL THIS MO. 0
DPTR FM NORMAL 0 [PRESSURE DATA]
TOTAL FM JAN 1 0 HIGHEST SLP M ON M
DPTR FM NORMAL 0 LOWEST SLP 29.39 ON 30
[REMARKS]
#FINAL-01-21#