000
CXUS52 KFFC 011010
CF6GVL
PRELIMINARY LOCAL CLIMATOLOGICAL DATA (WS FORM: F-6)
STATION: GAINESVILLE
MONTH: OCTOBER
YEAR: 2021
LATITUDE: 34 16 N
LONGITUDE: 83 50 W
TEMPERATURE IN F: :PCPN: SNOW: WIND :SUNSHINE: SKY :PK WND
================================================================================
1 2 3 4 5 6A 6B 7 8 9 10 11 12 13 14 15 16 17 18
12Z AVG MX 2MIN
DY MAX MIN AVG DEP HDD CDD WTR SNW DPTH SPD SPD DIR MIN PSBL S-S WX SPD DR
================================================================================
1 83 65 74 6 0 9 0.00 M M 5.5 13 90 M M 1 1 18 100
2 80 67 74 7 0 9 0.00 M M 2.8 8 140 M M 5 1 13 200
3 78 64 71 4 0 6 0.24 M M 2.7 9 210 M M 7 13 13 200
4 77 66 72 6 0 7 1.85 M M 4.1 22 20 M M 8 123 36 10
5 71 66 69 3 0 4 1.20 M M 6.8 14 80 M M 10 13 21 100
6 74 68 71 5 0 6 1.53 M M 7.6 17 100 M M 10 1 33 110
7 75 68 72 7 0 7 0.77 M M 6.0 12 80 M M 10 1 22 140
8 80 65 73 8 0 8 0.62 M M 4.6 13 60 M M 7 1 16 60
9 82 62 72 8 0 7 0.00 M M 2.8 10 80 M M 3 12 14 20
10 82 60 71 7 0 6 0.00 M M 3.3 10 90 M M 2 15 90
11 78 63 71 7 0 6 0.00 M M 5.7 12 80 M M 4 16 90
12 76 62 69 6 0 4 0.00 M M 3.7 9 310 M M 7 18 13 310
13 82 60 71 8 0 6 0.00 M M 1.7 8 140 M M 3 12 12 150
14 82 63 73 10 0 8 0.00 M M 2.0 9 230 M M 0 1 13 230
15 82 62 72 10 0 7 0.00 M M 3.9 12 280 M M 1 12 18 230
16 72 53 63 1 2 0 0.00 M M 11.0 21 280 M M 2 38 280
17 70 46 58 -4 7 0 0.00 M M 5.8 14 310 M M 0 20 280
18 72 45 59 -2 6 0 0.00 M M 2.9 9 250 M M 0 13 230
19 74 46 60 -1 5 0 0.00 M M 1.7 12 270 M M 0 16 270
20 76 49 63 3 2 0 0.00 M M 3.7 10 280 M M 0 15 300
21 73 54 64 4 1 0 0.27 M M 3.7 18 270 M M 5 138 30 260
22 72 54 63 3 2 0 0.00 M M 8.6 15 260 M M 1 1 21 260
23 75 48 62 3 3 0 0.00 0.0 M 3.5 9 270 M M 0 12 320
24 74 49 62 3 3 0 0.00 0.0 M 3.1 8 110 M M 0 12 120
25 75 56 66 7 0 1 0.04 0.0 M 6.2 20 290 M M 4 37 310
26 68 48 58 0 7 0 0.00 0.0 M 11.6 20 320 M M 1 38 320
27 71 42 57 -1 8 0 0.00 0.0 M 3.5 8 270 M M 0 11 330
28 54 50 52 -6 13 0 0.54 M M 10.8 21 100 M M 8 12 35 110
29 54 49 52 -5 13 0 0.31 M M 5.2 14 240 M M 10 12 22 240
30 58 49 54 -3 11 0 0.06 M M 9.8 17 260 M M 10 1 24 260
31 64 51 58 2 7 0 0.00 M M 10.4 18 330 M M 3 25 340
================================================================================
SM 2284 1750 90 101 7.43 0.0 164.7 M 122
================================================================================
AV 73.7 56.5 5.3 FASTST M M 4 MAX(MPH)
MISC ----> 22 20 # 38 280
================================================================================
NOTES:
# LAST OF SEVERAL OCCURRENCES
COLUMN 17 PEAK WIND IN M.P.H.
PRELIMINARY LOCAL CLIMATOLOGICAL DATA (WS FORM: F-6) , PAGE 2
STATION: GAINESVILLE
MONTH: OCTOBER
YEAR: 2021
LATITUDE: 34 16 N
LONGITUDE: 83 50 W
[TEMPERATURE DATA] [PRECIPITATION DATA] SYMBOLS USED IN COLUMN 16
AVERAGE MONTHLY: 65.1 TOTAL FOR MONTH: 7.43 1 = FOG OR MIST
DPTR FM NORMAL: 3.2 DPTR FM NORMAL: 3.58 2 = FOG REDUCING VISIBILITY
HIGHEST: 83 ON 1 GRTST 24HR 2.88 ON 4- 5 TO 1/4 MILE OR LESS
LOWEST: 42 ON 27 3 = THUNDER
SNOW, ICE PELLETS, HAIL 4 = ICE PELLETS
TOTAL MONTH: 0.0 INCH 5 = HAIL
GRTST 24HR 0.0 6 = FREEZING RAIN OR DRIZZLE
GRTST DEPTH: M ON M 7 = DUSTSTORM OR SANDSTORM:
VSBY 1/2 MILE OR LESS
8 = SMOKE OR HAZE
[NO. OF DAYS WITH] [WEATHER - DAYS WITH] 9 = BLOWING SNOW
X = TORNADO
MAX 32 OR BELOW: 0 0.01 INCH OR MORE: 11
MAX 90 OR ABOVE: 0 0.10 INCH OR MORE: 9
MIN 32 OR BELOW: 0 0.50 INCH OR MORE: 6
MIN 0 OR BELOW: 0 1.00 INCH OR MORE: 3
[HDD (BASE 65) ]
TOTAL THIS MO. 90 CLEAR (SCALE 0-3) 17
DPTR FM NORMAL -53 PTCLDY (SCALE 4-7) 8
TOTAL FM JUL 1 94 CLOUDY (SCALE 8-10) 6
DPTR FM NORMAL -59
[CDD (BASE 65) ]
TOTAL THIS MO. 101
DPTR FM NORMAL 54 [PRESSURE DATA]
TOTAL FM JAN 1 1705 HIGHEST SLP 30.30 ON 20
DPTR FM NORMAL 77 LOWEST SLP 29.48 ON 29
[REMARKS]
#FINAL-10-21#